Selezionare Mese o Anno per visualizzare Report
2018: Gen Feb Mar Apr Mag Giu Lug Ago Set Ott Nov Dic
2017: Gen Feb Mar Apr Mag Giu Lug Ago Set Ott Nov Dic
2016: Gen Feb Mar Apr Mag Giu Lug Ago Set Ott Nov Dic
2015: Gen Feb Mar Apr Mag Giu Lug Ago Set Ott Nov Dic
2014: Gen Feb Mar Apr Mag Giu Lug Ago Set Ott Nov Dic
2013: Gen Feb Mar Apr Mag Giu Lug Ago Set Ott Nov Dic
2012: Gen Feb Mar Apr Mag Giu Lug Ago Set Ott Nov Dic
2011: Gen Feb Mar Apr Mag Giu Lug Ago Set Ott Nov Dic

Report per 2011
                   Annual Climatological Summary for 2011

Name: MeteoPietrasanta   City: Pietrasanta   State: Italia
Elevation: 14 m  Lat: N 44 36' 37"   Lon: E 010 23' 20"

                  Temperature (C), Heat Base: 18,3  Cool Base: 18,3
                          Dep.  Heat  Cool                       Max  Max  Min  Min
        Mean  Mean        From  Deg   Deg                        >=   <=   <=   <=
 YR MO  Max   Min   Mean  Norm  Days  Days  Hi  Date  Low  Date 27,0  0,0  0,0 -18,0
------------------------------------------------------------------------------------
 11  1  13,4   4,7   8,3   0.0   310     0  19,3  13  -2,0   24    0    0    2    0
 11  2  15,0   4,6   8,9   0.0   262     0  19,8  18  -1,2   24    0    0    1    0
 11  3  17,5   6,3  11,1   0.0   222     0  35,0   2  -0,9    8    1    0    1    0
 11  4  23,0  10,3  16,1   0.0    68     1  28,3  11   6,0   16    1    0    0    0
 11  5  27,1  13,6  20,3   0.0     3    65  33,9  25   9,5   16   14    0    0    0
 11  6  28,5  17,6  22,5   0.0     0   105  33,0   3  15,7    2   17    0    0    0
 11  7  30,4  18,7  24,1   0.0     0   179  36,4  12  15,2   25   29    0    0    0
 11  8  33,0  19,3  26,0   0.0     0   207  40,0  22  16,8   11   27    0    0    0
 11  9  31,4  18,2  24,0   0.0     0   120  34,4  13  13,1   21   20    0    0    0
 11 10  25,5  10,8  17,2   0.0    66    38  34,6   3   4,9   23   11    0    0    0
 11 11  20,7   8,4  13,5   0.0   155    11  25,3   9   2,8   18    0    0    0    0
 11 12  17,0   6,3  10,8   0.0   226     0  21,5   8  -1,1   20    0    0    1    0
------------------------------------------------------------------------------------
        23,5  11,6  16,9   0.0  1314   728  40,0 ago  -2,0  gen  120    0    5    0

                                Precipitation (mm)

              Dep.   Max        Days of Rain
              From   Obs.          Over
 YR MO Total  Norm   Day Date  0,2  2,0 20,0
---------------------------------------------
 11  1 208,5   0.0 144,9  21    16    9    1
 11  2  69,6   0.0  28,5  16    12    6    1
 11  3  83,1   0.0  17,4  13    15   10    0
 11  4  24,6   0.0  13,8  14     6    4    0
 11  5   7,2   0.0   5,4  15     5    1    0
 11  6  37,8   0.0  10,2   7    10    8    0
 11  7  33,9   0.0  26,7  19     7    3    1
 11  8   2,4   0.0   2,4   8     1    1    0
 11  9  49,2   0.0  17,1   4     4    3    0
 11 10 170,7   0.0 102,9  25     6    5    2
 11 11  37,5   0.0  18,0   5     5    4    0
 11 12 118,8   0.0  24,0  14    17    9    2
---------------------------------------------
       843,3   0.0 144,9  gen  104   63    7

                                Wind Speed (km/h)
                          Dom
 YR MO   Avg.  Hi   Date  Dir
------------------------------
 11  1   1,4  68,4   21    NE
 11  2   0,8  33,1   16     E
 11  3   1,4  37,8   15     E
 11  4   1,0  31,7   13   NNE
 11  5   1,2  30,6   15   WNW
 11  6   1,2  29,5    3   WSW
 11  7   1,5  24,5   13   WSW
 11  8   1,2  20,9    7   WNW
 11  9   0,8  36,7    4     N
 11 10   1,3  40,3   25   ENE
 11 11   1,4  37,8    6     E
 11 12   2,3  69,8   24    NE
------------------------------
         1,3  69,8  dic   NNE