Selezionare Mese o Anno per visualizzare Report
2018: Gen Feb Mar Apr Mag Giu Lug Ago Set Ott Nov Dic
2017: Gen Feb Mar Apr Mag Giu Lug Ago Set Ott Nov Dic
2016: Gen Feb Mar Apr Mag Giu Lug Ago Set Ott Nov Dic
2015: Gen Feb Mar Apr Mag Giu Lug Ago Set Ott Nov Dic
2014: Gen Feb Mar Apr Mag Giu Lug Ago Set Ott Nov Dic
2013: Gen Feb Mar Apr Mag Giu Lug Ago Set Ott Nov Dic
2012: Gen Feb Mar Apr Mag Giu Lug Ago Set Ott Nov Dic
2011: Gen Feb Mar Apr Mag Giu Lug Ago Set Ott Nov Dic

Report per 2011 Dicembre
                   Monthly Climatological Summary for dic 2011

Name: MeteoPietrasanta   City: Pietrasanta   State: Italia
Elevation: 14 m  Lat: N 44 36' 37"   Lon: E 010 23' 20"

                  Temperature (C), Rain (mm), Wind Speed (km/h)

                                      Heat  Cool        Avg
    Mean                              Deg   Deg         Wind                 Dom
Day Temp  High   Time   Low    Time   Days  Days  Rain  Speed High   Time    Dir
----------------------------------------------------------------------------------
 1  13,6  19,0   10.17  10,5   00.00   4,7   0,0   1,2   0,9  13,3   14.15     E
 2  15,5  20,2   13.52  11,8   01.42   2,9   0,1  19,5   2,3  23,4   21.20   ESE
 3  14,8  16,9   14.12  11,8   23.57   3,5   0,0  20,1   3,0  25,6   11.29     E
 4  14,6  18,3   10.55  11,8   00.26   3,7   0,0   2,1   2,6  24,5   22.08     E
 5  15,4  20,6   07.55  13,1   23.57   2,9   0,0   8,1   2,7  31,7   03.57   WSW
 6  12,0  19,0   15.05   7,3   23.55   6,2   0,0   0,3   0,6  11,2   20.39   NNE
 7  11,8  17,2   12.09   5,6   06.45   6,5   0,0   0,0   2,0  19,4   23.31     E
 8  13,8  21,5   11.36   9,8   21.39   4,8   0,3   0,0   1,1  15,8   00.20   ENE
 9  12,8  16,5   12.04   8,6   03.16   5,5   0,0   0,3   0,8  20,9   13.22   NNW
10  14,1  19,7   13.02  11,2   22.27   4,2   0,0   0,0   1,4  17,3   12.28     N
11  13,4  19,2   11.31  10,4   05.58   4,9   0,0   7,8   0,8  13,3   08.54   ENE
12  12,6  16,1   13.55   8,1   23.43   5,7   0,0  10,2   2,6  27,0   18.35     E
13  10,9  18,0   13.52   4,5   07.52   7,4   0,0   0,6   1,0  13,3   08.14    NE
14  13,6  16,1   18.17   9,2   07.57   4,7   0,0  24,0   2,0  34,2   21.42   ENE
15  14,2  19,6   17.09  11,7   04.58   4,1   0,0   0,3   2,2  29,5   11.39     W
16  14,8  15,8   13.55  13,5   01.28   3,5   0,0  11,1   6,0  37,8   21.52   WSW
17  10,0  15,2   15.32   2,7   23.39   8,3   0,0   0,0   2,7  37,8   00.08   NNW
18   5,0  10,3   14.20   1,7   05.31  13,3   0,0   0,0   0,7  12,2   23.43    NE
19   6,5  15,5   10.39   1,1   23.51  11,8   0,0   0,0   1,0  12,2   02.07    NE
20   4,9  12,9   10.58  -1,1   05.08  13,4   0,0   0,0   1,3  19,4   16.26     E
21   5,7  12,3   12.39   1,0   08.08  12,6   0,0   0,3   0,6  15,8   17.05   ENE
22   6,9  17,5   12.51   0,9   06.33  11,4   0,0   0,0   0,9   8,6   02.37    NE
23   7,8  17,1   14.57   2,2   06.25  10,5   0,0   0,0   2,4   8,6   14.25    NE
24   8,3  13,8   19.46   3,1   02.53  10,0   0,0  12,3   6,2  69,8   19.14    NE
25   9,7  17,5   15.28   4,2   23.49   8,6   0,0   0,0   5,2  33,1   19.18    NE
26   8,8  19,7   15.57   1,9   04.17   9,5   0,0   0,0   3,1   9,7   00.15    NE
27  10,6  18,7   11.22   5,0   08.06   6,8   0,0   0,0   3,6  15,8   02.17    NE
28   7,7  16,1   15.28   1,8   08.42   5,1   0,0   0,0   2,1   8,6   17.51   ENE
29   9,0  16,3   11.40   5,2   01.57   9,3   0,0   0,3   2,0  12,2   06.54   ENE
30   7,6  15,0   14.14   3,0   08.07  10,7   0,0   0,3   3,5  22,0   20.19    NE
31   8,7  16,5   11.16   2,5   07.18   9,6   0,0   0,0   3,5  22,0   00.08   ENE
----------------------------------------------------------------------------------
    10,8  21,5     8    -1,1    20   226,1   0,4 118,8   2,3  69,8    24      NE

Max >=  27,0:  0
Max <=   0,0:  0
Min <=   0,0:  1
Min <= -18,0:  0
Max Rain: 24,0 on day 14
Days of Rain: 17 (> 0,2 mm)  9 (> 2,0 mm)  2 (> 20,0 mm)
Heat Base: 18,3  Cool Base: 18,3  Method: Integration