Selezionare Mese o Anno per visualizzare Report
2018: Gen Feb Mar Apr Mag Giu Lug Ago Set Ott Nov Dic
2017: Gen Feb Mar Apr Mag Giu Lug Ago Set Ott Nov Dic
2016: Gen Feb Mar Apr Mag Giu Lug Ago Set Ott Nov Dic
2015: Gen Feb Mar Apr Mag Giu Lug Ago Set Ott Nov Dic
2014: Gen Feb Mar Apr Mag Giu Lug Ago Set Ott Nov Dic
2013: Gen Feb Mar Apr Mag Giu Lug Ago Set Ott Nov Dic
2012: Gen Feb Mar Apr Mag Giu Lug Ago Set Ott Nov Dic
2011: Gen Feb Mar Apr Mag Giu Lug Ago Set Ott Nov Dic

Report per 2012
                   Annual Climatological Summary for 2012

Name: MeteoPietrasanta   City: Pietrasanta   State: Italia
Elevation: 14 m  Lat: N 44 36' 37"   Lon: E 010 23' 20"

                  Temperature (C), Heat Base: 18,3  Cool Base: 18,3
                          Dep.  Heat  Cool                       Max  Max  Min  Min
        Mean  Mean        From  Deg   Deg                        >=   <=   <=   <=
 YR MO  Max   Min   Mean  Norm  Days  Days  Hi  Date  Low  Date 27,0  0,0  0,0 -18,0
------------------------------------------------------------------------------------
 12  1  15,3   3,4   8,6   0.0   293     0  20,3  22  -0,8   18    0    0    3    0
 12  2  11,6   3,6   6,8   0.0   332     0  17,4  17  -4,5   13    0    0   12    0
 12  3  15,2  12,0  13,7   0.0   141     0  20,8  20   4,7   15    0    0    0    0
 12  4  17,9  11,4  14,3   0.0   129     9  29,1  28   6,9   11    1    0    0    0
 12  5  23,8  13,3  18,3   0.0    58    58  29,1  11   9,0   18    5    0    0    0
 12  6  28,4  19,7  24,1   0.0     3   178  35,3  27  12,6   15   17    0    0    0
 12  7  31,5  20,0  25,7   0.0     0   228  35,7  28  17,6    4   31    0    0    0
 12  8  33,4  20,6  26,8   0.0     0   265  39,3  22  17,4    8   31    0    0    0
 12  9  29,0  17,0  22,3   0.0     9   130  32,2   7  12,9   21   25    0    0    0
 12 10  24,6  13,6  18,1   0.0    58    51  29,2  20   4,7   30   12    0    0    0
 12 11  19,2   8,9  14,0   0.0   133     3  23,7  14 -18,5    4    0    0    1    1
 12 12  14,3   4,0   8,5   0.0   304     0  20,9  28  -1,2   11    0    0    5    0
------------------------------------------------------------------------------------
        22,0  12,3  16,8   0.0  1464   925  39,3 ago -18,5  nov  122    0   21    1

                                Precipitation (mm)

              Dep.   Max        Days of Rain
              From   Obs.           >=
 YR MO Total  Norm   Day Date  0,2  2,0 20,0
---------------------------------------------
 12  1  20,4   0.0   9,6   2    12    2    0
 12  2  53,7   0.0  21,9  20     8    4    1
 12  3   0,0   0.0   0,0   0     0    0    0
 12  4 143,7   0.0  37,2  15    14   10    3
 12  5  79,2   0.0  24,6  20    13    6    2
 12  6  30,3   0.0  24,9  10     3    2    1
 12  7   0,0   0.0   0,0   0     0    0    0
 12  8   9,0   0.0   8,1  26     3    1    0
 12  9  85,8   0.0  49,5  30     9    5    2
 12 10 188,1   0.0  48,3  27    13    8    5
 12 11 225,3   0.0  71,4  28    14   12    3
 12 12  29,1   0.0  23,4   1     6    2    1
---------------------------------------------
       864,6   0.0  71,4  nov   95   52   18

                                Wind Speed (km/h)
                          Dom
 YR MO   Avg.  Hi   Date  Dir
------------------------------
 12  1   3,6  60,1    6    NE
 12  2   3,9  73,4    1   ENE
 12  3   2,2  25,6   18     E
 12  4   6,0  54,0   19   SSO
 12  5   6,6  45,4   16   OSO
 12  6   7,8  51,5   13    SO
 12  7   7,4  45,4   22    SO
 12  8   6,5  39,2   26   OSO
 12  9   6,1  52,6   24     S
 12 10   5,2  47,9   31    SE
 12 11   5,8  63,7   28   ESE
 12 12   5,0  57,6    4     E
------------------------------
         5,5  73,4  feb     S