Selezionare Mese o Anno per visualizzare Report
2018: Gen Feb Mar Apr Mag Giu Lug Ago Set Ott Nov Dic
2017: Gen Feb Mar Apr Mag Giu Lug Ago Set Ott Nov Dic
2016: Gen Feb Mar Apr Mag Giu Lug Ago Set Ott Nov Dic
2015: Gen Feb Mar Apr Mag Giu Lug Ago Set Ott Nov Dic
2014: Gen Feb Mar Apr Mag Giu Lug Ago Set Ott Nov Dic
2013: Gen Feb Mar Apr Mag Giu Lug Ago Set Ott Nov Dic
2012: Gen Feb Mar Apr Mag Giu Lug Ago Set Ott Nov Dic
2011: Gen Feb Mar Apr Mag Giu Lug Ago Set Ott Nov Dic

Report per 2012 Gennaio
                   Monthly Climatological Summary for gen 2012

Name: MeteoPietrasanta   City: Pietrasanta   State: Italia
Elevation: 14 m  Lat: N 44 36' 37"   Lon: E 010 23' 20"

                  Temperature (C), Rain (mm), Wind Speed (km/h)

                                      Heat  Cool        Avg
    Mean                              Deg   Deg         Wind                 Dom
Day Temp  High   Time   Low    Time   Days  Days  Rain  Speed High   Time    Dir
----------------------------------------------------------------------------------
 1   9,2  15,9   14.56   5,0   01.55   9,0   0,0   0,0   1,6  13,3   22.57   ENE
 2  11,2  13,4   17.25   8,4   00.13   3,9   0,0   9,6   4,8  18,4   06.06     E
 3  12,8  19,4   14.57   6,7   23.46   3,5   0,0   0,6   2,9  11,2   14.03   ENE
 4   8,0  12,7   15.59   4,5   06.42  10,3   0,0   1,5   3,4  20,9   14.44   ENE
 5   8,8  13,1   12.01   3,7   02.07   9,5   0,0   0,6   3,7  22,0   23.58   ENE
 6  11,9  15,6   09.39   6,6   23.58   5,0   0,0   0,0  14,0  60,1   07.19   NNW
 7   7,7  15,7   11.47   1,3   08.09  10,6   0,0   0,0   3,5  17,3   15.37     N
 8   8,0  16,8   13.16   2,3   07.38  10,3   0,0   0,0   2,7   9,7   23.28     E
 9   8,4  17,9   15.53   1,0   08.07   9,9   0,0   0,0   3,1  12,2   04.31    NE
10   8,1  16,0   12.46   0,8   07.07  10,2   0,0   0,0   2,7  17,3   20.14   NNE
11   7,8  15,8   15.35   1,6   07.54  10,5   0,0   0,0   2,5   8,6   02.39    NE
12   8,2  17,2   11.51   1,8   06.20  10,1   0,0   0,0   1,6  14,8   22.42   NNE
13  10,8  12,9   19.16   6,8   22.42   7,5   0,0   0,3   3,8  19,4   10.01     N
14   8,3  17,3   11.49   3,2   07.07  10,0   0,0   0,6   4,4  22,0   12.25     E
15   6,1  15,3   10.42   0,4   07.44  12,2   0,0   0,6   4,0  19,4   14.14     E
16   5,0  13,9   12.26  -0,1   06.52  13,3   0,0   0,0   3,6  20,9   13.24   ENE
17   5,5  15,2   12.40   0,2   06.47  12,8   0,0   0,0   2,7   9,7   02.40    NE
18   7,3  16,3   12.28  -0,8   08.12  11,0   0,0   0,0   2,2   8,6   13.39    NE
19   8,7  13,5   13.09   3,3   00.33   9,6   0,0   0,3   3,2  19,4   19.43     N
20  11,3  16,7   14.19   7,3   20.34   7,0   0,0   1,8   4,4  15,8   11.35     E
21   9,4  20,1   13.40   3,2   07.48   8,9   0,0   0,0   2,7   9,7   14.39    NE
22  10,3  20,3   14.18   4,9   04.49   8,0   0,0   0,0   2,4   9,7   15.08    NE
23  10,9  17,1   16.31   6,7   00.17   7,4   0,0   0,0   3,1  13,3   11.05   ENE
24  11,3  18,6   16.09   4,9   07.59   7,0   0,0   0,0   4,7  25,6   18.35   ENE
25   9,2  16,2   13.54   1,9   23.56   9,1   0,0   0,0   4,4  22,0   00.54   NNE
26   6,8  15,5   14.26  -0,2   07.36  11,5   0,0   0,0   2,1   9,7   12.38   ENE
27   8,7  11,5   12.37   6,8   07.51   9,6   0,0   0,3   2,6  13,3   00.09    NE
28   9,7  13,0   13.55   7,4   07.28   8,6   0,0   0,3   5,2  22,0   19.15     E
29   9,8  12,3   14.16   4,2   23.59   8,5   0,0   0,0   6,6  27,0   04.38     E
30   5,7  15,0   14.02   1,1   21.41  12,6   0,0   0,0   3,8  14,8   11.50     E
31   2,5   5,0   11.30   0,2   05.10  15,8   0,0   3,9   3,5  49,0   23.54   ENE
----------------------------------------------------------------------------------
     8,6  20,3    22    -0,8    18   293,2   0,0  20,4   3,6  60,1     6      NE

Max >=  27,0:  0
Max <=   0,0:  0
Min <=   0,0:  3
Min <= -18,0:  0
Max Rain: 9,6 on day 2
Days of Rain: 12 (> 0,2 mm)  2 (> 2,0 mm)  0 (> 20,0 mm)
Heat Base: 18,3  Cool Base: 18,3  Method: Integration