Selezionare Mese o Anno per visualizzare Report
2018: Gen Feb Mar Apr Mag Giu Lug Ago Set Ott Nov Dic
2017: Gen Feb Mar Apr Mag Giu Lug Ago Set Ott Nov Dic
2016: Gen Feb Mar Apr Mag Giu Lug Ago Set Ott Nov Dic
2015: Gen Feb Mar Apr Mag Giu Lug Ago Set Ott Nov Dic
2014: Gen Feb Mar Apr Mag Giu Lug Ago Set Ott Nov Dic
2013: Gen Feb Mar Apr Mag Giu Lug Ago Set Ott Nov Dic
2012: Gen Feb Mar Apr Mag Giu Lug Ago Set Ott Nov Dic
2011: Gen Feb Mar Apr Mag Giu Lug Ago Set Ott Nov Dic

Report per 2012 Febbraio
                   Monthly Climatological Summary for feb 2012

Name: MeteoPietrasanta   City: Pietrasanta   State: Italia
Elevation: 14 m  Lat: N 44 36' 37"   Lon: E 010 23' 20"

                  Temperature (C), Rain (mm), Wind Speed (km/h)

                                      Heat  Cool        Avg
    Mean                              Deg   Deg         Wind                 Dom
Day Temp  High   Time   Low    Time   Days  Days  Rain  Speed High   Time    Dir
----------------------------------------------------------------------------------
 1   4,4  10,3   13.42   2,0   01.42  13,9   0,0   8,7  12,4  73,4   04.16   ENE
 2   2,4   5,7   14.40   1,0   16.25  15,8   0,0   0,3   2,3  24,5   22.00     N
 3   2,6   7,4   12.08  -1,5   07.12  15,7   0,0   0,0   6,7  34,2   04.14     E
 4   1,3   4,7   12.45  -0,6   05.07  17,0   0,0   0,0   9,2  37,8   13.18    NE
 5   1,4   7,6   13.23  -2,1   22.46  16,9   0,0   0,0   4,7  22,0   00.18    NE
 6   0,8   8,0   12.55  -3,7   07.11  17,5   0,0   0,0   3,0  12,2   15.11   NNE
 7   2,5   9,5   15.36  -2,1   01.06  15,8   0,0   0,0   3,8  27,0   19.51   ENE
 8   3,3  10,2   14.46  -1,3   23.57  14,9   0,0   0,0   3,3  14,8   11.18    SE
 9   4,4  12,3   13.41  -3,3   06.52  13,9   0,0   0,0   2,5  13,3   23.23   ENE
10   2,6   6,2   00.20   1,0   20.55  15,7   0,0   7,8  20,8  68,4   11.32    NE
11   1,6  11,1   10.55  -0,7   08.45  16,7   0,0   0,0   7,7  46,4   18.24   ENE
12   1,5   7,8   11.39  -2,8   22.50  16,8   0,0   0,0   3,0  20,9   14.23   NNE
13   1,4   9,6   13.14  -4,5   05.47  16,9   0,0   0,0   2,5  12,2   20.21    NE
14   3,7  11,2   13.40  -3,5   06.09  14,6   0,0   0,0   3,1  17,3   15.56    NW
15   4,4  11,4   16.37  -0,3   02.21  13,9   0,0   0,3   2,0   9,7   16.54     E
16   7,6  16,2   11.54   0,6   07.42  10,7   0,0   0,3   2,9  12,2   12.25   NNW
17   8,4  17,4   13.04   3,7   00.38   9,9   0,0   0,0   2,8  13,3   13.14    NE
18   9,5  17,3   15.38   4,5   01.46   8,8   0,0   0,9   2,7  17,3   13.32     S
19   8,8  10,1   11.06   7,1   00.23   9,5   0,0  13,5   4,7  18,4   15.53     E
20   8,2  11,7   16.35   6,2   23.12  10,1   0,0  21,9   2,9  30,6   16.56     E
21   8,8  17,2   15.17   4,6   23.59   9,5   0,0   0,0   2,3  11,2   13.42    NE
22  10,2  14,1   09.31   2,1   04.17   8,1   0,0   0,0   1,5   8,6   06.17   ESE
23  14,1  14,1   00.00  14,1   00.00   4,2   0,0   0,0   1,1   1,1   00.00     S
24  14,1  14,1   00.00  14,1   00.00   4,2   0,0   0,0   1,1   1,1   00.00     S
25  14,1  14,1   00.00  14,1   00.00   4,2   0,0   0,0   1,1   1,1   00.00     S
26  14,1  14,1   00.00  14,1   00.00   4,2   0,0   0,0   1,1   1,1   00.00     S
27  14,1  14,1   00.00  14,1   00.00   4,2   0,0   0,0   1,1   1,1   00.00     S
28  14,1  14,1   00.00  14,1   00.00   4,2   0,0   0,0   1,1   1,1   00.00     S
29  14,1  14,1   00.00  14,1   00.00   4,2   0,0   0,0   1,1   1,1   00.00     S
----------------------------------------------------------------------------------
     6,8  17,4    17    -4,5    13   332,0   0,0  53,7   3,9  73,4     1     ENE

Max >=  27,0:  0
Max <=   0,0:  0
Min <=   0,0: 12
Min <= -18,0:  0
Max Rain: 21,9 on day 20
Days of Rain: 8 (> 0,2 mm)  4 (> 2,0 mm)  1 (> 20,0 mm)
Heat Base: 18,3  Cool Base: 18,3  Method: Integration