Selezionare Mese o Anno per visualizzare Report
2018: Gen Feb Mar Apr Mag Giu Lug Ago Set Ott Nov Dic
2017: Gen Feb Mar Apr Mag Giu Lug Ago Set Ott Nov Dic
2016: Gen Feb Mar Apr Mag Giu Lug Ago Set Ott Nov Dic
2015: Gen Feb Mar Apr Mag Giu Lug Ago Set Ott Nov Dic
2014: Gen Feb Mar Apr Mag Giu Lug Ago Set Ott Nov Dic
2013: Gen Feb Mar Apr Mag Giu Lug Ago Set Ott Nov Dic
2012: Gen Feb Mar Apr Mag Giu Lug Ago Set Ott Nov Dic
2011: Gen Feb Mar Apr Mag Giu Lug Ago Set Ott Nov Dic

Report per 2012 Marzo
                   Monthly Climatological Summary for mar 2012

Name: MeteoPietrasanta   City: Pietrasanta   State: Italia
Elevation: 14 m  Lat: N 44 36' 37"   Lon: E 010 23' 20"

                  Temperature (C), Rain (mm), Wind Speed (km/h)

                                      Heat  Cool        Avg
    Mean                              Deg   Deg         Wind                 Dom
Day Temp  High   Time   Low    Time   Days  Days  Rain  Speed High   Time    Dir
----------------------------------------------------------------------------------
 1  14,1  14,1   00.00  14,1   00.00   4,2   0,0   0,0   1,1   1,1   00.00     S
 2  14,1  14,1   00.00  14,1   00.00   4,2   0,0   0,0   1,1   1,1   00.00     S
 3  14,1  14,1   00.00  14,1   00.00   4,2   0,0   0,0   1,1   1,1   00.00     S
 4  14,1  14,1   00.00  14,1   00.00   4,2   0,0   0,0   1,1   1,1   00.00     S
 5  14,1  14,1   00.00  14,1   00.00   4,2   0,0   0,0   1,1   1,1   00.00     S
 6  14,1  14,1   00.00  14,1   00.00   4,2   0,0   0,0   1,1   1,1   00.00     S
 7  14,1  14,1   00.00  14,1   00.00   4,2   0,0   0,0   1,1   1,1   00.00     S
 8  14,1  14,1   00.00  14,1   00.00   4,2   0,0   0,0   1,1   1,1   00.00     S
 9  14,1  14,1   00.00  14,1   00.00   4,2   0,0   0,0   1,1   1,1   00.00     S
10  14,1  14,1   00.00  14,1   00.00   4,2   0,0   0,0   1,1   1,1   00.00     S
11  14,1  14,1   00.00  14,1   00.00   4,2   0,0   0,0   1,1   1,1   00.00     S
12  14,1  14,1   00.00  14,1   00.00   4,2   0,0   0,0   1,1   1,1   00.00     S
13  14,4  20,6   15.33   8,8   10.58   2,4   0,1   0,0   1,3   6,1   17.25   SSW
14  14,9  20,6   11.02   7,2   06.26   2,8   0,4   0,0   4,1  14,8   11.29     W
15  11,8  17,7   14.01   4,7   07.19   6,5   0,0   0,0   3,8  14,8   12.09   WNW
16  12,9  18,8   14.52   7,2   23.56   5,4   0,0   0,0   3,7  12,2   12.28    NW
17  13,7  19,2   12.40   6,7   01.28   4,6   0,0   0,0   6,2  20,9   10.47   SSE
18  14,5  17,2   09.50  12,8   06.04   3,8   0,0   0,0   7,7  25,6   13.38    SE
19  13,3  18,3   13.09   7,5   23.50   5,0   0,0   0,0   4,5  24,5   09.03   WNW
20  12,5  20,8   13.50   5,6   04.55   6,0   0,2   0,0   2,7   8,6   15.20   NNE
21  12,6  13,4   07.46   9,8   06.25   5,7   0,0   0,0   2,5   8,6   00.28    NE
22  13,4  13,4   00.00  13,4   00.00   4,9   0,0   0,0   2,0   2,5   00.00    NE
23  13,4  13,4   00.00  13,4   00.00   4,9   0,0   0,0   2,0   2,5   00.00    NE
24  13,4  13,4   00.00  13,4   00.00   4,9   0,0   0,0   2,0   2,5   00.00    NE
25  13,4  13,4   00.00  13,4   00.00   4,7   0,0   0,0   2,0   2,5   00.00    NE
26  13,4  13,4   00.00  13,4   00.00   4,9   0,0   0,0   2,0   2,5   00.00    NE
27  13,4  13,4   00.00  13,4   00.00   4,9   0,0   0,0   2,0   2,5   00.00    NE
28  13,4  13,4   00.00  13,4   00.00   4,9   0,0   0,0   2,0   2,5   00.00    NE
29  13,4  13,4   00.00  13,4   00.00   4,9   0,0   0,0   2,0   2,5   00.00    NE
30  13,4  13,4   00.00  13,4   00.00   4,9   0,0   0,0   2,0   2,5   00.00    NE
31  13,4  13,4   00.00  13,4   00.00   4,9   0,0   0,0   2,0   2,5   00.00    NE
----------------------------------------------------------------------------------
    13,7  20,8    20     4,7    15   141,4   0,7   0,0   2,2  25,6    18       E

Max >=  27,0:  0
Max <=   0,0:  0
Min <=   0,0:  0
Min <= -18,0:  0
Max Rain: 0,0 on day 0
Days of Rain: 0 (> 0,2 mm)  0 (> 2,0 mm)  0 (> 20,0 mm)
Heat Base: 18,3  Cool Base: 18,3  Method: Integration