Selezionare Mese o Anno per visualizzare Report
2018: Gen Feb Mar Apr Mag Giu Lug Ago Set Ott Nov Dic
2017: Gen Feb Mar Apr Mag Giu Lug Ago Set Ott Nov Dic
2016: Gen Feb Mar Apr Mag Giu Lug Ago Set Ott Nov Dic
2015: Gen Feb Mar Apr Mag Giu Lug Ago Set Ott Nov Dic
2014: Gen Feb Mar Apr Mag Giu Lug Ago Set Ott Nov Dic
2013: Gen Feb Mar Apr Mag Giu Lug Ago Set Ott Nov Dic
2012: Gen Feb Mar Apr Mag Giu Lug Ago Set Ott Nov Dic
2011: Gen Feb Mar Apr Mag Giu Lug Ago Set Ott Nov Dic

Report per 2012 Aprile
                   Monthly Climatological Summary for apr 2012

Name: MeteoPietrasanta   City: Pietrasanta   State: Italia
Elevation: 14 m  Lat: N 44 36' 37"   Lon: E 010 23' 20"

                  Temperature (C), Rain (mm), Wind Speed (km/h)

                                      Heat  Cool        Avg
    Mean                              Deg   Deg         Wind                 Dom
Day Temp  High   Time   Low    Time   Days  Days  Rain  Speed High   Time    Dir
----------------------------------------------------------------------------------
 1  13,4  13,4   00.00  13,4   00.00   4,9   0,0   0,0   2,0   2,5   00.00    NE
 2  13,4  13,4   00.00  13,4   00.00   4,9   0,0   0,0   2,0   2,5   00.00    NE
 3  13,4  13,4   00.00  13,4   00.00   4,9   0,0   0,0   2,0   2,5   00.00    NE
 4  13,4  13,4   00.00  13,4   00.00   4,9   0,0   0,0   2,0   2,5   00.00    NE
 5  13,4  13,4   00.00  13,4   00.00   4,9   0,0   0,0   2,0   2,5   00.00    NE
 6  13,4  13,4   00.00  13,4   00.00   4,9   0,0   0,0   2,0   2,5   00.00    NE
 7  13,4  13,4   00.00  13,4   00.00   4,9   0,0   0,0   2,0   2,5   00.00    NE
 8  13,4  13,4   00.00  13,4   00.00   4,9   0,0   0,0   2,0   2,5   00.00    NE
 9  13,4  13,4   00.00  13,4   00.00   4,9   0,0   0,0   2,0   2,5   00.00    NE
10  14,0  19,3   18.53  11,3   23.56   4,2   0,0   6,9   4,3  25,6   21.00   ESE
11  12,3  17,0   13.44   6,9   10.29   6,0   0,0  25,5   9,0  33,1   05.52   ESE
12  12,4  18,3   14.55   6,9   05.07   5,9   0,0   0,6   5,4  22,0   11.48   OSO
13  14,3  20,4   16.01   9,9   06.10   4,1   0,1   0,0   3,2  14,8   00.32   NNO
14  12,5  14,6   13.39  10,3   23.42   5,8   0,0  26,1   3,1  12,2   07.43   ESE
15  13,6  19,6   12.29  10,0   03.10   4,7   0,0  37,2   6,5  24,5   14.53    SE
16  12,7  19,2   16.25   7,2   07.13   5,6   0,0   1,5   4,1  18,4   13.50    SO
17  14,0  20,2   17.02   8,5   04.41   4,4   0,2   0,3   6,7  31,7   17.08   ONO
18  13,1  16,7   14.33  10,2   03.15   5,2   0,0   2,1  13,0  43,9   17.06    SO
19  13,1  16,9   14.08  10,0   23.46   5,2   0,0   5,4  15,7  54,0   05.14    SO
20  13,1  18,2   17.11   9,7   00.25   5,2   0,0   9,3  11,2  41,8   07.43   SSO
21  15,2  18,8   18.37  12,6   03.22   3,1   0,0   0,0  11,5  37,8   01.16    SO
22  14,7  18,4   17.11  11,0   23.55   3,6   0,0   8,7   8,0  36,7   14.10     O
23  14,2  18,3   17.26  10,7   02.29   4,1   0,0   0,0  11,5  41,8   13.54    SO
24  13,2  16,3   16.30  11,7   08.06   5,1   0,0  13,5  12,3  49,0   09.23   SSO
25  15,3  21,7   17.52  11,6   22.40   3,3   0,3   0,0   8,5  33,1   10.44   SSO
26  16,5  21,5   16.05  12,0   04.54   2,5   0,7   0,0   9,8  33,1   12.11   SSE
27  18,7  26,6   16.14  11,0   04.57   2,4   2,8   0,0   5,1  24,5   13.35   OSO
28  20,6  29,1   16.57  12,5   05.32   1,4   3,7   0,0   4,7  18,4   12.47    SO
29  18,1  22,3   04.29  14,0   23.19   1,0   0,8   1,8   5,5  22,0   15.11   ESE
30  16,8  21,7   11.29  12,8   04.44   2,1   0,6   4,8   3,5  22,0   11.21     E
----------------------------------------------------------------------------------
    14,3  29,1    28     6,9    11   129,0   9,2 143,7   6,0  54,0    19     SSO

Max >=  27,0:  1
Max <=   0,0:  0
Min <=   0,0:  0
Min <= -18,0:  0
Max Rain: 37,2 on day 15
Days of Rain: 14 (>= 0,2 mm)  10 (>= 2,0 mm)  3 (>= 20,0 mm)
Heat Base: 18,3  Cool Base: 18,3  Method: Integration