Selezionare Mese o Anno per visualizzare Report
2018: Gen Feb Mar Apr Mag Giu Lug Ago Set Ott Nov Dic
2017: Gen Feb Mar Apr Mag Giu Lug Ago Set Ott Nov Dic
2016: Gen Feb Mar Apr Mag Giu Lug Ago Set Ott Nov Dic
2015: Gen Feb Mar Apr Mag Giu Lug Ago Set Ott Nov Dic
2014: Gen Feb Mar Apr Mag Giu Lug Ago Set Ott Nov Dic
2013: Gen Feb Mar Apr Mag Giu Lug Ago Set Ott Nov Dic
2012: Gen Feb Mar Apr Mag Giu Lug Ago Set Ott Nov Dic
2011: Gen Feb Mar Apr Mag Giu Lug Ago Set Ott Nov Dic

Report per 2012 Maggio
                   Monthly Climatological Summary for mag 2012

Name: MeteoPietrasanta   City: Pietrasanta   State: Italia
Elevation: 14 m  Lat: N 44 36' 37"   Lon: E 010 23' 20"

                  Temperature (C), Rain (mm), Wind Speed (km/h)

                                      Heat  Cool        Avg
    Mean                              Deg   Deg         Wind                 Dom
Day Temp  High   Time   Low    Time   Days  Days  Rain  Speed High   Time    Dir
----------------------------------------------------------------------------------
 1  15,9  22,6   11.40  12,8   23.08   2,6   0,3   7,8   5,0  29,5   16.47   ESE
 2  15,2  20,3   09.25  10,0   04.54   3,4   0,2   0,3   7,4  36,7   18.22   ONO
 3  15,3  21,4   09.17   9,4   05.10   3,6   0,6   0,0   7,0  28,1   14.13    SO
 4  15,5  21,0   17.37  10,2   02.46   3,3   0,5   0,0   6,7  29,5   16.21   OSO
 5  16,9  22,9   16.12  10,5   03.36   2,3   0,9   0,0   7,4  30,6   12.17     S
 6  16,3  21,6   15.15  14,0   08.57   2,2   0,2  21,6   4,5  27,0   01.34     E
 7  16,9  22,4   17.06  13,1   06.44   2,1   0,7   1,5   6,3  25,6   13.09    SO
 8  17,5  22,1   15.48  13,0   05.48   1,8   1,0   0,0   7,2  28,1   14.05   OSO
 9  18,1  23,2   16.08  14,2   02.38   1,6   1,4   0,0   6,0  24,5   13.37   OSO
10  19,6  25,8   15.58  12,9   04.18   1,6   2,8   0,0   6,2  27,0   16.03     O
11  21,9  29,1   15.11  15,0   04.17   0,7   4,4   0,0   5,5  19,4   16.13     O
12  21,1  28,1   16.56  14,7   06.04   0,9   3,7   0,0   5,6  20,9   12.42   SSO
13  17,0  25,3   09.49  10,6   23.43   2,1   0,9   3,6   5,0  22,0   13.14   ESE
14  15,9  21,6   15.19   9,6   01.46   3,1   0,7   0,3   8,2  35,6   15.28   ONO
15  16,5  22,5   15.31   9,6   06.15   2,7   0,9   0,0   7,5  40,3   14.07   OSO
16  18,5  23,4   16.20  12,3   23.01   1,4   1,7   1,5  10,9  45,4   12.59   NNO
17  16,7  23,6   08.42   9,7   04.38   2,9   1,3   0,0   7,8  31,7   13.42   OSO
18  16,8  24,3   17.21   9,0   04.54   3,0   1,5   0,0   4,9  24,5   11.58     S
19  16,7  24,8   11.45   9,8   05.13   2,7   1,1   1,2   4,2  23,4   15.10   NNO
20  14,5  20,7   09.40  12,1   06.24   3,9   0,1  24,6   5,4  25,6   09.40     E
21  16,1  21,6   14.55  12,6   22.22   2,7   0,4  13,2   8,4  30,6   02.57    SE
22  16,4  21,1   16.40  10,5   03.27   2,4   0,5   0,3   5,9  35,6   15.16     O
23  17,9  22,6   17.39  14,2   05.16   1,2   0,9   0,3   5,2  20,9   15.35     O
24  20,4  27,5   16.09  14,4   04.07   1,0   3,2   0,0   4,7  20,9   13.16   OSO
25  21,2  28,4   08.45  15,4   04.34   0,6   3,5   3,0   4,0  20,9   16.26    NE
26  20,4  28,8   15.01  13,8   03.48   1,0   3,1   0,0   4,3  23,4   15.28    NO
27  20,2  26,8   10.43  13,0   04.45   1,2   3,1   0,0   5,7  27,0   12.25     O
28  21,0  23,8   09.29  15,9   05.58   0,6   3,3   0,0   7,0  14,8   09.54    SO
29  23,5  23,5   00.00  23,5   00.00   0,0   5,2   0,0   9,8  13,3   00.00    SO
30  23,5  23,5   00.00  23,5   00.00   0,0   5,2   0,0   9,8  13,3   00.00    SO
31  23,5  23,5   00.00  23,5   00.00   0,0   5,2   0,0   9,8  13,3   00.00    SO
----------------------------------------------------------------------------------
    18,3  29,1    11     9,0    18    58,6  58,5  79,2   6,6  45,4    16     OSO

Max >=  27,0:  5
Max <=   0,0:  0
Min <=   0,0:  0
Min <= -18,0:  0
Max Rain: 24,6 on day 20
Days of Rain: 13 (>= 0,2 mm)  6 (>= 2,0 mm)  2 (>= 20,0 mm)
Heat Base: 18,3  Cool Base: 18,3  Method: Integration