Selezionare Mese o Anno per visualizzare Report
2018: Gen Feb Mar Apr Mag Giu Lug Ago Set Ott Nov Dic
2017: Gen Feb Mar Apr Mag Giu Lug Ago Set Ott Nov Dic
2016: Gen Feb Mar Apr Mag Giu Lug Ago Set Ott Nov Dic
2015: Gen Feb Mar Apr Mag Giu Lug Ago Set Ott Nov Dic
2014: Gen Feb Mar Apr Mag Giu Lug Ago Set Ott Nov Dic
2013: Gen Feb Mar Apr Mag Giu Lug Ago Set Ott Nov Dic
2012: Gen Feb Mar Apr Mag Giu Lug Ago Set Ott Nov Dic
2011: Gen Feb Mar Apr Mag Giu Lug Ago Set Ott Nov Dic

Report per 2012 Giugno
                   Monthly Climatological Summary for giu 2012

Name: MeteoPietrasanta   City: Pietrasanta   State: Italia
Elevation: 14 m  Lat: N 44 36' 37"   Lon: E 010 23' 20"

                  Temperature (C), Rain (mm), Wind Speed (km/h)

                                      Heat  Cool        Avg
    Mean                              Deg   Deg         Wind                 Dom
Day Temp  High   Time   Low    Time   Days  Days  Rain  Speed High   Time    Dir
----------------------------------------------------------------------------------
 1  23,5  23,5   00.00  23,5   00.00   0,0   5,2   0,0   9,8  13,3   00.00    SO
 2  23,5  23,5   00.00  23,5   00.00   0,0   5,2   0,0   9,8  13,3   00.00    SO
 3  23,5  23,5   00.00  23,5   00.00   0,0   5,2   0,0   9,8  13,3   00.00    SO
 4  23,5  23,5   00.00  23,5   00.00   0,0   5,2   0,0   9,8  13,3   00.00    SO
 5  23,5  23,5   00.00  23,5   00.00   0,0   5,2   0,0   9,8  13,3   00.00    SO
 6  23,5  23,5   00.00  23,5   00.00   0,0   5,2   0,0   9,8  13,3   00.00    SO
 7  23,5  23,5   00.00  23,5   00.00   0,0   5,2   0,0   9,8  13,3   00.00    SO
 8  23,5  23,5   00.00  23,5   00.00   0,0   5,2   0,0   9,8  13,3   00.00    SO
 9  23,5  23,5   00.00  23,5   00.00   0,0   5,2   0,0   9,8  13,3   00.00    SO
10  22,2  24,9   15.35  17,2   21.26   0,1   4,0  24,9   9,9  31,7   15.52    SO
11  21,2  25,2   19.41  17,4   21.57   0,0   2,9   4,8  11,2  37,8   14.14    SO
12  19,8  23,0   16.11  17,1   06.11   0,1   1,6   0,6  10,7  42,8   10.28   OSO
13  19,7  23,4   17.23  15,9   23.50   0,2   1,5   0,0  10,2  51,5   14.51     S
14  20,8  27,6   16.46  14,9   05.14   0,9   3,4   0,0   6,3  25,6   14.07   OSO
15  21,7  29,3   17.29  12,6   05.46   1,2   4,6   0,0   5,7  22,0   12.35   OSO
16  24,5  32,7   15.29  14,4   05.58   0,8   7,0   0,0   5,1  20,9   16.19   ONO
17  25,2  32,6   18.25  16,2   05.06   0,2   7,1   0,0   5,4  24,5   14.39   OSO
18  25,8  33,1   09.40  17,1   05.22   0,1   7,6   0,0   4,9  25,6   15.34     O
19  26,8  35,1   17.03  18,7   04.59   0,0   8,5   0,0   5,4  36,7   19.43     O
20  26,9  34,7   17.14  20,0   05.39   0,0   8,6   0,0   5,1  25,6   13.27   OSO
21  24,9  29,5   15.27  20,1   05.48   0,0   6,6   0,0   7,4  28,1   11.43   OSO
22  24,1  29,7   15.53  19,5   05.02   0,0   5,8   0,0   6,2  20,9   15.28   SSO
23  24,4  29,7   15.47  18,1   04.36   0,0   6,1   0,0   8,5  30,6   11.44     S
24  24,1  29,6   15.20  18,6   02.50   0,0   5,8   0,0   6,2  20,9   12.39   SSO
25  24,8  30,5   15.36  19,3   04.30   0,0   6,5   0,0   6,0  24,5   15.57   SSO
26  25,8  32,1   18.12  18,8   03.58   0,0   7,5   0,0   6,6  28,1   15.53     O
27  28,3  35,3   17.10  20,4   06.11   0,0  10,1   0,0   5,4  28,1   15.52   ONO
28  27,1  34,0   14.42  20,9   04.25   0,0   8,8   0,0   6,3  27,0   16.37   OSO
29  27,1  34,1   16.07  20,7   04.34   0,0   8,8   0,0   5,9  22,0   13.43    SO
30  27,0  35,1   17.46  20,6   05.11   0,0   8,7   0,0   6,1  20,9   13.08    SO
----------------------------------------------------------------------------------
    24,1  35,3    27    12,6    15     3,6 178,3  30,3   7,8  51,5    13      SO

Max >=  27,0: 17
Max <=   0,0:  0
Min <=   0,0:  0
Min <= -18,0:  0
Max Rain: 24,9 on day 10
Days of Rain: 3 (>= 0,2 mm)  2 (>= 2,0 mm)  1 (>= 20,0 mm)
Heat Base: 18,3  Cool Base: 18,3  Method: Integration