Selezionare Mese o Anno per visualizzare Report
2018: Gen Feb Mar Apr Mag Giu Lug Ago Set Ott Nov Dic
2017: Gen Feb Mar Apr Mag Giu Lug Ago Set Ott Nov Dic
2016: Gen Feb Mar Apr Mag Giu Lug Ago Set Ott Nov Dic
2015: Gen Feb Mar Apr Mag Giu Lug Ago Set Ott Nov Dic
2014: Gen Feb Mar Apr Mag Giu Lug Ago Set Ott Nov Dic
2013: Gen Feb Mar Apr Mag Giu Lug Ago Set Ott Nov Dic
2012: Gen Feb Mar Apr Mag Giu Lug Ago Set Ott Nov Dic
2011: Gen Feb Mar Apr Mag Giu Lug Ago Set Ott Nov Dic

Report per 2012 Luglio
                   Monthly Climatological Summary for lug 2012

Name: MeteoPietrasanta   City: Pietrasanta   State: Italia
Elevation: 14 m  Lat: N 44 36' 37"   Lon: E 010 23' 20"

                  Temperature (C), Rain (mm), Wind Speed (km/h)

                                      Heat  Cool        Avg
    Mean                              Deg   Deg         Wind                 Dom
Day Temp  High   Time   Low    Time   Days  Days  Rain  Speed High   Time    Dir
----------------------------------------------------------------------------------
 1  27,5  34,0   11.14  20,6   05.07   0,0   9,2   0,0   6,1  28,1   13.58    SO
 2  27,3  33,5   10.24  22,0   03.15   0,0   9,0   0,0   8,4  34,2   17.19     O
 3  24,2  29,5   18.29  19,2   23.38   0,0   5,9   0,0   6,0  25,6   14.46   OSO
 4  23,9  29,4   10.12  17,6   04.57   0,0   5,6   0,0   6,5  27,0   14.37   OSO
 5  25,4  34,2   15.42  18,7   04.52   0,0   7,1   0,0   6,4  24,5   11.36   OSO
 6  25,9  31,2   09.48  20,5   06.17   0,0   7,6   0,0   7,4  25,6   14.38    SO
 7  25,8  30,9   09.18  19,6   06.23   0,0   7,5   0,0   6,8  25,6   13.10   OSO
 8  26,2  32,4   10.39  18,6   05.47   0,0   7,9   0,0   6,9  23,4   13.15   SSO
 9  26,7  31,6   16.55  21,1   05.59   0,0   8,4   0,0   6,8  24,5   12.55   OSO
10  26,0  32,6   16.54  20,2   06.39   0,0   7,7   0,0   6,6  27,0   11.53    SO
11  26,0  32,0   17.46  19,8   05.36   0,0   7,7   0,0   7,0  27,0   14.46    SO
12  25,4  29,7   16.49  20,8   22.26   0,0   7,1   0,0   8,6  37,8   13.05     S
13  24,5  30,1   17.25  20,7   02.25   0,0   6,2   0,0   8,4  35,6   11.59    SO
14  25,6  30,8   14.45  22,9   03.09   0,0   7,3   0,0   5,3  28,1   02.15     O
15  23,8  27,4   16.02  20,0   22.14   0,0   5,5   0,0   8,8  33,1   13.39     S
16  25,0  30,1   16.33  19,6   06.43   0,0   6,7   0,0   8,1  35,6   14.56   ONO
17  25,2  31,2   08.51  18,5   03.21   0,0   6,9   0,0   6,6  29,5   13.52     O
18  25,8  33,9   15.39  18,2   06.27   0,0   7,5   0,0   6,2  24,5   15.38     O
19  25,7  33,3   19.09  18,6   04.22   0,0   7,4   0,0   6,5  24,5   13.38     O
20  25,7  32,5   15.56  19,5   04.26   0,0   7,4   0,0   6,7  27,0   12.15   OSO
21  25,2  31,7   15.51  20,4   02.45   0,0   6,9   0,0   5,9  25,6   16.24   SSO
22  25,9  32,1   16.35  18,9   06.07   0,0   7,6   0,0  12,0  45,4   21.24   NNE
23  24,7  29,2   12.20  21,5   22.40   0,0   6,4   0,0  11,0  40,3   15.52     E
24  25,9  32,5   15.24  19,2   06.05   0,0   7,6   0,0   6,2  27,0   16.38    SO
25  25,8  30,9   15.57  20,1   06.23   0,0   7,4   0,0   7,2  23,4   12.07    SO
26  24,6  29,0   15.30  19,7   06.00   0,0   6,3   0,0   6,3  20,9   11.30     S
27  25,8  31,3   13.30  20,3   06.30   0,0   7,5   0,0   6,4  19,4   14.30     O
28  27,4  35,7   12.00  19,8   06.30   0,0   9,1   0,0   5,5  15,8   13.30   SSE
29  26,6  31,7   18.52  21,6   02.34   0,0   8,3   0,0   7,8  30,6   16.16    SO
30  26,2  31,4   17.19  21,7   21.56   0,0   7,9   0,0   9,6  33,1   11.41     S
31  26,3  32,2   17.13  21,6   06.47   0,0   8,0   0,0   8,1  28,1   18.12    SO
----------------------------------------------------------------------------------
    25,7  35,7    28    17,6     4     0,0 228,6   0,0   7,4  45,4    22      SO

Max >=  27,0: 31
Max <=   0,0:  0
Min <=   0,0:  0
Min <= -18,0:  0
Max Rain: 0,0 on day 0
Days of Rain: 0 (>= 0,2 mm)  0 (>= 2,0 mm)  0 (>= 20,0 mm)
Heat Base: 18,3  Cool Base: 18,3  Method: Integration