Selezionare Mese o Anno per visualizzare Report
2018: Gen Feb Mar Apr Mag Giu Lug Ago Set Ott Nov Dic
2017: Gen Feb Mar Apr Mag Giu Lug Ago Set Ott Nov Dic
2016: Gen Feb Mar Apr Mag Giu Lug Ago Set Ott Nov Dic
2015: Gen Feb Mar Apr Mag Giu Lug Ago Set Ott Nov Dic
2014: Gen Feb Mar Apr Mag Giu Lug Ago Set Ott Nov Dic
2013: Gen Feb Mar Apr Mag Giu Lug Ago Set Ott Nov Dic
2012: Gen Feb Mar Apr Mag Giu Lug Ago Set Ott Nov Dic
2011: Gen Feb Mar Apr Mag Giu Lug Ago Set Ott Nov Dic

Report per 2012 Agosto
                   Monthly Climatological Summary for ago 2012

Name: MeteoPietrasanta   City: Pietrasanta   State: Italia
Elevation: 14 m  Lat: N 44 36' 37"   Lon: E 010 23' 20"

                  Temperature (C), Rain (mm), Wind Speed (km/h)

                                      Heat  Cool        Avg
    Mean                              Deg   Deg         Wind                 Dom
Day Temp  High   Time   Low    Time   Days  Days  Rain  Speed High   Time    Dir
----------------------------------------------------------------------------------
 1  27,4  35,0   17.01  20,2   06.09   0,0   9,1   0,0   6,4  25,6   16.25   ONO
 2  26,6  32,6   14.13  20,8   03.24   0,0   8,3   0,0   6,5  23,4   12.22    SO
 3  26,2  33,1   17.05  19,5   06.23   0,0   7,9   0,0   6,6  25,6   12.42   OSO
 4  26,9  35,0   18.34  19,5   05.55   0,0   8,6   0,0   6,1  24,5   13.39    SO
 5  27,6  33,4   18.06  21,0   05.33   0,0   9,3   0,0   7,8  25,6   11.55     S
 6  28,0  33,0   17.44  24,2   00.00   0,0   9,6   0,0   8,8  31,7   17.54   SSE
 7  26,6  32,6   16.02  20,0   23.32   0,0   8,3   0,0   7,5  17,3   11.32   SSO
 8  25,2  31,8   15.41  17,4   06.02   0,1   7,0   0,0   7,3  23,4   14.34     O
 9  25,8  31,4   17.36  20,0   06.22   0,0   7,5   0,0   7,3  27,0   14.04     O
10  27,8  35,6   18.20  20,7   06.32   0,0   9,5   0,0   5,8  30,6   15.30   ONO
11  26,9  33,0   16.55  19,7   05.11   0,0   8,6   0,0   6,0  27,0   15.08     O
12  26,1  32,9   15.34  19,4   05.53   0,0   7,9   0,0   5,3  22,0   12.17   OSO
13  27,0  34,4   17.10  20,3   05.37   0,0   8,7   0,0   6,1  29,5   16.27     O
14  26,4  31,9   09.22  21,0   05.37   0,0   8,1   0,0   6,9  30,6   14.17     O
15  26,2  31,4   18.30  20,6   05.40   0,0   7,9   0,0   7,3  28,1   13.31     O
16  25,9  30,8   18.27  20,0   06.30   0,0   7,7   0,0   7,0  22,0   16.55     O
17  27,3  34,1   17.45  20,7   06.15   0,0   9,0   0,0   5,8  25,6   13.06   OSO
18  29,1  35,7   10.37  21,9   06.07   0,0  10,8   0,0   5,2  23,4   13.57     O
19  30,1  37,8   16.59  22,6   05.09   0,0  11,8   0,0   5,1  25,6   15.32     O
20  29,3  36,7   16.12  21,9   07.07   0,0  11,0   0,0   5,8  24,5   15.03     O
21  28,0  33,5   10.40  23,2   05.27   0,0   9,7   0,0   6,2  24,5   14.40     O
22  27,9  39,3   16.58  23,1   03.44   0,0   9,6   0,0   6,1  22,0   13.36   OSO
23  27,8  35,1   16.38  22,3   04.56   0,0   9,5   0,0   6,2  22,0   13.10   OSO
24  27,7  36,2   17.47  21,6   06.22   0,0   9,4   0,0   6,8  27,0   11.55     S
25  27,9  32,9   12.14  22,0   02.56   0,0   9,6   0,3   8,3  31,7   12.46     S
26  25,3  30,9   18.37  19,5   08.42   0,0   6,9   8,1   8,8  39,2   08.44    SE
27  25,8  32,8   16.25  17,9   06.16   0,0   7,6   0,0   6,2  23,4   14.39     O
28  25,2  34,4   15.21  18,2   06.45   0,0   6,9   0,0   5,8  29,5   14.52     O
29  25,0  30,8   15.10  18,3   06.08   0,0   6,7   0,0   6,3  27,0   16.01   OSO
30  25,2  31,1   12.19  20,3   06.31   0,0   6,9   0,0   4,8  23,4   14.56     O
31  24,1  27,5   17.51  21,1   23.59   0,0   5,8   0,6   9,1  37,8   17.00     S
----------------------------------------------------------------------------------
    26,8  39,3    22    17,4     8     0,1 265,2   9,0   6,5  39,2    26     OSO

Max >=  27,0: 31
Max <=   0,0:  0
Min <=   0,0:  0
Min <= -18,0:  0
Max Rain: 8,1 on day 26
Days of Rain: 3 (>= 0,2 mm)  1 (>= 2,0 mm)  0 (>= 20,0 mm)
Heat Base: 18,3  Cool Base: 18,3  Method: Integration