Selezionare Mese o Anno per visualizzare Report
2018: Gen Feb Mar Apr Mag Giu Lug Ago Set Ott Nov Dic
2017: Gen Feb Mar Apr Mag Giu Lug Ago Set Ott Nov Dic
2016: Gen Feb Mar Apr Mag Giu Lug Ago Set Ott Nov Dic
2015: Gen Feb Mar Apr Mag Giu Lug Ago Set Ott Nov Dic
2014: Gen Feb Mar Apr Mag Giu Lug Ago Set Ott Nov Dic
2013: Gen Feb Mar Apr Mag Giu Lug Ago Set Ott Nov Dic
2012: Gen Feb Mar Apr Mag Giu Lug Ago Set Ott Nov Dic
2011: Gen Feb Mar Apr Mag Giu Lug Ago Set Ott Nov Dic

Report per 2012 Ottobre
                   Monthly Climatological Summary for ott 2012

Name: MeteoPietrasanta   City: Pietrasanta   State: Italia
Elevation: 14 m  Lat: N 44 36' 37"   Lon: E 010 23' 20"

                  Temperature (C), Rain (mm), Wind Speed (km/h)

                                      Heat  Cool        Avg
    Mean                              Deg   Deg         Wind                 Dom
Day Temp  High   Time   Low    Time   Days  Days  Rain  Speed High   Time    Dir
----------------------------------------------------------------------------------
 1  17,8  22,6   10.04  15,4   23.19   0,9   0,4  11,1   2,3   9,7   10.06    NE
 2  19,4  27,0   16.32  13,0   07.08   1,2   2,4   0,3   4,1  27,0   15.41     O
 3  18,4  25,7   15.26  14,3   06.50   1,1   1,2   0,0   4,1  25,6   15.26     E
 4  19,5  26,0   16.41  15,2   04.41   0,9   2,1   0,0   4,6  24,5   14.56   SSO
 5  20,2  27,8   13.14  16,5   23.54   0,6   2,4   0,0   4,4  23,4   13.28    SO
 6  19,6  26,7   16.27  13,0   05.15   1,4   2,7   0,0   4,7  24,5   13.26   SSO
 7  21,0  27,8   15.24  17,1   07.39   0,1   2,8   0,0   3,5  19,4   16.56    SO
 8  21,6  28,0   15.07  16,2   07.32   0,2   3,5   0,0   3,9  28,1   15.33     O
 9  20,9  27,5   15.41  17,7   23.43   0,0   2,7   4,2   4,9  23,4   17.14   SSE
10  20,8  26,7   11.44  16,8   02.19   0,2   2,8   0,0   3,3  17,3   13.50     S
11  19,1  24,5   12.05  15,4   04.53   0,7   1,5  36,9   4,4  24,5   17.19    SE
12  19,5  24,7   15.10  16,5   22.38   0,4   1,6   0,6   4,8  20,9   13.31     S
13  19,6  27,4   13.06  15,1   06.56   0,8   2,1   0,0   3,3  22,0   14.50    SO
14  19,0  24,4   17.10  15,4   05.48   0,9   1,5   0,3   6,2  35,6   15.02     S
15  16,5  19,1   03.49  13,6   04.45   1,9   0,1  24,9   8,2  34,2   11.11     E
16  15,8  23,2   16.18   8,9   06.19   3,1   0,6   0,0   5,7  23,4   14.50    SE
17  17,7  25,2   16.24  14,1   00.00   1,7   1,1   0,0   5,2  19,4   01.52     E
18  18,7  26,6   11.56  12,9   04.17   1,8   2,2   0,0   4,7  18,4   14.42   ESE
19  18,9  27,5   13.21  13,0   00.43   1,7   2,3   0,0   3,7  18,4   12.31     N
20  20,3  29,2   14.31  15,0   07.15   0,8   2,8   0,0   3,6  14,8   12.45    NE
21  20,4  28,7   11.18  14,5   07.44   0,9   3,0   0,0   3,7  15,8   14.31     N
22  20,0  27,3   15.35  16,2   07.07   0,4   2,2   0,0   3,3  17,3   16.03     N
23  19,3  27,1   17.19  13,8   07.21   1,4   2,4   0,0   4,1  24,5   14.31     O
24  18,7  28,7   15.21  11,6   07.16   2,1   2,5   0,0   3,5  15,8   12.38    NE
25  18,1  25,8   15.08  12,6   05.08   2,2   1,9   0,0   3,5  24,5   13.41   SSO
26  18,0  19,9   11.55  15,1   02.55   0,6   0,3  33,9   9,7  28,1   19.47     E
27  17,5  21,2   16.58  15,7   09.43   1,0   0,2  48,3  11,2  46,4   15.02   SSO
28   9,1  16,0   00.00   5,4   21.42   9,6   0,0  20,4   8,0  40,3   05.47     O
29  10,0  17,2   09.41   6,2   00.05   8,3   0,0   0,3   5,3  24,5   12.29    SE
30  10,3  17,6   12.13   4,7   05.10   8,0   0,0   0,6   4,8  22,0   12.22     E
31  14,7  17,0   11.32  10,8   04.14   3,6   0,0   6,3  13,4  47,9   19.24   ESE
----------------------------------------------------------------------------------
    18,1  29,2    20     4,7    30    58,5  51,3 188,1   5,2  47,9    31      SE

Max >=  27,0: 12
Max <=   0,0:  0
Min <=   0,0:  0
Min <= -18,0:  0
Max Rain: 48,3 on day 27
Days of Rain: 13 (>= 0,2 mm)  8 (>= 2,0 mm)  5 (>= 20,0 mm)
Heat Base: 18,3  Cool Base: 18,3  Method: Integration