Selezionare Mese o Anno per visualizzare Report
2018: Gen Feb Mar Apr Mag Giu Lug Ago Set Ott Nov Dic
2017: Gen Feb Mar Apr Mag Giu Lug Ago Set Ott Nov Dic
2016: Gen Feb Mar Apr Mag Giu Lug Ago Set Ott Nov Dic
2015: Gen Feb Mar Apr Mag Giu Lug Ago Set Ott Nov Dic
2014: Gen Feb Mar Apr Mag Giu Lug Ago Set Ott Nov Dic
2013: Gen Feb Mar Apr Mag Giu Lug Ago Set Ott Nov Dic
2012: Gen Feb Mar Apr Mag Giu Lug Ago Set Ott Nov Dic
2011: Gen Feb Mar Apr Mag Giu Lug Ago Set Ott Nov Dic

Report per 2012 Dicembre
                   Monthly Climatological Summary for dic 2012

Name: MeteoPietrasanta   City: Pietrasanta   State: Italia
Elevation: 14 m  Lat: N 44 36' 37"   Lon: E 010 23' 20"

                  Temperature (C), Rain (mm), Wind Speed (km/h)

                                      Heat  Cool        Avg
    Mean                              Deg   Deg         Wind                 Dom
Day Temp  High   Time   Low    Time   Days  Days  Rain  Speed High   Time    Dir
----------------------------------------------------------------------------------
 1   9,7  11,2   04.04   7,6   08.45   8,6   0,0  23,4  10,7  30,6   03.08    SE
 2   9,5  16,0   14.48   2,8   23.54   8,8   0,0   1,5   4,4  29,5   19.11   NNO
 3   6,6  15,0   14.14   0,7   06.34  11,7   0,0   0,0   4,2  15,8   14.20    NE
 4  10,5  14,2   15.12   5,8   23.57   7,8   0,0   0,9   9,1  57,6   11.31     N
 5   6,8  16,4   14.18   2,1   08.07  11,5   0,0   0,0   4,3  18,4   11.38   ENE
 6   6,0  14,7   14.17   1,1   05.32  12,3   0,0   0,0   3,7  15,8   14.21    NE
 7   5,3   8,5   14.07   1,9   00.48  13,0   0,0   0,0   7,1  27,0   13.58     E
 8   4,6  10,5   12.29   0,0   07.54  13,7   0,0   0,0   3,9  20,9   19.19     E
 9   5,1  13,1   14.39  -0,9   07.07  13,2   0,0   0,0   3,9  12,2   13.33    NE
10   6,7  14,0   14.50   2,5   23.17  11,6   0,0   0,0   4,3  19,4   23.21     E
11   5,2  16,4   15.11  -1,2   07.25  13,1   0,0   0,0   4,6  14,8   10.40   ENE
12   4,4  12,3   14.14  -0,9   06.51  13,9   0,0   0,0   4,4  13,3   13.53   ESE
13   6,4   9,3   12.25   0,0   00.00  11,9   0,0   0,3   9,0  28,1   23.33   ESE
14  10,1  13,1   23.56   7,4   00.00   8,2   0,0   0,0  12,7  28,1   00.30     E
15  12,9  14,4   14.37  10,0   22.31   5,3   0,0   0,3   6,9  40,3   08.25   ESE
16  13,8  18,4   14.21  11,7   21.47   4,5   0,0   0,0   5,3  15,8   14.21     E
17  11,3  14,7   11.30   7,1   23.59   7,0   0,0   0,0   4,7  45,4   07.29   ENE
18   7,6  16,4   14.18   1,6   07.21  10,7   0,0   0,0   2,5  14,8   13.26   SSE
19   6,6  15,2   12.24   1,2   06.35  11,7   0,0   0,0   2,8  11,2   14.16    NE
20   5,5   9,9   15.46   0,8   07.07  12,8   0,0   0,0   2,2  13,3   17.23     E
21   7,4  13,4   13.52   3,8   23.59  10,9   0,0   0,0   3,6  17,3   00.07     E
22   6,5  13,6   12.26   1,4   06.22  11,8   0,0   0,0   2,0  11,2   14.27   ENE
23   7,9  10,7   22.25   4,2   02.46  10,4   0,0   0,0   2,0  11,2   03.22   SSE
24  12,1  14,7   12.12   9,3   05.37   6,2   0,0   0,0   3,2  14,8   23.56   ESE
25  14,5  16,3   12.51  13,5   00.00   3,8   0,0   0,0  10,2  24,5   11.32   ESE
26  13,6  15,8   13.10   9,9   20.09   4,7   0,0   0,0   6,6  22,0   02.28     E
27  11,4  14,7   12.51   7,5   06.30   6,9   0,0   0,0   3,3  29,5   19.46    SE
28  11,5  20,9   15.35   6,2   07.28   6,9   0,1   0,0   4,3  23,4   19.47     E
29   8,8  16,2   15.30   3,9   04.04   9,5   0,0   0,0   3,8  23,4   13.22   NNE
30   7,2  16,2   12.15   2,6   05.30  11,1   0,0   0,0   3,4  20,9   12.41   ENE
31   7,2  15,9   14.20   1,7   07.48  11,1   0,0   2,7   2,8  12,2   13.05   ENE
----------------------------------------------------------------------------------
     8,5  20,9    28    -1,2    11   304,6   0,1  29,1   5,0  57,6     4       E

Max >=  27,0:  0
Max <=   0,0:  0
Min <=   0,0:  5
Min <= -18,0:  0
Max Rain: 23,4 on day 1
Days of Rain: 6 (>= 0,2 mm)  2 (>= 2,0 mm)  1 (>= 20,0 mm)
Heat Base: 18,3  Cool Base: 18,3  Method: Integration