Selezionare Mese o Anno per visualizzare Report
2018: Gen Feb Mar Apr Mag Giu Lug Ago Set Ott Nov Dic
2017: Gen Feb Mar Apr Mag Giu Lug Ago Set Ott Nov Dic
2016: Gen Feb Mar Apr Mag Giu Lug Ago Set Ott Nov Dic
2015: Gen Feb Mar Apr Mag Giu Lug Ago Set Ott Nov Dic
2014: Gen Feb Mar Apr Mag Giu Lug Ago Set Ott Nov Dic
2013: Gen Feb Mar Apr Mag Giu Lug Ago Set Ott Nov Dic
2012: Gen Feb Mar Apr Mag Giu Lug Ago Set Ott Nov Dic
2011: Gen Feb Mar Apr Mag Giu Lug Ago Set Ott Nov Dic

Report per 2013
                   Annual Climatological Summary for 2013

Name: MeteoPietrasanta   City: Pietrasanta   State: Italia
Elevation: 14 m  Lat: N 44 36' 37"   Lon: E 010 23' 20"

                  Temperature (C), Heat Base: 18,3  Cool Base: 18,3
                          Dep.  Heat  Cool                       Max  Max  Min  Min
        Mean  Mean        From  Deg   Deg                        >=   <=   <=   <=
 YR MO  Max   Min   Mean  Norm  Days  Days  Hi  Date  Low  Date 27,0  0,0  0,0 -18,0
------------------------------------------------------------------------------------
 13  1  13,5   4,6   8,3   0.0   311     0  18,2  31  -0,4   26    0    0    4    0
 13  2  12,8   2,5   7,1   0.0   314     0  18,2   1  -2,3   10    0    0    4    0
 13  3  15,5   6,7  10,6   0.0   238     0  19,9   2  -0,3   16    0    0    1    0
 13  4  21,1  10,8  15,4   0.0   108    23  29,5  29   7,9    3    3    0    0    0
 13  5  22,0  12,4  17,1   0.0    66    28  28,7   1   7,5    5    1    0    0    0
 13  6  25,5  17,6  21,4   0.0    17   111  35,9  19  11,0    1    9    0    0    0
 13  7  26,6  21,3  23,9   0.0     0   173  36,6  28  17,9   31   13    0    0    0
 13  8  32,5  19,0  25,8   0.0     0   233  36,2   7  15,9   27   31    0    0    0
 13  9  28,2  18,5  22,8   0.0     9   143  34,0   4  13,0   25   19    0    0    0
 13 10  25,0  15,8  19,4   0.0    31    66  29,4   2   9,3   13    7    0    0    0
 13 11  19,5  14,4  16,7   0.0   117    68  22,4   1  -1,3   29    0    0    1    0
 13 12  17,3   5,3  10,1   0.0   254     0  19,9  17   0,5   18    0    0    0    0
------------------------------------------------------------------------------------
        21,6  12,4  16,5   0.0  1469   847  36,6 lug  -2,3  feb   83    0   10    0

                                Precipitation (mm)

              Dep.   Max        Days of Rain
              From   Obs.           >=
 YR MO Total  Norm   Day Date  0,2  2,0 20,0
---------------------------------------------
 13  1 191,7   0.0  51,3  20    17   12    4
 13  2 105,3   0.0  27,0  11    13    8    3
 13  3 242,1   0.0  47,7  11    24   17    2
 13  4 102,9   0.0  31,8  27    13    7    3
 13  5 105,0   0.0  36,3  16    12    9    2
 13  6  19,8   0.0  11,4  10     3    2    0
 13  7  29,4   0.0  19,8  19     4    3    0
 13  8  39,6   0.0  33,9  25     6    1    1
 13  9 133,8   0.0  50,1  17     5    5    3
 13 10 138,9   0.0  68,7  21    11    8    2
 13 11  11,1   0.0   6,9  22     4    2    0
 13 12   9,9   0.0   3,3  23     5    3    0
---------------------------------------------
      1129,5   0.0  68,7  ott  117   77   20

                                Wind Speed (km/h)
                          Dom
 YR MO   Avg.  Hi   Date  Dir
------------------------------
 13  1   4,8  54,0   15     E
 13  2   6,0  77,0    3   ESE
 13  3   6,4  78,5   18    SE
 13  4   5,9  40,3   22   SSE
 13  5   7,0  60,1   25    SO
 13  6   5,4  30,6    1   NNO
 13  7   5,1  33,1   29    NE
 13  8   6,1  46,4   25   OSO
 13  9   8,5  57,6    8    SO
 13 10   5,0  67,3   10    SE
 13 11   5,7  51,5   25   SSE
 13 12   4,6  47,9   26     E
------------------------------
         5,9  78,5  mar   SSE