Selezionare Mese o Anno per visualizzare Report
2018: Gen Feb Mar Apr Mag Giu Lug Ago Set Ott Nov Dic
2017: Gen Feb Mar Apr Mag Giu Lug Ago Set Ott Nov Dic
2016: Gen Feb Mar Apr Mag Giu Lug Ago Set Ott Nov Dic
2015: Gen Feb Mar Apr Mag Giu Lug Ago Set Ott Nov Dic
2014: Gen Feb Mar Apr Mag Giu Lug Ago Set Ott Nov Dic
2013: Gen Feb Mar Apr Mag Giu Lug Ago Set Ott Nov Dic
2012: Gen Feb Mar Apr Mag Giu Lug Ago Set Ott Nov Dic
2011: Gen Feb Mar Apr Mag Giu Lug Ago Set Ott Nov Dic

Report per 2013 Gennaio
                   Monthly Climatological Summary for gen 2013

Name: MeteoPietrasanta   City: Pietrasanta   State: Italia
Elevation: 14 m  Lat: N 44 36' 37"   Lon: E 010 23' 20"

                  Temperature (C), Rain (mm), Wind Speed (km/h)

                                      Heat  Cool        Avg
    Mean                              Deg   Deg         Wind                 Dom
Day Temp  High   Time   Low    Time   Days  Days  Rain  Speed High   Time    Dir
----------------------------------------------------------------------------------
 1   7,1  12,4   13.52   1,1   06.12  11,2   0,0   0,0   5,1  19,4   22.33     E
 2   9,6  11,6   18.32   6,5   23.49   8,7   0,0  22,5   9,5  27,0   01.53   ESE
 3   9,0  17,2   15.42   4,8   07.28   9,2   0,0   0,3   3,8  11,2   13.57   ENE
 4   7,9  15,2   12.17   2,4   07.08  10,4   0,0   0,0   2,4  13,3   12.51   ENE
 5   9,6  12,3   14.04   7,5   00.10   8,7   0,0   0,0   1,4   9,7   12.34   SSO
 6  10,3  12,1   12.19   8,5   23.58   8,0   0,0   0,0   3,1  15,8   13.33   NNO
 7   9,5  15,8   14.20   4,9   06.42   8,8   0,0   0,0   3,1  23,4   00.19   ESE
 8   9,5  15,9   14.38   7,1   20.58   8,8   0,0   0,0   2,7  11,2   09.34   SSE
 9   9,9  12,2   12.24   8,2   00.19   8,4   0,0   0,0   1,8  14,8   00.54    SE
10  10,0  13,8   14.16   8,2   20.23   8,3   0,0   0,0   2,1  14,8   15.09    NO
11   9,5  16,9   15.50   5,7   23.17   8,8   0,0   5,4   5,8  25,6   08.11     E
12   8,3  13,2   12.19   4,3   05.33  10,0   0,0   1,2   3,0  18,4   13.33   ESE
13   8,3  10,5   11.30   6,9   19.34  10,0   0,0  26,4   5,0  27,0   15.24   ESE
14   7,9  14,6   14.47   3,3   22.44  10,5   0,0  24,3   4,5  25,6   22.58   ESE
15   6,0   8,3   13.18   4,7   02.50  12,3   0,0  17,7  10,4  54,0   13.30     E
16   5,6  11,9   16.21   1,2   23.54  12,7   0,0   6,0   2,5  23,4   00.20     E
17   3,7   8,8   16.17  -0,1   04.58  14,6   0,0   0,3   3,3  22,0   20.32     E
18   5,3  13,1   15.58   0,0   06.23  13,0   0,0   0,0   3,5  19,4   14.08   ENE
19   6,5  10,8   22.32   1,4   01.54  11,8   0,0   9,3  12,9  34,2   21.40   ESE
20  12,1  14,1   05.53   9,8   22.53   6,2   0,0  51,3  10,9  47,9   00.13     E
21   9,9  15,7   12.56   7,8   19.13   8,4   0,0  12,3   5,9  23,4   04.12   ESE
22   9,2  16,4   13.01   6,1   21.25   9,1   0,0   5,1   6,0  25,6   02.20     E
23   8,6  13,0   15.19   5,4   01.57   9,7   0,0   2,1  10,6  34,2   13.03   ESE
24   7,7  15,8   13.18   3,2   08.11  10,6   0,0   0,0   3,6  12,2   13.25     E
25   7,8  14,9   14.02   2,3   23.53  10,5   0,0   1,2   4,6  19,4   12.37   SSE
26   5,0  12,3   15.00  -0,4   08.14  13,5   0,0   0,0   4,2  17,3   13.17     E
27   5,5  13,9   13.24  -0,2   02.58  12,8   0,0   0,0   3,6  13,3   13.17     E
28   6,9   9,9   16.52   4,2   22.49  11,4   0,0   6,0   3,9  17,3   03.23     E
29   7,7  14,7   12.51   1,7   04.27  10,6   0,0   0,3   3,0  15,8   13.21     N
30  10,4  12,6   13.58   8,1   02.09   8,0   0,0   0,0   2,1   9,7   12.14    NE
31  11,9  18,2   16.19   7,7   07.43   6,5   0,0   0,0   3,6  25,6   14.47     E
----------------------------------------------------------------------------------
     8,3  18,2    31    -0,4    26   311,5   0,0 191,7   4,8  54,0    15       E

Max >=  27,0:  0
Max <=   0,0:  0
Min <=   0,0:  4
Min <= -18,0:  0
Max Rain: 51,3 on day 20
Days of Rain: 17 (>= 0,2 mm)  12 (>= 2,0 mm)  4 (>= 20,0 mm)
Heat Base: 18,3  Cool Base: 18,3  Method: Integration