Selezionare Mese o Anno per visualizzare Report
2018: Gen Feb Mar Apr Mag Giu Lug Ago Set Ott Nov Dic
2017: Gen Feb Mar Apr Mag Giu Lug Ago Set Ott Nov Dic
2016: Gen Feb Mar Apr Mag Giu Lug Ago Set Ott Nov Dic
2015: Gen Feb Mar Apr Mag Giu Lug Ago Set Ott Nov Dic
2014: Gen Feb Mar Apr Mag Giu Lug Ago Set Ott Nov Dic
2013: Gen Feb Mar Apr Mag Giu Lug Ago Set Ott Nov Dic
2012: Gen Feb Mar Apr Mag Giu Lug Ago Set Ott Nov Dic
2011: Gen Feb Mar Apr Mag Giu Lug Ago Set Ott Nov Dic

Report per 2013 Aprile
                   Monthly Climatological Summary for apr 2013

Name: MeteoPietrasanta   City: Pietrasanta   State: Italia
Elevation: 14 m  Lat: N 44 36' 37"   Lon: E 010 23' 20"

                  Temperature (C), Rain (mm), Wind Speed (km/h)

                                      Heat  Cool        Avg
    Mean                              Deg   Deg         Wind                 Dom
Day Temp  High   Time   Low    Time   Days  Days  Rain  Speed High   Time    Dir
----------------------------------------------------------------------------------
 1  13,2  18,8   15.21   9,7   06.38   5,1   0,0   0,6   7,0  39,2   00.17    SE
 2  11,5  15,7   13.43   9,0   07.07   6,8   0,0   4,5   4,2  24,5   04.30    SO
 3  12,8  18,0   17.34   7,9   07.18   5,5   0,0   0,0   6,3  28,1   14.00   OSO
 4  13,0  15,8   13.36   9,5   04.53   5,3   0,0   0,9   9,3  30,6   20.50    SE
 5  11,8  16,0   01.09   9,1   10.25   6,5   0,0  23,1   5,9  31,7   01.09   ONO
 6  14,6  20,5   16.26   9,9   07.49   3,9   0,2   0,0   5,6  24,5   12.24   SSO
 7  13,9  19,6   17.13   9,6   06.18   4,4   0,1   0,0   5,5  25,6   14.39   ONO
 8  10,8  14,2   15.23   8,4   22.21   7,5   0,0  21,0   6,0  30,6   19.28     E
 9  13,0  18,8   15.23   8,8   00.54   5,3   0,0   3,3   5,1  27,0   15.14   ONO
10  14,4  18,9   16.36  11,4   04.46   3,9   0,0   0,3   8,3  30,6   14.11   SSE
11  14,8  21,4   12.54   9,7   07.16   3,7   0,2   0,0   4,9  24,5   13.57     S
12  15,3  21,7   16.17  11,0   23.47   3,3   0,3   6,6   7,6  28,1   14.59     E
13  15,1  19,4   18.08  10,5   23.48   3,3   0,1   0,0   8,7  30,6   14.32   SSE
14  15,3  21,8   14.52   8,4   06.32   3,9   0,9   0,0   5,9  23,4   14.07   ONO
15  16,1  23,6   11.33   9,5   05.56   3,5   1,3   0,0   6,0  24,5   11.39   ONO
16  15,7  23,0   15.32  10,1   06.45   3,3   0,8   0,0   5,7  24,5   16.21   OSO
17  18,6  27,6   15.06  11,6   02.31   2,5   2,7   0,0   5,1  20,9   13.49     O
18  17,1  19,1   08.42  12,2   06.26   1,7   0,5   0,0   3,8   6,1   00.09   SSE
19  19,1  23,6   16.22  13,9   23.49   0,5   1,3   0,0   5,5  23,4   13.07    SO
20  13,9  17,7   16.45  10,5   23.59   4,3   0,0   8,4   5,3  27,0   15.50    NO
21  12,8  19,2   15.06   8,0   06.19   5,5   0,0   0,0   4,5  29,5   15.37    SO
22  12,5  18,2   14.52   9,5   02.09   5,8   0,0   1,5   5,4  40,3   16.16    NO
23  14,4  21,5   17.59   8,7   06.22   4,1   0,2   0,3   4,3  22,0   14.53    NO
24  17,6  24,6   16.56   8,6   05.07   2,9   2,2   0,0   5,0  20,9   11.55   ONO
25  19,4  26,1   09.50  12,9   04.11   1,3   2,4   0,0   3,4  17,3   14.54   ONO
26  19,8  26,8   12.51  16,2   06.52   0,4   1,9   0,0   4,6  27,0   15.15   SSE
27  15,9  18,4   01.31  14,4   23.17   2,4   0,0  31,8   8,6  29,5   18.27   ESE
28  16,8  22,8   14.49  13,8   04.10   2,0   0,5   0,0   4,1  24,5   15.21    SE
29  21,8  29,5   14.55  15,5   00.13   0,1   3,5   0,0   6,5  28,1   10.53   ESE
30  22,4  29,3   14.14  17,0   04.20   0,1   4,2   0,6   7,5  22,0   08.55    SE
----------------------------------------------------------------------------------
    15,4  29,5    29     7,9     3   108,8  23,3 102,9   5,9  40,3    22     SSO

Max >=  27,0:  3
Max <=   0,0:  0
Min <=   0,0:  0
Min <= -18,0:  0
Max Rain: 31,8 on day 27
Days of Rain: 13 (>= 0,2 mm)  7 (>= 2,0 mm)  3 (>= 20,0 mm)
Heat Base: 18,3  Cool Base: 18,3  Method: Integration