Selezionare Mese o Anno per visualizzare Report
2018: Gen Feb Mar Apr Mag Giu Lug Ago Set Ott Nov Dic
2017: Gen Feb Mar Apr Mag Giu Lug Ago Set Ott Nov Dic
2016: Gen Feb Mar Apr Mag Giu Lug Ago Set Ott Nov Dic
2015: Gen Feb Mar Apr Mag Giu Lug Ago Set Ott Nov Dic
2014: Gen Feb Mar Apr Mag Giu Lug Ago Set Ott Nov Dic
2013: Gen Feb Mar Apr Mag Giu Lug Ago Set Ott Nov Dic
2012: Gen Feb Mar Apr Mag Giu Lug Ago Set Ott Nov Dic
2011: Gen Feb Mar Apr Mag Giu Lug Ago Set Ott Nov Dic

Report per 2013 Maggio
                   Monthly Climatological Summary for mag 2013

Name: MeteoPietrasanta   City: Pietrasanta   State: Italia
Elevation: 14 m  Lat: N 44 36' 37"   Lon: E 010 23' 20"

                  Temperature (C), Rain (mm), Wind Speed (km/h)

                                      Heat  Cool        Avg
    Mean                              Deg   Deg         Wind                 Dom
Day Temp  High   Time   Low    Time   Days  Days  Rain  Speed High   Time    Dir
----------------------------------------------------------------------------------
 1  21,0  28,7   10.27  16,4   06.35   0,2   3,0   0,0   5,1  47,9   16.52   SSE
 2  18,9  25,4   17.22  14,5   23.47   0,8   1,4   0,0   3,6  15,8   14.17     O
 3  17,6  22,5   11.46  12,9   05.11   1,9   1,2   0,0   5,6  27,0   15.08     O
 4  17,8  24,6   16.43  11,1   06.12   2,3   1,9   0,0   6,2  24,5   16.11     O
 5  15,5  19,7   18.56   7,5   15.55   2,8   0,1  20,4   3,5  13,3   10.41   NNE
 6  17,4  22,7   16.19  11,8   06.11   2,0   1,1   0,3   6,1  29,5   13.41     O
 7  17,8  22,0   12.47  15,2   00.06   1,0   0,6   0,0   5,6  28,1   14.33     O
 8  18,2  24,0   10.13  12,8   06.09   1,6   1,4   0,0   5,5  24,5   12.15     O
 9  19,2  25,5   16.58  13,3   06.43   1,4   2,3   0,0   5,5  28,1   15.24   ONO
10  18,7  23,4   11.22  15,5   06.41   1,0   1,4   0,9   4,3  18,4   12.44   SSO
11  18,1  22,0   15.23  15,3   06.10   1,1   0,9   4,2   7,4  28,1   16.44   OSO
12  18,9  23,4   09.26  13,8   06.10   1,1   1,6   0,0   6,4  27,0   15.11   OSO
13  17,8  23,3   16.55  11,8   06.07   2,1   1,5   0,0   6,3  27,0   17.06   OSO
14  18,6  25,2   18.41  12,5   05.51   1,9   2,2   0,0   5,6  24,5   14.25    SO
15  18,2  23,3   12.56  14,0   04.24   1,1   1,1   0,0   5,9  23,4   10.06    SE
16  16,6  18,5   18.20  14,5   06.50   1,8   0,0  36,3  11,1  30,6   01.11    SE
17  16,9  20,0   16.40  13,9   22.17   1,6   0,2   3,9   9,1  37,8   17.05   OSO
18  16,4  21,7   11.41  11,6   06.30   2,4   0,5   4,8   5,9  27,0   11.16   ESE
19  16,7  20,7   17.36  12,3   06.27   2,0   0,4  18,0   7,9  41,8   14.48     O
20  16,5  20,9   16.24  12,8   23.54   2,3   0,5   0,0  10,3  37,8   09.55   OSO
21  16,2  21,9   18.07  10,9   05.51   2,9   0,9   0,0   6,2  25,6   13.54   OSO
22  17,1  24,3   18.45   8,8   05.11   2,9   1,6   0,0   5,5  28,1   12.56     O
23  18,1  23,9   14.47  12,7   05.38   1,9   1,7   0,0   7,2  28,1   12.44   OSO
24  15,8  19,0   15.12  11,9   06.49   2,5   0,0   2,4  15,7  50,0   03.35   SSO
25  12,6  15,5   10.31   8,0   23.36   5,8   0,0   5,7   9,8  60,1   10.49    SO
26  14,1  19,7   14.32   7,5   05.52   4,3   0,1   0,0   8,2  43,9   15.12   OSO
27  16,1  20,6   16.20  12,4   01.34   2,5   0,3   0,0   8,6  30,6   12.36   OSO
28  15,8  20,7   13.59  12,4   00.57   2,7   0,2   0,0   5,3  23,4   14.42   SSE
29  15,9  18,7   15.18  13,8   03.35   2,4   0,0   7,5   9,9  33,1   05.14    SO
30  15,1  19,1   15.20  11,5   23.31   3,2   0,0   0,6  10,8  31,7   15.52   OSO
31  15,4  21,0   18.30  10,4   05.07   3,1   0,2   0,0   8,1  40,3   12.34   SSO
----------------------------------------------------------------------------------
    17,1  28,7     1     7,5     5    66,6  28,3 105,0   7,0  60,1    25      SO

Max >=  27,0:  1
Max <=   0,0:  0
Min <=   0,0:  0
Min <= -18,0:  0
Max Rain: 36,3 on day 16
Days of Rain: 12 (>= 0,2 mm)  9 (>= 2,0 mm)  2 (>= 20,0 mm)
Heat Base: 18,3  Cool Base: 18,3  Method: Integration