Selezionare Mese o Anno per visualizzare Report
2018: Gen Feb Mar Apr Mag Giu Lug Ago Set Ott Nov Dic
2017: Gen Feb Mar Apr Mag Giu Lug Ago Set Ott Nov Dic
2016: Gen Feb Mar Apr Mag Giu Lug Ago Set Ott Nov Dic
2015: Gen Feb Mar Apr Mag Giu Lug Ago Set Ott Nov Dic
2014: Gen Feb Mar Apr Mag Giu Lug Ago Set Ott Nov Dic
2013: Gen Feb Mar Apr Mag Giu Lug Ago Set Ott Nov Dic
2012: Gen Feb Mar Apr Mag Giu Lug Ago Set Ott Nov Dic
2011: Gen Feb Mar Apr Mag Giu Lug Ago Set Ott Nov Dic

Report per 2013 Luglio
                   Monthly Climatological Summary for lug 2013

Name: MeteoPietrasanta   City: Pietrasanta   State: Italia
Elevation: 14 m  Lat: N 44 36' 37"   Lon: E 010 23' 20"

                  Temperature (C), Rain (mm), Wind Speed (km/h)

                                      Heat  Cool        Avg
    Mean                              Deg   Deg         Wind                 Dom
Day Temp  High   Time   Low    Time   Days  Days  Rain  Speed High   Time    Dir
----------------------------------------------------------------------------------
 1  21,9  27,3   15.22  16,0   06.26   0,4   3,9   0,0   7,0  22,0   02.14   NNO
 2  22,7  28,8   18.06  16,8   05.06   0,2   4,6   0,0   7,1  23,4   22.51     N
 3  21,8  25,7   13.34  18,4   05.09   0,0   3,6   0,0   5,9  22,0   01.13   NNO
 4  23,2  27,2   15.18  19,3   05.56   0,0   4,9   0,0   6,3  22,0   15.50    NO
 5  25,8  32,1   16.09  19,7   05.30   0,0   7,5   0,0   6,4  22,0   01.15    NO
 6  26,6  31,3   14.22  21,6   05.56   0,0   8,3   0,0   6,5  21,9   15.18   NNO
 7  27,3  33,3   18.06  22,3   04.02   0,0   9,0   0,0   6,9  34,2   20.07   NNO
 8  27,2  33,2   16.18  21,2   06.07   0,0   8,9   0,0   5,4  33,1   17.20     N
 9  25,7  30,4   16.09  21,5   05.33   0,0   7,4   0,0   7,8  24,5   17.29   NNO
10  25,7  31,3   16.37  21,2   05.32   0,0   7,4   0,0   6,6  22,0   19.05   NNO
11  24,4  27,8   15.38  20,9   05.53   0,0   6,1   0,0   6,3  19,4   05.39    NO
12  24,2  28,0   15.01  19,9   05.51   0,0   5,9   0,0   7,8  22,0   04.11    NO
13  24,1  28,2   18.24  20,2   06.11   0,0   5,8   0,0   6,7  19,4   01.35   NNO
14  25,0  29,7   18.27  20,4   05.42   0,0   6,7   0,0   7,5  22,0   02.12    NO
15  25,6  30,3   17.03  20,8   05.39   0,0   7,3   0,0   7,2  19,4   18.20    NO
16  25,3  30,1   16.08  20,7   05.20   0,0   7,0   0,0   7,2  19,4   14.50    NO
17  26,6  33,2   15.48  22,0   06.08   0,0   8,3   0,0   5,5  25,6   16.39    NO
18  25,5  20,1   13.48  22,2   05.47   0,0   7,2   3,6   6,8  25,6   15.02     N
19  22,4  28,0   19.53  18,8   07.55   0,0   4,2  19,8   4,1   9,7   21.23    NE
20  25,0  32,0   12.57  19,3   05.22   0,0   6,7   0,6   4,5  20,9   11.49   ONO
21  26,9  34,4   17.26  18,5   05.40   0,0   8,6   0,0   4,9  24,5   15.52     O
22  27,2  34,9   10.12  20,6   04.13   0,0   8,9   4,2   5,9  27,0   14.47     O
23  26,6  32,9   10.37  19,9   03.39   0,0   8,3   0,0   6,6  29,5   15.50   OSO
24  26,6  32,7   10.39  20,8   06.11   0,0   8,3   0,0   7,1  28,1   13.02   OSO
25  27,0  32,6   10.25  20,5   05.36   0,0   8,7   0,0   6,2  24,5   15.54    SO
26  27,4  32,5   14.16  22,1   05.52   0,0   9,1   0,0   6,7  23,4   14.45     O
27  27,9  34,5   16.24  21,6   06.06   0,0   9,6   0,0   6,1  18,4   11.13   OSO
28  28,6  36,6   09.40  21,1   05.44   0,0  10,3   0,0   6,7  30,6   14.37     S
29  26,4  30,5   09.41  22,6   23.44   0,0   8,1   4,8   7,2  33,1   18.38   ESE
30  26,2  31,8   17.01  19,5   06.19   0,0   7,9   0,0   5,9  25,6   13.37   OSO
31  26,8  33,7   09.54  17,9   06.28   0,0   8,5   0,0   5,9  23,4   14.46     O
----------------------------------------------------------------------------------
    25,4  36,6    28    17,9    31     0,6 219,7  33,0   5,1  33,1    29     NNE

Max >=  27,0: 29
Max <=   0,0:  0
Min <=   0,0:  0
Min <= -18,0:  0
Max Rain: 19,8 on day 19
Days of Rain: 4 (>= 0,2 mm)  3 (>= 2,0 mm)  0 (>= 20,0 mm)
Heat Base: 18,3  Cool Base: 18,3  Method: Integration