Selezionare Mese o Anno per visualizzare Report
2018: Gen Feb Mar Apr Mag Giu Lug Ago Set Ott Nov Dic
2017: Gen Feb Mar Apr Mag Giu Lug Ago Set Ott Nov Dic
2016: Gen Feb Mar Apr Mag Giu Lug Ago Set Ott Nov Dic
2015: Gen Feb Mar Apr Mag Giu Lug Ago Set Ott Nov Dic
2014: Gen Feb Mar Apr Mag Giu Lug Ago Set Ott Nov Dic
2013: Gen Feb Mar Apr Mag Giu Lug Ago Set Ott Nov Dic
2012: Gen Feb Mar Apr Mag Giu Lug Ago Set Ott Nov Dic
2011: Gen Feb Mar Apr Mag Giu Lug Ago Set Ott Nov Dic

Report per 2013 Agosto
                   Monthly Climatological Summary for ago 2013

Name: MeteoPietrasanta   City: Pietrasanta   State: Italia
Elevation: 14 m  Lat: N 44 36' 37"   Lon: E 010 23' 20"

                  Temperature (C), Rain (mm), Wind Speed (km/h)

                                      Heat  Cool        Avg
    Mean                              Deg   Deg         Wind                 Dom
Day Temp  High   Time   Low    Time   Days  Days  Rain  Speed High   Time    Dir
----------------------------------------------------------------------------------
 1  28,2  36,0   10.24  20,0   06.39   0,0   9,9   0,0   5,5  24,5   13.52     O
 2  28,1  35,4   16.59  19,2   06.35   0,0   9,8   0,0   5,5  27,0   15.15   OSO
 3  27,5  34,1   10.38  20,4   06.15   0,0   9,2   0,0   6,4  28,1   17.06     O
 4  27,1  34,1   16.11  20,4   03.44   0,0   8,8   0,0   6,3  23,4   13.50   OSO
 5  26,8  33,3   10.39  21,1   04.27   0,0   8,5   0,0   7,1  28,1   16.26     O
 6  26,5  34,0   12.31  19,9   05.11   0,0   8,2   0,0   5,4  23,4   13.34     O
 7  27,7  36,2   13.08  19,4   06.37   0,0   9,4   0,0   6,0  30,6   13.29   SSE
 8  29,3  34,8   14.54  21,7   23.54   0,0  11,0   0,9   5,6  18,4   13.54    SE
 9  25,6  32,1   13.24  20,3   06.24   0,0   7,3   0,9   7,5  22,0   01.54   OSO
10  26,2  32,6   18.24  19,0   05.54   0,0   7,9   0,0   6,5  15,8   15.24   OSO
11  26,9  32,8   14.54  19,8   05.54   0,0   8,6   0,0   5,6  15,8   13.24    NO
12  26,7  33,2   16.24  20,3   06.24   0,0   8,4   0,0   7,7  25,6   12.24     O
13  26,1  32,1   16.54  19,7   06.24   0,0   7,8   0,0   6,5  20,9   15.54   OSO
14  26,7  34,2   17.39  20,0   05.54   0,0   8,4   0,0   5,4  22,0   15.35     S
15  26,2  32,2   17.49  19,5   07.09   0,0   7,9   0,0   6,3  25,6   14.29     O
16  26,0  32,7   13.40  18,3   05.51   0,0   7,7   0,0   6,0  30,6   16.10     O
17  25,8  32,4   15.57  18,2   05.36   0,0   7,5   0,0   6,0  20,9   13.49     O
18  25,6  31,9   17.27  19,5   05.29   0,0   7,3   0,0   6,6  25,6   14.24   OSO
19  25,2  31,4   09.33  18,9   06.15   0,0   6,9   0,0   6,3  27,0   14.43   OSO
20  25,5  32,4   16.14  18,1   06.46   0,0   7,2   1,8   6,4  27,0   15.42     O
21  25,1  31,7   17.33  17,8   06.46   0,0   6,8   0,0   6,0  28,1   14.48   OSO
22  24,9  31,5   16.23  17,7   05.26   0,0   6,6   0,0   5,8  28,1   16.04   OSO
23  24,9  31,6   14.13  18,6   04.31   0,0   6,6   0,0   5,5  22,0   15.14   OSO
24  24,7  31,7   16.13  18,2   06.40   0,0   6,4   0,0   5,4  25,6   14.10    SO
25  22,8  28,9   12.19  16,9   03.29   0,1   4,6  33,9   7,8  46,4   03.22   SSE
26  24,1  29,5   15.06  19,4   23.47   0,0   5,8   0,0   8,7  31,7   10.51    SO
27  23,3  30,0   09.15  15,9   06.47   0,2   5,2   0,0   5,2  24,5   16.39   OSO
28  23,3  29,1   11.27  18,2   03.10   0,0   5,0   1,8   6,7  25,6   14.36   SSO
29  24,4  31,8   15.47  17,8   06.06   0,0   6,2   0,3   5,3  29,5   16.09     O
30  24,2  31,6   11.09  18,0   06.21   0,0   5,9   0,0   4,7  27,0   15.48   ONO
31  24,4  32,0   15.39  17,0   05.25   0,1   6,2   0,0   5,6  27,0   14.54     O
----------------------------------------------------------------------------------
    25,8  36,2     7    15,9    27     0,4 233,0  39,6   6,1  46,4    25     OSO

Max >=  27,0: 31
Max <=   0,0:  0
Min <=   0,0:  0
Min <= -18,0:  0
Max Rain: 33,9 on day 25
Days of Rain: 6 (>= 0,2 mm)  1 (>= 2,0 mm)  1 (>= 20,0 mm)
Heat Base: 18,3  Cool Base: 18,3  Method: Integration