Selezionare Mese o Anno per visualizzare Report
2018: Gen Feb Mar Apr Mag Giu Lug Ago Set Ott Nov Dic
2017: Gen Feb Mar Apr Mag Giu Lug Ago Set Ott Nov Dic
2016: Gen Feb Mar Apr Mag Giu Lug Ago Set Ott Nov Dic
2015: Gen Feb Mar Apr Mag Giu Lug Ago Set Ott Nov Dic
2014: Gen Feb Mar Apr Mag Giu Lug Ago Set Ott Nov Dic
2013: Gen Feb Mar Apr Mag Giu Lug Ago Set Ott Nov Dic
2012: Gen Feb Mar Apr Mag Giu Lug Ago Set Ott Nov Dic
2011: Gen Feb Mar Apr Mag Giu Lug Ago Set Ott Nov Dic

Report per 2013 Settembre
                   Monthly Climatological Summary for set 2013

Name: MeteoPietrasanta   City: Pietrasanta   State: Italia
Elevation: 14 m  Lat: N 44 36' 37"   Lon: E 010 23' 20"

                  Temperature (C), Rain (mm), Wind Speed (km/h)

                                      Heat  Cool        Avg
    Mean                              Deg   Deg         Wind                 Dom
Day Temp  High   Time   Low    Time   Days  Days  Rain  Speed High   Time    Dir
----------------------------------------------------------------------------------
 1  24,5  32,9   15.19  17,7   06.29   0,0   6,2   0,0   4,9  25,6   15.52     O
 2  24,6  32,7   17.28  17,7   06.39   0,0   6,4   0,0   4,9  24,5   15.49     O
 3  24,7  31,8   13.59  18,0   06.57   0,0   6,4   0,0   5,3  27,0   14.21   OSO
 4  25,5  34,0   15.55  17,5   05.22   0,0   7,3   0,0   4,8  19,4   15.18   OSO
 5  24,9  33,2   13.51  18,3   05.43   0,0   6,6   0,0   5,5  19,4   14.20   OSO
 6  24,6  32,5   16.55  17,8   04.57   0,0   6,3   0,0   5,3  27,0   15.03     O
 7  24,5  31,4   14.13  18,2   06.11   0,0   6,2   0,0   5,7  25,6   14.42   OSO
 8  22,7  28,3   12.40  19,5   05.19   0,0   4,4  23,4  11,6  57,6   14.43    NO
 9  24,4  30,5   14.25  20,8   20.53   0,0   6,1   0,0   6,8  28,1   15.24   OSO
10  23,4  24,7   11.22  20,6   02.25   0,0   5,1   0,0  14,8  40,3   11.06    SO
11  24,7  24,7   00.00  24,7   00.00   0,0   6,4   0,0  17,8  20,9   00.00    SO
12  24,7  24,7   00.00  24,7   00.00   0,0   6,4   0,0  17,8  20,9   00.00    SO
13  24,7  24,7   00.00  24,7   00.00   0,0   6,4   0,0  17,8  20,9   00.00    SO
14  24,7  24,7   00.00  24,7   00.00   0,0   6,4   0,0  17,8  20,9   00.00    SO
15  24,7  24,7   00.00  24,7   00.00   0,0   6,4   0,0  17,8  20,9   00.00    SO
16  24,7  24,7   00.00  24,7   00.00   0,0   6,4   0,0  17,8  20,9   00.00    SO
17  23,7  28,9   13.23  17,0   23.55   0,1   5,7  50,1  14,9  35,6   18.16    SO
18  19,1  24,0   12.25  13,9   06.55   1,1   1,9   2,7   6,0  27,0   12.55   ESE
19  21,6  28,2   14.25  16,2   23.59   0,1   3,4   0,0   6,1  18,4   14.55    SE
20  21,2  30,0   13.35  15,1   06.34   0,9   3,8   0,0   4,6  22,0   16.46     O
21  20,9  28,5   13.50  13,9   06.26   1,1   3,6   0,0   4,4  22,0   15.22     O
22  21,8  30,1   14.13  15,8   05.07   0,6   4,1   0,0   4,4  22,0   15.13    NO
23  20,8  28,6   13.37  15,0   04.13   1,1   3,6   0,0   4,9  23,4   17.14     O
24  19,9  27,2   16.23  13,7   07.20   1,4   2,9   0,0   5,5  22,0   14.12    SO
25  19,9  28,0   16.19  13,0   06.25   1,4   2,9   0,0   4,8  20,9   13.36   SSO
26  20,9  28,5   14.39  17,2   00.28   0,2   2,8   0,0   4,0  24,5   15.05     O
27  20,9  25,9   15.50  18,4   00.05   0,0   2,6   0,0   2,4  14,8   15.03   OSO
28  22,3  27,6   14.55  19,2   06.55   0,0   4,0   0,0   3,5  13,3   11.55     S
29  18,9  22,3   01.26  16,7   10.26   0,5   1,1  42,0   6,6  22,0   10.26   ESE
30  19,1  26,7   15.25  15,9   05.48   0,6   1,4  15,6   2,7  17,3   17.04    NE
----------------------------------------------------------------------------------
    22,8  34,0     4    13,0    25     9,1 143,2 133,8   8,5  57,6     8      SO

Max >=  27,0: 19
Max <=   0,0:  0
Min <=   0,0:  0
Min <= -18,0:  0
Max Rain: 50,1 on day 17
Days of Rain: 5 (>= 0,2 mm)  5 (>= 2,0 mm)  3 (>= 20,0 mm)
Heat Base: 18,3  Cool Base: 18,3  Method: Integration