Selezionare Mese o Anno per visualizzare Report
2018: Gen Feb Mar Apr Mag Giu Lug Ago Set Ott Nov Dic
2017: Gen Feb Mar Apr Mag Giu Lug Ago Set Ott Nov Dic
2016: Gen Feb Mar Apr Mag Giu Lug Ago Set Ott Nov Dic
2015: Gen Feb Mar Apr Mag Giu Lug Ago Set Ott Nov Dic
2014: Gen Feb Mar Apr Mag Giu Lug Ago Set Ott Nov Dic
2013: Gen Feb Mar Apr Mag Giu Lug Ago Set Ott Nov Dic
2012: Gen Feb Mar Apr Mag Giu Lug Ago Set Ott Nov Dic
2011: Gen Feb Mar Apr Mag Giu Lug Ago Set Ott Nov Dic

Report per 2013 Ottobre
                   Monthly Climatological Summary for ott 2013

Name: MeteoPietrasanta   City: Pietrasanta   State: Italia
Elevation: 14 m  Lat: N 44 36' 37"   Lon: E 010 23' 20"

                  Temperature (C), Rain (mm), Wind Speed (km/h)

                                      Heat  Cool        Avg
    Mean                              Deg   Deg         Wind                 Dom
Day Temp  High   Time   Low    Time   Days  Days  Rain  Speed High   Time    Dir
----------------------------------------------------------------------------------
 1  19,5  26,7   16.39  14,8   06.43   1,1   2,3   0,0   3,9  18,4   13.10   OSO
 2  20,8  29,4   15.32  15,9   07.05   0,8   3,2   0,0   3,8  17,3   11.16     O
 3  20,0  28,6   13.42  13,9   07.14   1,1   2,7   0,0   3,8  19,4   13.45   SSE
 4  19,1  27,3   13.37  15,3   00.00   0,8   1,7   0,0   3,2  17,3   23.21   ENE
 5  18,3  21,1   11.28  15,1   06.54   0,7   0,7  29,1   3,3  66,2   04.01   ESE
 6  19,9  27,9   12.58  17,0   06.45   0,4   2,0   0,3   2,8  18,4   14.18   OSO
 7  19,3  29,1   16.05  14,8   07.28   0,9   2,0   0,9   2,8  13,3   16.21    NO
 8  18,9  26,7   15.40  14,2   07.19   1,4   2,0   3,0   2,7  19,4   13.36   SSO
 9  18,5  24,1   16.43  15,2   23.49   1,2   1,4   0,0   3,6  20,9   15.16     O
10  18,0  21,1   15.45  15,3   00.16   0,9   0,6  11,7  11,7  67,3   23.58   SSO
11  16,0  20,6   13.53  11,4   07.58   2,6   0,3   0,0  10,3  55,1   01.21     S
12  15,8  24,5   14.44  11,8   23.28   3,5   0,9   7,5   4,3  20,9   14.27   ENE
13  15,7  24,2   15.35   9,3   07.21   3,6   1,0   0,0   3,2  13,3   12.21    SE
14  15,9  18,6   15.06  13,7   04.48   2,4   0,0   8,4   2,4  18,4   21.56   ENE
15  18,1  25,4   12.33  14,7   07.52   1,3   1,2   1,2   2,8  40,3   00.21   SSO
16  19,1  26,7   16.46  14,6   23.03   1,3   2,1   5,1   4,3  28,1   13.52     O
17  18,6  26,4   14.43  12,1   07.23   2,0   2,3   0,0   4,2  19,4   15.09    SO
18  18,1  25,8   11.09  11,6   06.25   2,3   2,0   0,0   2,9  15,8   12.28   OSO
19  18,3  25,3   09.48  13,5   07.25   1,5   1,5   0,0   2,8  25,6   10.11   ENE
20  19,4  22,6   10.47  14,8   02.39   0,6   1,7   3,0   8,3  27,0   13.30   ESE
21  20,0  24,6   12.36  17,1   03.28   0,1   1,9  68,7  10,5  31,7   15.42     E
22  22,1  26,5   12.58  20,5   04.50   0,0   3,8   0,0  10,5  24,5   00.48   ESE
23  21,8  24,5   14.33  20,5   22.33   0,0   3,5   0,0  11,4  28,1   06.34   ESE
24  21,1  27,4   14.36  16,4   04.38   0,1   3,0   0,0   7,4  40,3   04.25   ESE
25  20,9  27,9   16.56  16,9   07.45   0,1   2,7   0,0   4,2  19,4   14.50    SE
26  20,1  25,8   14.01  16,5   06.44   0,4   2,1   0,0   4,1  20,9   13.50    SE
27  20,2  23,5   15.56  17,1   02.32   0,1   2,1   0,0   3,9  17,3   15.59   SSE
28  21,5  24,2   08.54  18,9   06.41   0,0   3,2   0,0   3,9   8,6   09.18   SSE
29  22,4  22,4   00.00  22,4   00.00   0,0   4,1   0,0   4,8   5,0   00.00     S
30  22,4  22,4   00.00  22,4   00.00   0,0   4,1   0,0   4,8   5,0   00.00     S
31  22,4  22,4   00.00  22,4   00.00   0,0   4,1   0,0   4,8   5,0   00.00     S
----------------------------------------------------------------------------------
    19,4  29,4     2     9,3    13    31,2  66,2 138,9   5,0  67,3    10     SSE

Max >=  27,0:  7
Max <=   0,0:  0
Min <=   0,0:  0
Min <= -18,0:  0
Max Rain: 68,7 on day 21
Days of Rain: 11 (>= 0,2 mm)  8 (>= 2,0 mm)  2 (>= 20,0 mm)
Heat Base: 18,3  Cool Base: 18,3  Method: Integration