Selezionare Mese o Anno per visualizzare Report
2018: Gen Feb Mar Apr Mag Giu Lug Ago Set Ott Nov Dic
2017: Gen Feb Mar Apr Mag Giu Lug Ago Set Ott Nov Dic
2016: Gen Feb Mar Apr Mag Giu Lug Ago Set Ott Nov Dic
2015: Gen Feb Mar Apr Mag Giu Lug Ago Set Ott Nov Dic
2014: Gen Feb Mar Apr Mag Giu Lug Ago Set Ott Nov Dic
2013: Gen Feb Mar Apr Mag Giu Lug Ago Set Ott Nov Dic
2012: Gen Feb Mar Apr Mag Giu Lug Ago Set Ott Nov Dic
2011: Gen Feb Mar Apr Mag Giu Lug Ago Set Ott Nov Dic

Report per 2013 Dicembre
                   Monthly Climatological Summary for dic 2013

Name: MeteoPietrasanta   City: Pietrasanta   State: Italia
Elevation: 14 m  Lat: N 44 36' 37"   Lon: E 010 23' 20"

                  Temperature (C), Rain (mm), Wind Speed (km/h)

                                      Heat  Cool        Avg
    Mean                              Deg   Deg         Wind                 Dom
Day Temp  High   Time   Low    Time   Days  Days  Rain  Speed High   Time    Dir
----------------------------------------------------------------------------------
 1   9,5  16,8   14.12   4,1   08.03   8,8   0,0   0,0   5,4  27,0   01.35    SE
 2   9,9  19,1   13.33   5,9   23.27   8,4   0,0   0,0   2,9  17,3   15.57   ENE
 3   8,9  18,9   13.27   4,6   03.57   9,5   0,0   0,0   3,6   7,2   00.27   ENE
 4   8,5  18,0   13.57   1,5   06.27   9,8   0,0   0,0   2,7   8,6   12.57    NE
 5   8,2  17,7   13.15   2,7   06.08  10,1   0,0   0,0   2,1   9,7   12.52     E
 6  10,1  18,4   13.59   5,3   23.27   8,2   0,0   0,0   2,7  17,3   09.21     S
 7  10,0  18,9   14.14   4,3   01.43   8,3   0,0   0,0   2,6  17,3   12.45   SSE
 8   9,9  19,3   14.03   4,5   07.41   8,4   0,0   0,0   2,6  18,4   13.00   ENE
 9   7,7  15,1   14.54   3,4   04.45  10,6   0,0   0,0   1,4   7,2   10.50     E
10   9,3  17,8   12.52   5,0   02.56   9,0   0,0   0,0   2,4  12,2   13.48   ENE
11   9,2  19,4   13.19   2,1   07.14   9,1   0,0   0,3   1,9  11,2   14.48    NE
12   9,2  17,7   14.48   3,9   06.19   9,1   0,0   0,0   2,1  14,8   12.59     E
13   8,0  15,5   13.31   2,7   05.51  10,3   0,0   0,0   1,8  12,2   12.56     S
14   9,4  17,1   14.27   5,1   07.55   8,9   0,0   0,0   2,5  14,8   03.43   ESE
15  10,2  18,5   14.09   5,5   23.32   8,1   0,0   0,0   3,7  20,9   15.14    NE
16   8,8  19,3   14.18   2,4   07.44   9,5   0,0   0,0   3,0  14,8   13.16    NE
17   7,9  19,9   15.21   1,2   07.16  10,4   0,0   0,0   2,3  13,3   13.22    NE
18   7,4  17,3   13.25   0,5   06.57  10,9   0,0   0,0   2,3  12,2   13.43   ENE
19  10,2  15,1   12.58   3,0   02.35   8,1   0,0   0,0   8,2  25,6   22.12   ESE
20  14,0  16,0   13.00  12,6   00.19   4,3   0,0   0,3  10,4  24,5   05.29   ESE
21  14,8  18,8   12.58  13,3   07.54   3,5   0,0   0,0   7,0  20,9   00.54     E
22  13,4  15,0   14.30  11,7   19.04   4,9   0,0   0,0   4,5  15,8   11.01   ESE
23  11,4  15,0   14.31   8,1   23.53   6,9   0,0   3,3   1,5  14,8   09.49   ENE
24  11,8  15,0   13.41   8,0   01.29   6,5   0,0   2,7  10,0  33,1   20.08     E
25  14,2  15,2   12.19  12,7   22.25   4,1   0,0   3,3  15,6  43,9   22.10   ESE
26  11,5  14,1   07.08   7,3   23.34   6,8   0,0   0,0  14,2  47,9   07.47   ESE
27   9,8  18,0   12.34   4,1   08.04   8,5   0,0   0,0   3,5  12,2   13.58    NE
28  10,3  18,1   12.41   4,1   06.28   8,0   0,0   0,0   6,0  27,0   21.57     E
29  11,9  14,7   11.26   7,5   22.17   6,4   0,0   0,0   5,5  19,4   01.51   ESE
30   9,2  17,4   14.10   4,1   07.29   9,1   0,0   0,0   4,2  14,8   13.52     E
31   8,0  17,7   12.36   2,1   07.33  10,3   0,0   0,0   3,2  17,3   12.57    NE
----------------------------------------------------------------------------------
    10,1  19,9    17     0,5    18   254,8   0,0   9,9   4,6  47,9    26       E

Max >=  27,0:  0
Max <=   0,0:  0
Min <=   0,0:  0
Min <= -18,0:  0
Max Rain: 3,3 on day 23
Days of Rain: 5 (>= 0,2 mm)  3 (>= 2,0 mm)  0 (>= 20,0 mm)
Heat Base: 18,3  Cool Base: 18,3  Method: Integration