Selezionare Mese o Anno per visualizzare Report
2018: Gen Feb Mar Apr Mag Giu Lug Ago Set Ott Nov Dic
2017: Gen Feb Mar Apr Mag Giu Lug Ago Set Ott Nov Dic
2016: Gen Feb Mar Apr Mag Giu Lug Ago Set Ott Nov Dic
2015: Gen Feb Mar Apr Mag Giu Lug Ago Set Ott Nov Dic
2014: Gen Feb Mar Apr Mag Giu Lug Ago Set Ott Nov Dic
2013: Gen Feb Mar Apr Mag Giu Lug Ago Set Ott Nov Dic
2012: Gen Feb Mar Apr Mag Giu Lug Ago Set Ott Nov Dic
2011: Gen Feb Mar Apr Mag Giu Lug Ago Set Ott Nov Dic

Report per 2014
                   Annual Climatological Summary for 2014

Name: MeteoPietrasanta   City: Pietrasanta   State: Italia
Elevation: 14 m  Lat: N 44 36' 37"   Lon: E 010 23' 20"

                  Temperature (C), Heat Base: 18,3  Cool Base: 18,3
                          Dep.  Heat  Cool                       Max  Max  Min  Min
        Mean  Mean        From  Deg   Deg                        >=   <=   <=   <=
 YR MO  Max   Min   Mean  Norm  Days  Days  Hi  Date  Low  Date 27,0  0,0  0,0 -18,0
------------------------------------------------------------------------------------
 14  1  15,4  10,6  12,7   0.0   174     0  19,6  12   1,4    1    0    0    0    0
 14  2  16,7   8,1  12,0   0.0   178     1  21,6  18   3,3   24    0    0    0    0
 14  3  19,0   7,2  12,4   0.0   188     5  24,5  29   3,7    3    0    0    0    0
 14  4  21,3  15,8  18,3   0.0    49    50  25,2   7   7,5    1    0    0    0    0
 14  5  24,2  12,8  18,5   0.0    50    56  28,4  25   8,8   18    4    0    0    0
 14  6  29,9  16,5  23,5   0.0     9   166  35,9   9   0,1    8   28    0    0    0
 14  7  30,0  18,0  23,6   0.0     4   170  35,3  19  14,3   10   27    0    0    0
 14  8  29,8  19,1  24,0   0.0     0   178  33,5   7  16,0   22   28    0    0    0
 14  9  28,0  18,9  23,3   0.0    10   160  32,4  23  12,2   26   19    0    0    0
 14 10  27,3  14,0  19,7   0.0    54    98  32,5   1   6,9   28   20    0    0    0
 14 11  18,6  12,6  15,2   0.0   101     9  25,1   2   6,9   20    0    0    0    0
 14 12  17,0   7,5  11,0   0.0   229     0  21,9   3  -0,5   31    0    0    1    0
------------------------------------------------------------------------------------
        23,1  13,4  17,9   0.0  1050   898  35,9 giu  -0,5  dic  126    0    1    0

                                Precipitation (mm)

              Dep.   Max        Days of Rain
              From   Obs.           >=
 YR MO Total  Norm   Day Date  0,2  2,0 20,0
---------------------------------------------
 14  11569,3   0.0  99,6  18    23   20   17
 14  2 364,8   0.0  99,6   1    21   16    5
 14  3  41,4   0.0  18,0  23     7    3    0
 14  4   4,5   0.0   3,0   4     4    1    0
 14  5  24,9   0.0  18,0   2     8    2    0
 14  6  42,6   0.0  14,1  14     6    4    0
 14  7 210,6   0.0  61,5  14    16   10    3
 14  8   4,2   0.0   2,7   5     4    1    0
 14  9   0,0   0.0   0,0   0     0    0    0
 14 10  79,2   0.0  39,3  22     6    4    1
 14 11 345,6   0.0 108,3  15    13    9    5
 14 12 238,5   0.0 151,2   2     9    8    2
---------------------------------------------
      2925,6   0.0 151,2  dic  117   78   33

                                Wind Speed (km/h)
                          Dom
 YR MO   Avg.  Hi   Date  Dir
------------------------------
 14  1   4,1  42,8   14   ESE
 14  2   5,9  49,0   28   ESE
 14  3   5,3  68,4   23     S
 14  4   8,1  34,2    1     O
 14  5   6,4  41,8   14    SO
 14  6   5,9  39,2   14    SO
 14  7   5,6  36,7    8    SO
 14  8   5,4  47,9   14   SSO
 14  9   4,4  34,2    1   SSO
 14 10   4,5  42,8   22   ESE
 14 11   5,1  54,0   16    SE
 14 12   1,7  41,8   31     E
------------------------------
         5,2  68,4  mar   SSO