Selezionare Mese o Anno per visualizzare Report
2018: Gen Feb Mar Apr Mag Giu Lug Ago Set Ott Nov Dic
2017: Gen Feb Mar Apr Mag Giu Lug Ago Set Ott Nov Dic
2016: Gen Feb Mar Apr Mag Giu Lug Ago Set Ott Nov Dic
2015: Gen Feb Mar Apr Mag Giu Lug Ago Set Ott Nov Dic
2014: Gen Feb Mar Apr Mag Giu Lug Ago Set Ott Nov Dic
2013: Gen Feb Mar Apr Mag Giu Lug Ago Set Ott Nov Dic
2012: Gen Feb Mar Apr Mag Giu Lug Ago Set Ott Nov Dic
2011: Gen Feb Mar Apr Mag Giu Lug Ago Set Ott Nov Dic

Report per 2014 Gennaio
                   Monthly Climatological Summary for gen 2014

Name: MeteoPietrasanta   City: Pietrasanta   State: Italia
Elevation: 14 m  Lat: N 44 36' 37"   Lon: E 010 23' 20"

                  Temperature (C), Rain (mm), Wind Speed (km/h)

                                      Heat  Cool        Avg
    Mean                              Deg   Deg         Wind                 Dom
Day Temp  High   Time   Low    Time   Days  Days  Rain  Speed High   Time    Dir
----------------------------------------------------------------------------------
 1   7,4  15,5   12.25   1,4   04.17  10,9   0,0   0,0   2,7  13,3   21.27     E
 2  10,7  12,2   22.05   8,9   09.15   7,6   0,0   0,0  11,7  30,6   09.39     E
 3  12,4  14,6   14.03  10,8   06.04   5,9   0,0   0,0   1,8  13,3   13.47     E
 4  14,1  15,2   12.32  11,9   00.15   4,2   0,0  18,9   9,9  30,6   09.51   ESE
 5  11,9  15,8   15.19   7,2   23.29   6,4   0,0  46,8   7,0  37,8   07.28   ESE
 6  10,1  18,7   14.07   4,6   08.13   8,2   0,0   0,3   2,6  12,2   12.08     E
 7  10,5  19,4   13.36   5,6   03.26   7,8   0,0   0,0   2,1  17,3   14.01   NNE
 8  10,9  16,7   10.50   7,0   01.22   7,4   0,0   0,0   2,1  13,3   11.30    SE
 9  11,3  17,2   13.25   7,3   07.33   7,0   0,0   0,0   2,0  15,8   13.32     E
10  13,1  17,3   12.32  10,0   07.52   5,2   0,0   0,3   2,1  11,2   12.58   ENE
11  13,8  18,2   12.11  12,0   21.31   4,5   0,0   0,0   3,9  15,8   12.56     E
12  13,3  19,6   10.32   9,0   23.46   5,0   0,0   0,0   1,7  15,8   13.49    NO
13  10,3  12,6   20.38   6,7   04.47   8,0   0,0   5,7   4,6  24,5   22.45     E
14  11,4  16,3   15.49   8,2   23.34   6,9   0,0  35,7   7,6  42,8   01.58     E
15  11,2  18,5   14.10   6,7   23.58   7,1   0,0   0,3   5,9  18,4   06.04     E
16  10,1  14,3   11.46   6,0   03.15   8,2   0,0   3,6   7,0  23,4   21.30     E
17  12,3  14,0   23.27  11,5   00.00   6,0   0,0  63,3  12,3  34,2   08.39     E
18  12,5  14,1   00.19  10,9   06.49   5,9   0,0  99,6   8,6  29,5   16.26     E
19  14,2  14,3   00.47  11,4   00.00   4,1   0,0  99,6   3,1  19,4   00.00    SE
20  14,3  14,3   00.00  14,3   00.00   4,0   0,0  99,6   2,5   2,5   00.00    SE
21  14,3  14,3   00.00  14,3   00.00   4,0   0,0  99,6   2,5   2,5   00.00    SE
22  14,3  14,3   00.00  14,3   00.00   4,0   0,0  99,6   2,5   2,5   00.00    SE
23  14,3  14,3   00.00  14,3   00.00   4,0   0,0  99,6   2,5   2,5   00.00    SE
24  14,3  14,3   00.00  14,3   00.00   4,0   0,0  99,6   2,5   2,5   00.00    SE
25  14,3  14,3   00.00  14,3   00.00   4,0   0,0  99,6   2,5   2,5   00.00    SE
26  14,3  14,3   00.00  14,3   00.00   4,0   0,0  99,6   2,5   2,5   00.00    SE
27  14,3  14,3   00.00  14,3   00.00   4,0   0,0  99,6   2,5   2,5   00.00    SE
28  14,3  14,3   00.00  14,3   00.00   4,0   0,0  99,6   2,5   2,5   00.00    SE
29  14,3  14,3   00.00  14,3   00.00   4,0   0,0  99,6   2,5   2,5   00.00    SE
30  14,3  14,3   00.00  14,3   00.00   4,0   0,0  99,6   2,5   2,5   00.00    SE
31  14,3  14,3   00.00  14,3   00.00   4,0   0,0  99,6   2,5   2,5   00.00    SE
----------------------------------------------------------------------------------
    12,7  19,6    12     1,4     1   174,3   0,01569,3   4,1  42,8    14     ESE

Max >=  27,0:  0
Max <=   0,0:  0
Min <=   0,0:  0
Min <= -18,0:  0
Max Rain: 99,6 on day 18
Days of Rain: 23 (>= 0,2 mm)  20 (>= 2,0 mm)  17 (>= 20,0 mm)
Heat Base: 18,3  Cool Base: 18,3  Method: Integration