Selezionare Mese o Anno per visualizzare Report
2018: Gen Feb Mar Apr Mag Giu Lug Ago Set Ott Nov Dic
2017: Gen Feb Mar Apr Mag Giu Lug Ago Set Ott Nov Dic
2016: Gen Feb Mar Apr Mag Giu Lug Ago Set Ott Nov Dic
2015: Gen Feb Mar Apr Mag Giu Lug Ago Set Ott Nov Dic
2014: Gen Feb Mar Apr Mag Giu Lug Ago Set Ott Nov Dic
2013: Gen Feb Mar Apr Mag Giu Lug Ago Set Ott Nov Dic
2012: Gen Feb Mar Apr Mag Giu Lug Ago Set Ott Nov Dic
2011: Gen Feb Mar Apr Mag Giu Lug Ago Set Ott Nov Dic

Report per 2014 Marzo
                   Monthly Climatological Summary for mar 2014

Name: MeteoPietrasanta   City: Pietrasanta   State: Italia
Elevation: 14 m  Lat: N 44 36' 37"   Lon: E 010 23' 20"

                  Temperature (C), Rain (mm), Wind Speed (km/h)

                                      Heat  Cool        Avg
    Mean                              Deg   Deg         Wind                 Dom
Day Temp  High   Time   Low    Time   Days  Days  Rain  Speed High   Time    Dir
----------------------------------------------------------------------------------
 1   8,3  10,8   00.09   6,8   18.26  10,0   0,0  16,5  11,4  40,3   03.26   ESE
 2   9,4  17,9   15.07   4,2   05.40   8,9   0,0   0,0   4,3  24,5   00.07    SE
 3   9,0  15,0   11.10   3,7   04.25   9,3   0,0   0,3   6,7  30,6   11.33    SE
 4  10,3  14,6   14.15   7,1   05.51   8,0   0,0   1,2   8,0  51,5   15.26    NE
 5  12,2  20,5   15.17   7,3   06.19   6,2   0,1   0,0   5,7  24,5   01.06   ENE
 6  12,9  22,4   17.01   7,7   00.39   5,7   0,3   0,0   5,4  33,1   13.44    NE
 7  12,9  20,6   15.13   6,5   06.48   5,5   0,2   0,0   4,9  23,4   14.08    NO
 8  13,3  21,3   14.43   6,6   06.28   5,5   0,5   0,0   6,4  40,3   13.00     E
 9  12,8  21,4   12.21   6,0   03.24   5,8   0,3   0,0   4,6  22,0   12.44     N
10  12,1  20,6   13.31   7,2   02.38   6,2   0,0   0,0   4,7  27,0   12.30   OSO
11  11,3  19,0   12.44   6,2   23.55   7,0   0,0   0,0   3,3  23,4   14.26    NE
12  11,6  20,4   13.22   4,0   05.55   6,8   0,1   0,0   4,8  24,5   13.45   NNO
13  12,3  20,5   14.43   5,0   04.49   6,3   0,3   0,0   3,8  22,0   14.21     O
14  13,1  20,9   13.57   6,6   06.09   5,7   0,4   0,0   4,3  22,0   14.07    NO
15  12,2  18,4   12.25   7,2   05.43   6,1   0,0   0,0   5,6  25,6   14.44     O
16  12,5  20,7   09.37   7,7   03.38   5,8   0,0   0,0   3,8  28,1   14.28     O
17  14,3  19,5   12.19   9,6   00.11   4,1   0,1   0,0   4,4  24,5   15.03   OSO
18  13,7  19,8   13.56   7,6   05.31   4,7   0,1   0,0   4,8  23,4   11.23   OSO
19  13,7  16,7   17.06  10,3   23.06   4,6   0,0   0,0   1,5  12,2   00.52   NNE
20  14,2  21,1   12.08   8,3   07.06   4,6   0,5   0,0   4,2  20,9   12.39   OSO
21  14,5  20,0   13.47   9,6   04.55   3,9   0,1   0,0   3,5  22,0   11.43    SO
22  14,1  17,7   14.18  12,6   06.06   4,2   0,0   4,5   4,4  19,4   11.50    SE
23  12,0  14,0   11.06   6,5   22.56   6,3   0,0  18,0  14,7  68,4   21.46   SSO
24  10,4  17,6   14.34   6,1   03.37   7,9   0,0   0,6   4,6  36,7   18.51    SO
25   9,9  15,5   13.13   5,8   01.42   8,4   0,0   0,0   4,9  25,6   16.12   ENE
26  10,0  13,6   17.03   7,0   03.48   8,3   0,0   0,3   2,5  12,2   10.55   NNE
27  13,3  17,8   13.09   8,0   00.24   5,0   0,0   0,0   6,4  33,1   08.16   ESE
28  13,7  20,9   13.58   6,8   07.14   4,8   0,2   0,0   5,2  25,6   15.16   ONO
29  15,1  24,5   15.43   6,9   05.36   4,5   1,4   0,0   4,0  20,9   12.54    NO
30  15,4  22,7   16.52   9,2   07.26   3,8   1,0   0,0   4,1  22,0   14.23   OSO
31  13,9  21,1   14.49   8,2   06.41   4,7   0,3   0,0   4,9  20,9   15.54   SSO
----------------------------------------------------------------------------------
    12,4  24,5    29     3,7     3   188,6   5,9  41,4   5,3  68,4    23      SO

Max >=  27,0:  0
Max <=   0,0:  0
Min <=   0,0:  0
Min <= -18,0:  0
Max Rain: 18,0 on day 23
Days of Rain: 7 (>= 0,2 mm)  3 (>= 2,0 mm)  0 (>= 20,0 mm)
Heat Base: 18,3  Cool Base: 18,3  Method: Integration