Selezionare Mese o Anno per visualizzare Report
2018: Gen Feb Mar Apr Mag Giu Lug Ago Set Ott Nov Dic
2017: Gen Feb Mar Apr Mag Giu Lug Ago Set Ott Nov Dic
2016: Gen Feb Mar Apr Mag Giu Lug Ago Set Ott Nov Dic
2015: Gen Feb Mar Apr Mag Giu Lug Ago Set Ott Nov Dic
2014: Gen Feb Mar Apr Mag Giu Lug Ago Set Ott Nov Dic
2013: Gen Feb Mar Apr Mag Giu Lug Ago Set Ott Nov Dic
2012: Gen Feb Mar Apr Mag Giu Lug Ago Set Ott Nov Dic
2011: Gen Feb Mar Apr Mag Giu Lug Ago Set Ott Nov Dic

Report per 2014 Aprile
                   Monthly Climatological Summary for apr 2014

Name: MeteoPietrasanta   City: Pietrasanta   State: Italia
Elevation: 14 m  Lat: N 44 36' 37"   Lon: E 010 23' 20"

                  Temperature (C), Rain (mm), Wind Speed (km/h)

                                      Heat  Cool        Avg
    Mean                              Deg   Deg         Wind                 Dom
Day Temp  High   Time   Low    Time   Days  Days  Rain  Speed High   Time    Dir
----------------------------------------------------------------------------------
 1  12,9  19,4   13.42   7,5   06.33   5,4   0,0   0,0   4,4  34,2   16.05   OSO
 2  14,5  20,3   15.29   9,8   07.20   3,9   0,1   0,0   5,6  33,1   15.01     S
 3  15,7  22,3   17.13  10,1   05.12   3,1   0,5   0,0   5,5  20,9   11.20   ESE
 4  14,4  18,0   05.13  12,2   22.42   3,9   0,0   3,0   2,9  23,4   05.32   ENE
 5  14,2  19,9   16.25  11,3   05.30   4,1   0,1   0,3   2,8  13,3   12.40     E
 6  16,7  24,5   13.44  11,2   04.12   3,0   1,4   0,0   3,8  20,9   13.51     O
 7  17,1  25,2   11.43  10,0   07.07   3,0   1,8   0,0   4,1  23,4   12.24     O
 8  15,5  21,6   13.49  11,0   04.51   3,3   0,5   0,3   5,1  24,5   15.36     O
 9  16,5  22,5   10.47  12,7   23.07   2,5   0,7   0,0   4,3  27,0   13.25   SSO
10  16,0  22,6   12.35  10,0   05.36   3,3   1,0   0,0   6,2  25,6   15.14   OSO
11  15,8  20,8   16.13  11,0   03.13   3,0   0,5   0,0   5,6  29,5   14.10     O
12  15,8  21,3   12.53  10,2   06.40   3,2   0,7   0,0   5,1  28,1   14.33   OSO
13  15,4  22,4   12.59  12,0   06.40   3,1   0,2   0,9   2,9  20,9   13.40   OSO
14  15,8  21,2   12.41  10,2   05.13   3,2   0,7   0,0   5,5  30,6   15.31     O
15  18,0  21,7   12.06  11,0   06.36   1,8   1,5   0,0   7,2  23,4   12.07     O
16  21,0  21,0   00.00  21,0   00.00   0,0   2,7   0,0  11,5   6,1   00.00     O
17  21,0  21,0   00.00  21,0   00.00   0,0   2,7   0,0  11,5   6,1   00.00     O
18  21,0  21,0   00.00  21,0   00.00   0,0   2,7   0,0  11,5   6,1   00.00     O
19  21,0  21,0   00.00  21,0   00.00   0,0   2,7   0,0  11,5   6,1   00.00     O
20  21,0  21,0   00.00  21,0   00.00   0,0   2,7   0,0  11,5   6,1   00.00     O
21  21,0  21,0   00.00  21,0   00.00   0,0   2,7   0,0  11,5   6,1   00.00     O
22  21,0  21,0   00.00  21,0   00.00   0,0   2,7   0,0  11,5   6,1   00.00     O
23  21,0  21,0   00.00  21,0   00.00   0,0   2,7   0,0  11,5   6,1   00.00     O
24  21,0  21,0   00.00  21,0   00.00   0,0   2,7   0,0  11,5   6,1   00.00     O
25  21,0  21,0   00.00  21,0   00.00   0,0   2,7   0,0  11,5   6,1   00.00     O
26  21,0  21,0   00.00  21,0   00.00   0,0   2,7   0,0  11,5   6,1   00.00     O
27  21,0  21,0   00.00  21,0   00.00   0,0   2,7   0,0  11,5   6,1   00.00     O
28  21,0  21,0   00.00  21,0   00.00   0,0   2,7   0,0  11,5   6,1   00.00     O
29  21,0  21,0   00.00  21,0   00.00   0,0   2,7   0,0  11,5   6,1   00.00     O
30  21,0  21,0   00.00  21,0   00.00   0,0   2,7   0,0  11,5   6,1   00.00     O
----------------------------------------------------------------------------------
    18,3  25,2     7     7,5     1    49,8  50,2   4,5   8,1  34,2     1       O

Max >=  27,0:  0
Max <=   0,0:  0
Min <=   0,0:  0
Min <= -18,0:  0
Max Rain: 3,0 on day 4
Days of Rain: 4 (>= 0,2 mm)  1 (>= 2,0 mm)  0 (>= 20,0 mm)
Heat Base: 18,3  Cool Base: 18,3  Method: Integration