Selezionare Mese o Anno per visualizzare Report
2018: Gen Feb Mar Apr Mag Giu Lug Ago Set Ott Nov Dic
2017: Gen Feb Mar Apr Mag Giu Lug Ago Set Ott Nov Dic
2016: Gen Feb Mar Apr Mag Giu Lug Ago Set Ott Nov Dic
2015: Gen Feb Mar Apr Mag Giu Lug Ago Set Ott Nov Dic
2014: Gen Feb Mar Apr Mag Giu Lug Ago Set Ott Nov Dic
2013: Gen Feb Mar Apr Mag Giu Lug Ago Set Ott Nov Dic
2012: Gen Feb Mar Apr Mag Giu Lug Ago Set Ott Nov Dic
2011: Gen Feb Mar Apr Mag Giu Lug Ago Set Ott Nov Dic

Report per 2014 Maggio
                   Monthly Climatological Summary for mag 2014

Name: MeteoPietrasanta   City: Pietrasanta   State: Italia
Elevation: 14 m  Lat: N 44 36' 37"   Lon: E 010 23' 20"

                  Temperature (C), Rain (mm), Wind Speed (km/h)

                                      Heat  Cool        Avg
    Mean                              Deg   Deg         Wind                 Dom
Day Temp  High   Time   Low    Time   Days  Days  Rain  Speed High   Time    Dir
----------------------------------------------------------------------------------
 1  21,0  21,0   00.00  21,0   00.00   0,0   2,7   0,0  11,5   6,1   00.00     O
 2  19,6  21,0   00.00  11,7   23.13   1,0   2,3  18,0   9,7   6,1   00.00     O
 3  15,7  23,4   12.41  10,9   04.47   3,2   0,6   0,3   3,0  23,4   16.11   SSO
 4  17,0  22,6   17.38  11,6   06.37   2,5   1,2   0,0   5,9  27,0   12.32    SO
 5  17,0  23,4   09.36   9,3   06.08   2,9   1,7   0,0   5,5  29,5   13.21     O
 6  16,9  24,7   09.53  10,0   05.36   2,8   1,4   0,0   5,8  24,5   14.46   OSO
 7  16,9  21,7   10.39  11,7   03.09   2,2   0,8   0,3   6,8  30,6   11.10     S
 8  18,6  25,5   17.03  12,0   05.40   2,0   2,2   0,9   4,7  29,5   15.56     O
 9  18,1  24,1   13.22  11,9   05.12   2,2   1,9   0,0   5,8  30,6   16.44   OSO
10  19,0  25,7   14.55  12,6   04.09   1,5   2,2   0,0   5,3  24,5   12.54    SO
11  18,2  21,1   16.25  15,9   00.00   0,6   0,6   0,0   6,0  23,4   13.12   SSE
12  17,4  21,8   13.26  12,5   05.47   1,8   0,8   0,0   7,4  28,1   11.55     S
13  16,6  21,5   14.47  12,7   22.22   2,0   0,4   1,2   9,5  30,6   13.36   SSE
14  17,2  24,2   14.24   9,8   06.10   2,6   1,5   0,0   6,1  41,8   16.14   ONO
15  17,7  24,5   10.22  10,3   06.49   2,5   1,9   0,0   7,7  36,7   13.35     O
16  17,8  25,8   14.23  11,3   04.06   2,5   2,0   0,0   4,8  37,8   16.37     O
17  17,0  22,1   12.16  12,2   23.57   1,8   0,5   0,0   4,9  24,5   12.27    SE
18  17,4  23,1   16.13   8,8   05.03   2,5   1,6   0,0   7,9  31,7   14.42     S
19  18,3  23,8   11.47  13,7   01.28   1,0   0,9   0,0   5,0  25,6   15.34   ESE
20  19,7  27,0   10.29  13,6   03.17   1,4   2,8   0,0   5,3  27,0   14.18   OSO
21  20,5  27,0   12.08  13,2   05.58   1,2   3,4   0,0   4,3  25,6   13.21    SO
22  21,6  27,8   09.48  14,9   05.13   0,6   3,9   0,0   6,3  36,7   17.47   SSE
23  20,8  26,7   14.38  14,8   23.56   0,3   2,8   0,0   6,3  25,6   13.17    SO
24  19,1  25,2   10.03  12,5   05.42   1,8   2,6   0,0   6,7  28,1   14.35   OSO
25  20,5  28,4   17.52  11,1   06.30   1,8   4,0   0,0   4,1  29,5   14.12     O
26  20,4  25,0   09.48  16,1   05.57   0,4   2,4   0,3   6,9  34,2   18.03   OSO
27  17,9  22,5   15.41  15,4   19.59   1,0   0,5   0,6  11,2  36,7   15.40    SO
28  18,6  24,2   14.43  13,5   23.53   1,0   1,3   3,3   9,1  35,6   11.28    SO
29  18,7  24,4   15.44  11,6   06.27   1,7   2,0   0,0   5,7  27,0   14.23    SO
30  19,3  25,6   13.23  15,7   01.50   0,7   1,7   0,0   4,6  25,6   14.33   OSO
31  19,1  25,2   16.06  15,5   23.53   0,6   1,4   0,0   3,0  24,5   17.53   OSO
----------------------------------------------------------------------------------
    18,5  28,4    25     8,8    18    50,1  56,0  24,9   6,4  41,8    14      SO

Max >=  27,0:  4
Max <=   0,0:  0
Min <=   0,0:  0
Min <= -18,0:  0
Max Rain: 18,0 on day 2
Days of Rain: 8 (>= 0,2 mm)  2 (>= 2,0 mm)  0 (>= 20,0 mm)
Heat Base: 18,3  Cool Base: 18,3  Method: Integration