Selezionare Mese o Anno per visualizzare Report
2018: Gen Feb Mar Apr Mag Giu Lug Ago Set Ott Nov Dic
2017: Gen Feb Mar Apr Mag Giu Lug Ago Set Ott Nov Dic
2016: Gen Feb Mar Apr Mag Giu Lug Ago Set Ott Nov Dic
2015: Gen Feb Mar Apr Mag Giu Lug Ago Set Ott Nov Dic
2014: Gen Feb Mar Apr Mag Giu Lug Ago Set Ott Nov Dic
2013: Gen Feb Mar Apr Mag Giu Lug Ago Set Ott Nov Dic
2012: Gen Feb Mar Apr Mag Giu Lug Ago Set Ott Nov Dic
2011: Gen Feb Mar Apr Mag Giu Lug Ago Set Ott Nov Dic

Report per 2014 Agosto
                   Monthly Climatological Summary for ago 2014

Name: MeteoPietrasanta   City: Pietrasanta   State: Italia
Elevation: 14 m  Lat: N 44 36' 37"   Lon: E 010 23' 20"

                  Temperature (C), Rain (mm), Wind Speed (km/h)

                                      Heat  Cool        Avg
    Mean                              Deg   Deg         Wind                 Dom
Day Temp  High   Time   Low    Time   Days  Days  Rain  Speed High   Time    Dir
----------------------------------------------------------------------------------
 1  24,7  30,3   09.47  19,2   04.47   0,0   6,4   0,0   5,2  17,3   11.17    SO
 2  25,2  31,4   18.47  18,9   04.47   0,0   6,8   0,0   4,9  15,8   12.17    SO
 3  24,5  30,7   17.10  20,7   03.49   0,0   6,2   0,9   5,7  30,6   16.21   SSE
 4  24,9  31,1   09.46  18,9   06.33   0,0   6,6   0,0   5,1  23,4   12.03    SO
 5  24,9  33,2   16.57  20,7   06.10   0,0   6,6   2,7   4,7  25,6   14.59   SSO
 6  25,4  32,6   10.53  18,7   06.19   0,0   7,1   0,0   4,3  24,5   15.03   OSO
 7  25,7  33,5   14.39  18,8   05.56   0,0   7,4   0,0   4,2  22,0   12.56   OSO
 8  25,4  32,3   14.49  19,2   06.16   0,0   7,1   0,0   4,7  19,4   13.10    SO
 9  25,2  31,3   11.53  19,7   04.35   0,0   6,9   0,0   5,5  20,9   14.03   SSO
10  26,1  32,9   10.07  19,3   06.33   0,0   7,8   0,0   4,7  23,4   15.35   SSO
11  25,3  30,8   12.53  19,6   04.13   0,0   7,0   0,0   6,4  28,1   13.09     S
12  26,7  32,3   17.46  23,0   00.00   0,0   8,4   0,0   6,3  27,0   12.27     S
13  24,7  28,5   12.41  20,0   23.45   0,0   6,4   0,3   5,8  39,2   11.16   ESE
14  22,2  27,2   16.01  18,5   06.30   0,0   3,9   0,0   8,7  47,9   13.19   SSO
15  21,8  26,5   14.44  18,3   06.21   0,0   3,5   0,0   9,8  45,4   12.05   SSO
16  22,4  27,9   11.03  18,3   06.24   0,0   4,1   0,0   3,4  14,8   11.21   OSO
17  23,7  23,7   00.00  23,7   00.00   0,0   5,4   0,0   4,5   1,1   00.00   OSO
18  23,2  23,7   00.00  19,3   23.48   0,0   4,9   0,0   4,4   5,0   21.18   OSO
19  23,4  28,3   13.47  17,6   02.55   0,0   5,1   0,0   7,3  31,7   17.17   SSE
20  24,6  30,7   14.47  20,6   23.47   0,0   6,3   0,0   3,3  14,8   12.17   SSO
21  22,7  28,2   16.47  18,2   23.17   0,0   4,4   0,0   5,7  17,3   10.47   SSO
22  21,9  28,7   10.47  16,0   04.47   0,4   4,0   0,0   4,6  22,0   13.47   SSO
23  21,3  29,2   17.01  17,8   06.53   0,0   3,0   0,0   2,9  18,4   18.05   NNE
24  22,1  27,6   11.18  17,4   23.50   0,0   3,8   0,0   6,2  34,2   13.38   SSE
25  21,8  28,4   14.16  16,2   07.02   0,3   3,8   0,0   5,3  25,6   13.08     S
26  22,3  28,5   16.59  17,5   03.24   0,0   4,0   0,0   4,7  27,0   13.55   SSE
27  24,2  27,7   15.56  21,5   21.32   0,0   5,9   0,3  10,4  35,6   05.47     S
28  25,7  33,2   17.08  18,9   06.26   0,0   7,4   0,0   4,6  20,9   15.39    SO
29  25,0  32,3   13.18  18,7   05.53   0,0   6,7   0,0   3,4  27,0   15.03   OSO
30  24,2  30,9   12.29  18,3   06.10   0,0   5,9   0,0   5,2  20,9   12.56   OSO
31  24,3  31,4   15.16  18,4   06.27   0,0   6,0   0,0   4,9  20,9   12.54   OSO
----------------------------------------------------------------------------------
    24,0  33,5     7    16,0    22     0,7 178,8   4,2   5,4  47,9    14     SSO

Max >=  27,0: 28
Max <=   0,0:  0
Min <=   0,0:  0
Min <= -18,0:  0
Max Rain: 2,7 on day 5
Days of Rain: 4 (>= 0,2 mm)  1 (>= 2,0 mm)  0 (>= 20,0 mm)
Heat Base: 18,3  Cool Base: 18,3  Method: Integration