Selezionare Mese o Anno per visualizzare Report
2018: Gen Feb Mar Apr Mag Giu Lug Ago Set Ott Nov Dic
2017: Gen Feb Mar Apr Mag Giu Lug Ago Set Ott Nov Dic
2016: Gen Feb Mar Apr Mag Giu Lug Ago Set Ott Nov Dic
2015: Gen Feb Mar Apr Mag Giu Lug Ago Set Ott Nov Dic
2014: Gen Feb Mar Apr Mag Giu Lug Ago Set Ott Nov Dic
2013: Gen Feb Mar Apr Mag Giu Lug Ago Set Ott Nov Dic
2012: Gen Feb Mar Apr Mag Giu Lug Ago Set Ott Nov Dic
2011: Gen Feb Mar Apr Mag Giu Lug Ago Set Ott Nov Dic

Report per 2014 Dicembre
                   Monthly Climatological Summary for dic 2014

Name: MeteoPietrasanta   City: Pietrasanta   State: Italia
Elevation: 14 m  Lat: N 44 36' 37"   Lon: E 010 23' 20"

                  Temperature (C), Rain (mm), Wind Speed (km/h)

                                      Heat  Cool        Avg
    Mean                              Deg   Deg         Wind                 Dom
Day Temp  High   Time   Low    Time   Days  Days  Rain  Speed High   Time    Dir
----------------------------------------------------------------------------------
 1  13,9  13,9   00.00  13,9   00.00   4,4   0,0   0,0   0,4   0,0   00.00     E
 2  13,9  15,6   17.09  11,0   23.17   3,1   0,0 151,2   0,5   7,2   22.02     E
 3  11,7  21,9   12.37  10,5   07.48   0,0   0,0   0,0   2,1   9,7   11.16    SE
 4  13,4  20,9   12.26  10,8   07.56   4,8   0,1   0,0   1,2   6,1   10.56     N
 5  12,8  17,4   15.27   8,4   07.37   5,5   0,0   0,0   0,3  11,2   07.51   ENE
 6  14,2  19,5   13.58  11,4   23.08   4,1   0,0   2,7   3,1  29,5   12.55    SE
 7  10,7  16,0   11.11   7,5   23.58   7,6   0,0   6,3   0,4   9,7   13.18    NE
 8  10,7  19,2   13.26   5,9   03.47   7,6   0,0   0,0   0,9  14,8   13.55   ENE
 9   9,7  16,4   14.41   5,4   23.27   8,6   0,0   0,0   1,1  18,4   15.04     E
10   9,0  17,6   12.42   3,3   07.13   9,3   0,0   0,0   1,4  12,2   12.52   ENE
11   9,2  17,9   13.00   4,6   05.55   9,1   0,0   0,0   1,0  11,2   11.12   ENE
12   9,6  18,0   13.59   3,6   04.43   8,7   0,0   0,0   0,9  13,3   10.02     E
13  12,7  14,7   22.05  10,1   00.17   5,6   0,0  11,7   3,4  23,4   10.18     E
14  15,1  16,5   10.53  13,4   03.54   3,2   0,0   0,0   5,9  22,0   06.16     E
15  14,9  18,6   14.30  12,4   22.55   3,4   0,0   5,4   4,6  23,4   19.16    SE
16  12,2  14,2   11.51   9,7   23.54   6,1   0,0   3,3   1,8  22,0   01.05   ESE
17  11,7  21,3   13.50   8,5   07.18   6,6   0,0   0,0   0,6   8,6   02.48   ENE
18  11,9  21,2   13.10   6,8   06.36   6,5   0,1   0,0   0,9  13,3   14.21    NE
19  11,1  17,0   12.05   7,3   04.26   7,2   0,0   0,0   0,4  12,2   14.03     E
20  13,3  19,9   13.48  10,0   23.56   5,1   0,1   0,0   0,6  14,8   13.14   SSO
21  12,0  20,3   12.26   6,5   07.56   6,6   0,3   0,3   1,1   8,6   13.26    NE
22   9,7  18,9   14.26   4,3   07.56   8,6   0,0   0,0   0,8   8,6   02.26    NE
23  12,5  14,8   14.26  10,3   00.26   5,8   0,0   0,0   0,4   7,2   09.26    NE
24  13,0  15,9   15.27  11,2   05.56   5,3   0,0   0,0   0,7   7,2   21.57   NNE
25  12,5  14,5   14.27   9,6   23.57   5,8   0,0   0,0   0,3   6,1   00.27   NNE
26   9,0  17,3   15.57   3,2   23.57   9,3   0,0   0,0   2,1  14,8   14.57     E
27   6,0   9,1   15.57   1,7   02.27  12,3   0,0  46,5   4,0  24,5   11.27     E
28   6,1  14,4   15.27   1,2   07.27  12,2   0,0   0,0   1,7  12,2   15.57    NE
29   6,0  12,2   12.27   1,5   23.27  12,3   0,0   0,0   3,0  22,0   08.57   NNE
30   5,5  10,8   12.27   1,3   22.57  12,8   0,0   0,0   5,6  31,7   04.57     E
31   2,3  12,7   12.36  -0,5   06.27  15,7   0,0  11,1   2,3  41,8   15.38   ENE
----------------------------------------------------------------------------------
    10,8  21,9     3    -0,5    31   223,2   0,6 238,5   1,7  41,8    31       E

Max >=  27,0:  0
Max <=   0,0:  0
Min <=   0,0:  1
Min <= -18,0:  0
Max Rain: 151,2 on day 2
Days of Rain: 9 (>= 0,2 mm)  8 (>= 2,0 mm)  2 (>= 20,0 mm)
Heat Base: 18,3  Cool Base: 18,3  Method: Integration