Selezionare Mese o Anno per visualizzare Report
2018: Gen Feb Mar Apr Mag Giu Lug Ago Set Ott Nov Dic
2017: Gen Feb Mar Apr Mag Giu Lug Ago Set Ott Nov Dic
2016: Gen Feb Mar Apr Mag Giu Lug Ago Set Ott Nov Dic
2015: Gen Feb Mar Apr Mag Giu Lug Ago Set Ott Nov Dic
2014: Gen Feb Mar Apr Mag Giu Lug Ago Set Ott Nov Dic
2013: Gen Feb Mar Apr Mag Giu Lug Ago Set Ott Nov Dic
2012: Gen Feb Mar Apr Mag Giu Lug Ago Set Ott Nov Dic
2011: Gen Feb Mar Apr Mag Giu Lug Ago Set Ott Nov Dic

Report per 2015
                   Annual Climatological Summary for 2015

Name: MeteoPietrasanta   City: Pietrasanta   State: Italia
Elevation: 14 m  Lat: N 44 36' 37"   Lon: E 010 23' 20"

                  Temperature (C), Heat Base: 18,3  Cool Base: 18,3
                          Dep.  Heat  Cool                       Max  Max  Min  Min
        Mean  Mean        From  Deg   Deg                        >=   <=   <=   <=
 YR MO  Max   Min   Mean  Norm  Days  Days  Hi  Date  Low  Date 27,0  0,0  0,0 -18,0
------------------------------------------------------------------------------------
 15  1   4,6   3,5   4,0   0.0   442     0  14,3   1  -2,7    1    0    0    1    0
 15  2  14,6  11,2  12,7   0.0   156     0  18,1  11   0,1    9    0    0    0    0
 15  3  17,2   9,3  13,0   0.0   164     0  22,0  20   3,2   13    0    0    0    0
 15  4  20,2  11,5  14,5   0.0    86     9  23,4  21   6,5    9    0    0    0    0
 15  5  25,1  13,9  19,2   0.0    38    67  32,7  17  10,4   22    9    0    0    0
 15  6  30,2  18,1  24,2   0.0     3   180  34,4   6  14,7    1   27    0    0    0
 15  7  33,7  21,9  27,8   0.0     0   295  36,5  18  20,6   31   31    0    0    0
 15  8  28,8  21,9  25,2   0.0     0   213  38,1   7  16,5   17   16    0    0    0
 15  9  24,8  18,3  21,4   0.0    15   107  31,3  20  12,4   13    8    0    0    0
 15 10  20,3  18,5  19,2   0.0    14    42  25,2  30   9,1   31    0    0    0    0
 15 11  21,8  11,6  15,7   0.0    40     6  24,3   4   6,9    2    0    0    0    0
 15 12  17,5  10,0  12,6   0.0    16     0  19,3  19  10,0   18    0    0    0    0
------------------------------------------------------------------------------------
        21,6  14,1  17,5   0.0   977   923  38,1 ago  -2,7  gen   91    0    1    0

                                Precipitation (mm)

              Dep.   Max        Days of Rain
              From   Obs.           >=
 YR MO Total  Norm   Day Date  0,2  2,0 20,0
---------------------------------------------
 15  1  53,4   0.0  53,1  30     2    1    1
 15  2  24,0   0.0  13,5   3     3    3    0
 15  3 233,7   0.0 130,8   5    10    5    2
 15  4  46,2   0.0  23,7  27     7    6    1
 15  5  15,9   0.0   8,4  15     5    3    0
 15  6   7,5   0.0   4,5   9     4    1    0
 15  7  21,9   0.0  21,0  25     3    1    1
 15  8  88,2   0.0  63,6  16     4    4    1
 15  9 134,1   0.0 133,8  17     2    1    1
 15 10   9,3   0.0   9,3  28     1    1    0
 15 11   0,0   0.0   0,0   0     0    0    0
 15 12   0,0   0.0   0,0   0     0    0    0
---------------------------------------------
       634,2   0.0 133,8  set   41   26    7

                                Wind Speed (km/h)
                          Dom
 YR MO   Avg.  Hi   Date  Dir
------------------------------
 15  1   1,0  70,9   30   ENE
 15  2   2,1  31,7    9   OSO
 15  3   0,6  94,3    5   SSO
 15  4   0,0 177,0   29     N
 15  5   0,0   0,0    0   ---
 15  6   0,0  80,6   24     N
 15  7   0,0   0,0    0   ---
 15  8   0,0   0,0    0   ---
 15  9   0,0   0,0    0   ---
 15 10   0,0   0,0    0   ---
 15 11   0,0   0,0    0   ---
 15 12   0,0   0,0    0   ---
------------------------------
         0,3 177,0  apr    SO