Selezionare Mese o Anno per visualizzare Report
2018: Gen Feb Mar Apr Mag Giu Lug Ago Set Ott Nov Dic
2017: Gen Feb Mar Apr Mag Giu Lug Ago Set Ott Nov Dic
2016: Gen Feb Mar Apr Mag Giu Lug Ago Set Ott Nov Dic
2015: Gen Feb Mar Apr Mag Giu Lug Ago Set Ott Nov Dic
2014: Gen Feb Mar Apr Mag Giu Lug Ago Set Ott Nov Dic
2013: Gen Feb Mar Apr Mag Giu Lug Ago Set Ott Nov Dic
2012: Gen Feb Mar Apr Mag Giu Lug Ago Set Ott Nov Dic
2011: Gen Feb Mar Apr Mag Giu Lug Ago Set Ott Nov Dic

Report per 2015 Gennaio
                   Monthly Climatological Summary for gen 2015

Name: MeteoPietrasanta   City: Pietrasanta   State: Italia
Elevation: 14 m  Lat: N 44 36' 37"   Lon: E 010 23' 20"

                  Temperature (C), Rain (mm), Wind Speed (km/h)

                                      Heat  Cool        Avg
    Mean                              Deg   Deg         Wind                 Dom
Day Temp  High   Time   Low    Time   Days  Days  Rain  Speed High   Time    Dir
----------------------------------------------------------------------------------
 1   4,2  14,3   15.11  -2,7   03.01  14,0   0,0   0,0   1,4  11,2   00.53   ENE
 2   3,7   3,7   00.00   3,7   00.00  14,6   0,0   0,0   0,7   7,2   00.00   ENE
 3   3,7   3,7   00.00   3,7   00.00  14,6   0,0   0,0   0,7   7,2   00.00   ENE
 4   3,7   3,7   00.00   3,7   00.00  14,6   0,0   0,0   0,7   7,2   00.00   ENE
 5   3,7   3,7   00.00   3,7   00.00  14,6   0,0   0,0   0,7   7,2   00.00   ENE
 6   3,7   3,7   00.00   3,7   00.00  14,6   0,0   0,0   0,7   7,2   00.00   ENE
 7   3,7   3,7   00.00   3,7   00.00  14,6   0,0   0,0   0,7   7,2   00.00   ENE
 8   3,7   3,7   00.00   3,7   00.00  14,6   0,0   0,0   0,7   7,2   00.00   ENE
 9   3,7   3,7   00.00   3,7   00.00  14,6   0,0   0,0   0,7   7,2   00.00   ENE
10   3,7   3,7   00.00   3,7   00.00  14,6   0,0   0,0   0,7   7,2   00.00   ENE
11   3,7   3,7   00.00   3,7   00.00  14,6   0,0   0,0   0,7   7,2   00.00   ENE
12   3,7   3,7   00.00   3,7   00.00  14,6   0,0   0,0   0,7   7,2   00.00   ENE
13   3,7   3,7   00.00   3,7   00.00  14,6   0,0   0,0   0,7   7,2   00.00   ENE
14   3,7   3,7   00.00   3,7   00.00  14,6   0,0   0,0   0,7   7,2   00.00   ENE
15   3,7   3,7   00.00   3,7   00.00  14,6   0,0   0,0   0,7   7,2   00.00   ENE
16   3,7   3,7   00.00   3,7   00.00  14,6   0,0   0,0   0,7   7,2   00.00   ENE
17   3,7   3,7   00.00   3,7   00.00  14,6   0,0   0,0   0,7   7,2   00.00   ENE
18   3,7   3,7   00.00   3,7   00.00  14,6   0,0   0,0   0,7   7,2   00.00   ENE
19   3,7   3,7   00.00   3,7   00.00  14,6   0,0   0,0   0,7   7,2   00.00   ENE
20   3,7   3,7   00.00   3,7   00.00  14,6   0,0   0,0   0,7   7,2   00.00   ENE
21   3,7   3,7   00.00   3,7   00.00  14,6   0,0   0,0   0,7   7,2   00.00   ENE
22   3,7   3,7   00.00   3,7   00.00  14,6   0,0   0,0   0,7   7,2   00.00   ENE
23   3,7   3,7   00.00   3,7   00.00  14,6   0,0   0,0   0,7   7,2   00.00   ENE
24   3,7   3,7   00.00   3,7   00.00  14,6   0,0   0,0   0,7   7,2   00.00   ENE
25   3,7   3,7   00.00   3,7   00.00  14,6   0,0   0,0   0,7   7,2   00.00   ENE
26   3,7   3,7   00.00   3,7   00.00  14,6   0,0   0,0   0,7   7,2   00.00   ENE
27   3,7   3,7   00.00   3,7   00.00  14,6   0,0   0,0   0,7   7,2   00.00   ENE
28   3,7   3,7   00.00   3,7   00.00  14,6   0,0   0,0   0,7   7,2   00.00   ENE
29   3,7   3,7   00.00   3,7   00.00  14,6   0,0   0,0   0,7   7,2   00.00   ENE
30   8,5  12,3   14.16   3,3   20.57  10,0   0,0  53,1   3,6  70,9   04.16     O
31   8,3  12,0   10.39   4,6   23.54  10,0   0,0   0,3   6,2  34,2   11.57   ESE
----------------------------------------------------------------------------------
     4,0  14,3     1    -2,7     1   442,8   0,0  53,4   1,0  70,9    30     ENE

Max >=  27,0:  0
Max <=   0,0:  0
Min <=   0,0:  1
Min <= -18,0:  0
Max Rain: 53,1 on day 30
Days of Rain: 2 (>= 0,2 mm)  1 (>= 2,0 mm)  1 (>= 20,0 mm)
Heat Base: 18,3  Cool Base: 18,3  Method: Integration