Selezionare Mese o Anno per visualizzare Report
2018: Gen Feb Mar Apr Mag Giu Lug Ago Set Ott Nov Dic
2017: Gen Feb Mar Apr Mag Giu Lug Ago Set Ott Nov Dic
2016: Gen Feb Mar Apr Mag Giu Lug Ago Set Ott Nov Dic
2015: Gen Feb Mar Apr Mag Giu Lug Ago Set Ott Nov Dic
2014: Gen Feb Mar Apr Mag Giu Lug Ago Set Ott Nov Dic
2013: Gen Feb Mar Apr Mag Giu Lug Ago Set Ott Nov Dic
2012: Gen Feb Mar Apr Mag Giu Lug Ago Set Ott Nov Dic
2011: Gen Feb Mar Apr Mag Giu Lug Ago Set Ott Nov Dic

Report per 2015 Febbraio
                   Monthly Climatological Summary for feb 2015

Name: MeteoPietrasanta   City: Pietrasanta   State: Italia
Elevation: 14 m  Lat: N 44 36' 37"   Lon: E 010 23' 20"

                  Temperature (C), Rain (mm), Wind Speed (km/h)

                                      Heat  Cool        Avg
    Mean                              Deg   Deg         Wind                 Dom
Day Temp  High   Time   Low    Time   Days  Days  Rain  Speed High   Time    Dir
----------------------------------------------------------------------------------
 1   6,9  14,3   15.26   3,3   23.41  11,4   0,0   0,0   1,3  19,4   14.09   SSE
 2   6,1  14,8   15.13   1,1   07.39  12,2   0,0   4,5   1,2  30,6   23.02     E
 3   6,1   9,6   23.08   2,7   08.12  12,2   0,0  13,5   4,6  27,0   19.50     E
 4   7,0   9,1   03.42   4,7   00.43  11,3   0,0   0,0   1,2  20,9   03.44    NE
 5   7,0   7,0   00.00   7,0   00.00  11,3   0,0   0,0   1,0   2,5   00.00   NNE
 6   7,0   7,0   00.00   7,0   00.00  11,3   0,0   0,0   1,0   2,5   00.00   NNE
 7   7,0   7,0   00.00   7,0   00.00  11,3   0,0   0,0   1,0   2,5   00.00   NNE
 8   7,1  11,1   19.36   6,0   20.43  11,4   0,0   6,0   1,4  27,0   19.18    NE
 9   6,6  11,6   16.06   0,1   07.32  11,7   0,0   0,0   2,3  31,7   15.18    NE
10   8,4  16,9   14.18   2,9   02.50   9,9   0,0   0,0   1,0  18,4   13.33   SSO
11   9,6  18,1   13.07   3,4   04.12   8,7   0,0   0,0   0,9  15,8   14.29   ONO
12  12,1  17,6   11.31   3,5   05.45   6,2   0,0   0,0   1,4  15,8   11.36   OSO
13  16,6  16,6   00.00  16,6   00.00   1,7   0,0   0,0   2,6   5,0   00.00   OSO
14  16,6  16,6   00.00  16,6   00.00   1,7   0,0   0,0   2,6   5,0   00.00   OSO
15  16,6  16,6   00.00  16,6   00.00   1,7   0,0   0,0   2,6   5,0   00.00   OSO
16  16,6  16,6   00.00  16,6   00.00   1,7   0,0   0,0   2,6   5,0   00.00   OSO
17  16,6  16,6   00.00  16,6   00.00   1,7   0,0   0,0   2,6   5,0   00.00   OSO
18  16,6  16,6   00.00  16,6   00.00   1,7   0,0   0,0   2,6   5,0   00.00   OSO
19  16,6  16,6   00.00  16,6   00.00   1,7   0,0   0,0   2,6   5,0   00.00   OSO
20  16,6  16,6   00.00  16,6   00.00   1,7   0,0   0,0   2,6   5,0   00.00   OSO
21  16,6  16,6   00.00  16,6   00.00   1,7   0,0   0,0   2,6   5,0   00.00   OSO
22  16,6  16,6   00.00  16,6   00.00   1,7   0,0   0,0   2,6   5,0   00.00   OSO
23  16,6  16,6   00.00  16,6   00.00   1,7   0,0   0,0   2,6   5,0   00.00   OSO
24  16,6  16,6   00.00  16,6   00.00   1,7   0,0   0,0   2,6   5,0   00.00   OSO
25  16,6  16,6   00.00  16,6   00.00   1,7   0,0   0,0   2,6   5,0   00.00   OSO
26  16,6  16,6   00.00  16,6   00.00   1,7   0,0   0,0   2,6   5,0   00.00   OSO
27  16,6  16,6   00.00  16,6   00.00   1,7   0,0   0,0   2,6   5,0   00.00   OSO
28  16,6  16,6   00.00  16,6   00.00   1,7   0,0   0,0   2,6   5,0   00.00   OSO
----------------------------------------------------------------------------------
    12,7  18,1    11     0,1     9   156,1   0,0  24,0   2,1  31,7     9     OSO

Max >=  27,0:  0
Max <=   0,0:  0
Min <=   0,0:  0
Min <= -18,0:  0
Max Rain: 13,5 on day 3
Days of Rain: 3 (>= 0,2 mm)  3 (>= 2,0 mm)  0 (>= 20,0 mm)
Heat Base: 18,3  Cool Base: 18,3  Method: Integration