Selezionare Mese o Anno per visualizzare Report
2018: Gen Feb Mar Apr Mag Giu Lug Ago Set Ott Nov Dic
2017: Gen Feb Mar Apr Mag Giu Lug Ago Set Ott Nov Dic
2016: Gen Feb Mar Apr Mag Giu Lug Ago Set Ott Nov Dic
2015: Gen Feb Mar Apr Mag Giu Lug Ago Set Ott Nov Dic
2014: Gen Feb Mar Apr Mag Giu Lug Ago Set Ott Nov Dic
2013: Gen Feb Mar Apr Mag Giu Lug Ago Set Ott Nov Dic
2012: Gen Feb Mar Apr Mag Giu Lug Ago Set Ott Nov Dic
2011: Gen Feb Mar Apr Mag Giu Lug Ago Set Ott Nov Dic

Report per 2015 Marzo
                   Monthly Climatological Summary for mar 2015

Name: MeteoPietrasanta   City: Pietrasanta   State: Italia
Elevation: 14 m  Lat: N 44 36' 37"   Lon: E 010 23' 20"

                  Temperature (C), Rain (mm), Wind Speed (km/h)

                                      Heat  Cool        Avg
    Mean                              Deg   Deg         Wind                 Dom
Day Temp  High   Time   Low    Time   Days  Days  Rain  Speed High   Time    Dir
----------------------------------------------------------------------------------
 1  16,6  16,6   00.00  16,6   00.00   1,7   0,0   0,0   2,6   5,0   00.00   OSO
 2  16,6  16,6   00.00  16,6   00.00   1,7   0,0   0,0   2,6   5,0   00.00   OSO
 3  15,4  16,6   00.00  10,6   20.45   2,9   0,0  80,4   3,1  27,0   17.13   SSO
 4  12,3  15,5   13.03   8,5   23.13   6,0   0,0  10,2   3,1  27,0   21.32   ESE
 5  10,7  15,0   15.14   7,6   05.12   7,5   0,0 130,8   4,9  94,3   02.58   ENE
 6  11,2  17,1   16.45   5,6   22.45   7,1   0,0   0,6   0,0   0,0   00.15   ---
 7  10,2  17,0   16.45   4,4   07.45   8,1   0,0   0,0   0,0   0,0   00.15   ---
 8  10,5  16,3   15.45   4,0   06.15   7,0   0,0   0,0   0,0   0,0   00.15   ---
 9  13,5  13,5   00.15  13,5   00.15   4,8   0,0   0,0   0,0   0,0   00.15   ---
10   9,4  15,7   13.15   3,4   05.15   8,4   0,0   0,0   0,0   0,0   00.15   ---
11  10,8  15,7   13.45   6,0   04.45   7,5   0,0   0,0   0,0   0,0   00.15   ---
12  11,4  16,3   13.45   7,2   03.15   6,9   0,0   0,0   0,0   0,0   00.15   ---
13  10,0  16,8   11.15   3,2   06.45   8,3   0,0   0,0   0,0   0,0   00.15   ---
14  10,9  19,9   14.03   6,0   02.15   7,4   0,0   0,0   0,0   0,0   00.15   ---
15  11,7  16,0   13.09   7,3   02.37   6,6   0,0   0,3   0,0   0,0   00.00   ---
16  12,4  16,2   16.16  10,6   04.47   5,9   0,0   1,8   0,0   0,0   00.00   ---
17  12,9  17,0   12.40  10,0   23.47   5,4   0,0   1,2   0,0   0,0   00.00   ---
18  12,8  18,9   14.26   7,5   06.30   5,5   0,0   0,0   0,0   0,0   00.00   ---
19  12,9  20,4   14.51   6,7   05.34   5,6   0,1   0,0   0,0   0,0   00.00   ---
20  13,0  22,0   13.53   7,2   03.40   5,5   0,2   0,0   0,0   0,0   00.00   ---
21  12,0  16,9   09.49   7,3   06.09   6,3   0,0   0,0   0,0   0,0   00.00   ---
22  13,4  18,9   14.24  10,1   23.30   4,9   0,0   0,0   0,0   0,0   00.00   ---
23  14,1  20,1   15.12   9,2   02.08   4,4   0,1   0,0   0,0   0,0   00.00   ---
24  13,7  19,1   11.43  10,7   05.09   4,6   0,0   0,6   0,0   0,0   00.00   ---
25  13,2  15,9   17.15  10,9   01.49   5,1   0,0   4,2   0,0   0,0   00.00   ---
26  13,3  16,9   15.27  10,8   23.59   5,0   0,0   3,6   0,0   0,0   00.00   ---
27  13,2  18,9   13.30   9,5   03.54   5,1   0,0   0,0   0,0   0,0   00.00   ---
28  14,1  16,7   08.21   6,7   06.01   4,2   0,0   0,0   0,0   0,0   00.00   ---
29  16,7  16,7   00.00  16,7   00.00   1,5   0,0   0,0   0,0   0,0   00.00   ---
30  16,7  16,7   00.00  16,7   00.00   1,6   0,0   0,0   0,0   0,0   00.00   ---
31  16,7  16,7   00.00  16,7   00.00   1,6   0,0   0,0   0,0   0,0   00.00   ---
----------------------------------------------------------------------------------
    13,0  22,0    20     3,2    13   164,1   0,4 233,7   0,6  94,3     5     SSE

Max >=  27,0:  0
Max <=   0,0:  0
Min <=   0,0:  0
Min <= -18,0:  0
Max Rain: 130,8 on day 5
Days of Rain: 10 (>= 0,2 mm)  5 (>= 2,0 mm)  2 (>= 20,0 mm)
Heat Base: 18,3  Cool Base: 18,3  Method: Integration