Selezionare Mese o Anno per visualizzare Report
2018: Gen Feb Mar Apr Mag Giu Lug Ago Set Ott Nov Dic
2017: Gen Feb Mar Apr Mag Giu Lug Ago Set Ott Nov Dic
2016: Gen Feb Mar Apr Mag Giu Lug Ago Set Ott Nov Dic
2015: Gen Feb Mar Apr Mag Giu Lug Ago Set Ott Nov Dic
2014: Gen Feb Mar Apr Mag Giu Lug Ago Set Ott Nov Dic
2013: Gen Feb Mar Apr Mag Giu Lug Ago Set Ott Nov Dic
2012: Gen Feb Mar Apr Mag Giu Lug Ago Set Ott Nov Dic
2011: Gen Feb Mar Apr Mag Giu Lug Ago Set Ott Nov Dic

Report per 2015 Aprile
                   Monthly Climatological Summary for apr 2015

Name: MeteoPietrasanta   City: Pietrasanta   State: Italia
Elevation: 14 m  Lat: N 44 36' 37"   Lon: E 010 23' 20"

                  Temperature (C), Rain (mm), Wind Speed (km/h)

                                      Heat  Cool        Avg
    Mean                              Deg   Deg         Wind                 Dom
Day Temp  High   Time   Low    Time   Days  Days  Rain  Speed High   Time    Dir
----------------------------------------------------------------------------------
 1  16,7  16,7   00.00  16,7   00.00   1,6   0,0   0,0   0,0   0,0   00.00   ---
 2  16,7  16,7   00.00  16,7   00.00   1,6   0,0   0,0   0,0   0,0   00.00   ---
 3  16,7  16,7   00.00  16,7   00.00   1,6   0,0   0,0   0,0   0,0   00.00   ---
 4  16,7  16,7   00.00  16,7   00.00   1,6   0,0   0,0   0,0   0,0   00.00   ---
 5  16,7  16,7   00.00  16,7   00.00   1,6   0,0   0,0   0,0   0,0   00.00   ---
 6  16,7  16,7   00.00  16,7   00.00   1,6   0,0   0,0   0,0   0,0   00.00   ---
 7  16,7  16,7   00.00  16,7   00.00   1,6   0,0   0,0   0,0   0,0   00.00   ---
 8  15,5  16,9   15.48   9,0   23.48   2,8   0,0  11,4   0,0   0,0   00.00   ---
 9   8,4  19,5   15.49   6,5   06.18   3,7   0,0   0,0   0,0   0,0   00.18   ---
10   9,6  20,9   11.31   8,4   04.13   0,0   0,0   0,0   0,0   0,0   00.00   ---
11  10,3  19,6   16.42   9,7   00.40   0,0   0,0   0,0   0,0   0,0   00.00   ---
12  10,6  21,1   17.28   8,6   06.20   0,0   0,0   0,0   0,0   0,0   00.00   ---
13  11,9  21,0   16.31   9,5   06.24   0,0   0,0   0,0   0,0   0,0   00.00   ---
14  11,6  20,9   15.19  10,9   00.56   0,0   0,0   0,0   0,0   0,0   00.00   ---
15  13,3  21,9   14.22  12,0   23.52   0,0   0,0   0,0   0,0   0,0   00.00   ---
16  12,2  20,6   14.46  10,0   05.38   0,0   0,0   0,0   0,0   0,0   00.00   ---
17  14,6  20,6   17.59  14,1   06.12   0,0   0,0   3,0   0,0   0,0   00.00   ---
18  15,2  21,4   17.01  13,9   09.08   0,0   0,0   2,4   0,0   0,0   00.00   ---
19  15,3  20,5   14.37  10,5   23.59   0,0   0,0   0,0   0,0   0,0   00.00   ---
20  10,7  20,4   17.51   7,0   06.42   0,0   0,0   0,0   0,0   0,0   00.00   ---
21  10,1  23,4   12.06   7,8   06.55   0,0   0,0   0,0   0,0   0,0   00.00   ---
22  11,7  22,2   15.45   9,9   06.17   0,0   0,0   0,0   0,0   0,0   00.00   ---
23  11,7  21,8   11.49  10,8   03.38   0,0   0,0   0,0   0,0   0,0   00.00   ---
24  15,2  22,9   16.05  12,1   05.50   0,0   0,0   0,0   0,0   0,0   00.00   ---
25  12,5  22,6   15.36  10,4   06.43   0,0   0,0   0,0   0,0   0,0   00.00   ---
26  16,7  21,0   12.00  12,9   01.50   1,9   0,4   0,0   0,0   0,0   00.20   ---
27  15,4  20,0   13.50  12,5   23.08   2,9   0,0  23,7   0,0   0,0   00.00   ---
28  14,7  17,5   10.01  12,0   03.11   3,6   0,0   0,0   0,0   0,0   00.00   ---
29  16,8  22,8   11.13  11,4   06.30   2,2   0,7   0,3   0,2 177,0   15.15     N
30  15,7  20,4   16.55  12,5   23.25   2,7   0,1   0,0   0,0   0,0   00.00   ---
----------------------------------------------------------------------------------
    13,9  23,4    21     6,5     9    31,0   1,2  40,8   0,0 177,0    29       N

Max >=  27,0:  0
Max <=   0,0:  0
Min <=   0,0:  0
Min <= -18,0:  0
Max Rain: 23,7 on day 27
Days of Rain: 5 (>= 0,2 mm)  4 (>= 2,0 mm)  1 (>= 20,0 mm)
Heat Base: 18,3  Cool Base: 18,3  Method: Integration