Selezionare Mese o Anno per visualizzare Report
2018: Gen Feb Mar Apr Mag Giu Lug Ago Set Ott Nov Dic
2017: Gen Feb Mar Apr Mag Giu Lug Ago Set Ott Nov Dic
2016: Gen Feb Mar Apr Mag Giu Lug Ago Set Ott Nov Dic
2015: Gen Feb Mar Apr Mag Giu Lug Ago Set Ott Nov Dic
2014: Gen Feb Mar Apr Mag Giu Lug Ago Set Ott Nov Dic
2013: Gen Feb Mar Apr Mag Giu Lug Ago Set Ott Nov Dic
2012: Gen Feb Mar Apr Mag Giu Lug Ago Set Ott Nov Dic
2011: Gen Feb Mar Apr Mag Giu Lug Ago Set Ott Nov Dic

Report per 2015 Maggio
                   Monthly Climatological Summary for mag 2015

Name: MeteoPietrasanta   City: Pietrasanta   State: Italia
Elevation: 14 m  Lat: N 44 36' 37"   Lon: E 010 23' 20"

                  Temperature (C), Rain (mm), Wind Speed (km/h)

                                      Heat  Cool        Avg
    Mean                              Deg   Deg         Wind                 Dom
Day Temp  High   Time   Low    Time   Days  Days  Rain  Speed High   Time    Dir
----------------------------------------------------------------------------------
 1  15,7  19,3   14.22  12,8   04.46   2,6   0,0   0,0   0,0   0,0   00.00   ---
 2  16,7  22,4   16.24  14,4   01.41   1,9   0,2   3,0   0,0   0,0   00.00   ---
 3  18,4  23,6   19.01  15,5   00.00   0,8   0,9   0,0   0,0   0,0   00.00   ---
 4  20,1  27,8   16.51  14,6   06.17   1,0   2,8   0,0   0,0   0,0   00.00   ---
 5  22,5  29,3   12.43  16,1   00.47   0,2   4,4   0,0   0,0   0,0   00.00   ---
 6  19,6  26,2   17.58  15,1   23.59   0,9   2,2   0,0   0,0   0,0   00.00   ---
 7  18,9  23,2   08.59  13,2   06.38   1,1   1,6   0,0   0,0   0,0   00.00   ---
 8  18,5  23,4   17.18  13,6   04.22   1,3   1,6   0,0   0,0   0,0   00.00   ---
 9  18,2  24,0   15.33  13,4   00.29   1,6   1,5   0,0   0,0   0,0   00.00   ---
10  21,2  27,9   17.22  12,7   06.18   1,3   4,1   0,0   0,0   0,0   00.00   ---
11  20,9  27,7   17.08  14,1   06.02   1,0   3,6   0,0   0,0   0,0   00.00   ---
12  20,9  28,3   13.50  14,3   05.53   1,1   3,7   0,0   0,0   0,0   00.00   ---
13  20,3  25,8   13.15  15,3   02.45   0,8   2,8   0,0   0,0   0,0   00.00   ---
14  21,2  26,8   16.21  15,9   00.00   0,1   3,0   0,0   0,0   0,0   00.00   ---
15  18,3  20,9   17.42  14,9   23.08   0,5   0,5   8,4   0,0   0,0   00.00   ---
16  18,4  27,1   18.36  13,0   05.42   1,6   1,7   0,0   0,0   0,0   00.00   ---
17  23,3  32,7   17.45  14,1   05.42   0,9   5,9   0,0   0,0   0,0   00.00   ---
18  22,8  28,5   15.53  15,8   05.51   0,3   4,8   0,0   0,0   0,0   00.00   ---
19  20,8  26,3   17.42  15,0   06.25   0,6   3,1   0,0   0,0   0,0   00.00   ---
20  18,5  24,3   17.47  14,3   21.35   0,7   0,9   0,3   0,0   0,0   00.00   ---
21  17,3  21,4   12.48  13,6   01.54   1,6   0,6   0,0   0,0   0,0   00.00   ---
22  15,6  20,4   13.02  10,4   06.53   2,9   0,2   0,0   0,0   0,0   00.00   ---
23  15,4  20,6   11.09  12,1   05.54   3,0   0,1   3,9   0,0   0,0   00.00   ---
24  17,5  23,1   09.00  11,7   05.53   2,1   1,3   0,3   0,0   0,0   00.00   ---
25  18,4  25,2   10.09  12,2   04.54   1,7   1,8   0,0   0,0   0,0   00.00   ---
26  18,3  25,0   09.35  11,2   07.33   1,4   1,4   0,0   0,0   0,0   00.00   ---
27  19,5  26,7   18.12  15,6   23.30   0,9   2,1   0,0   0,0   0,0   00.00   ---
28  19,1  24,1   10.35  13,2   05.56   1,4   2,3   0,0   0,0   0,0   00.00   ---
29  18,8  24,2   17.17  12,4   04.04   1,8   2,4   0,0   0,0   0,0   00.00   ---
30  19,8  25,8   10.01  14,1   01.39   1,1   2,7   0,0   0,0   0,0   00.00   ---
31  21,2  27,3   18.31  15,4   01.52   0,7   3,7   0,0   0,0   0,0   00.00   ---
----------------------------------------------------------------------------------
    19,2  32,7    17    10,4    22    38,9  67,9  15,9   0,0   0,0     0     ---

Max >=  27,0:  9
Max <=   0,0:  0
Min <=   0,0:  0
Min <= -18,0:  0
Max Rain: 8,4 on day 15
Days of Rain: 5 (>= 0,2 mm)  3 (>= 2,0 mm)  0 (>= 20,0 mm)
Heat Base: 18,3  Cool Base: 18,3  Method: Integration