Selezionare Mese o Anno per visualizzare Report
2018: Gen Feb Mar Apr Mag Giu Lug Ago Set Ott Nov Dic
2017: Gen Feb Mar Apr Mag Giu Lug Ago Set Ott Nov Dic
2016: Gen Feb Mar Apr Mag Giu Lug Ago Set Ott Nov Dic
2015: Gen Feb Mar Apr Mag Giu Lug Ago Set Ott Nov Dic
2014: Gen Feb Mar Apr Mag Giu Lug Ago Set Ott Nov Dic
2013: Gen Feb Mar Apr Mag Giu Lug Ago Set Ott Nov Dic
2012: Gen Feb Mar Apr Mag Giu Lug Ago Set Ott Nov Dic
2011: Gen Feb Mar Apr Mag Giu Lug Ago Set Ott Nov Dic

Report per 2015 Giugno
                   Monthly Climatological Summary for giu 2015

Name: MeteoPietrasanta   City: Pietrasanta   State: Italia
Elevation: 14 m  Lat: N 44 36' 37"   Lon: E 010 23' 20"

                  Temperature (C), Rain (mm), Wind Speed (km/h)

                                      Heat  Cool        Avg
    Mean                              Deg   Deg         Wind                 Dom
Day Temp  High   Time   Low    Time   Days  Days  Rain  Speed High   Time    Dir
----------------------------------------------------------------------------------
 1  21,0  26,5   15.08  14,7   06.24   0,9   3,6   0,0   0,0   0,0   00.00   ---
 2  21,3  26,8   17.58  15,2   02.34   0,7   3,7   0,0   0,0   0,0   00.00   ---
 3  22,1  27,2   08.25  16,3   05.07   0,4   4,2   0,0   0,0   0,0   00.00   ---
 4  24,4  30,6   16.34  17,6   04.24   0,0   6,1   0,0   0,0   0,0   00.00   ---
 5  27,3  33,8   10.44  18,6   05.10   0,0   9,0   0,0   0,0   0,0   00.00   ---
 6  27,7  34,4   09.35  20,3   05.35   0,0   9,4   0,0   0,0   0,0   00.00   ---
 7  26,8  33,4   13.27  19,4   05.55   0,0   8,5   0,0   0,0   0,0   00.00   ---
 8  25,9  32,3   16.23  20,7   04.46   0,0   7,6   0,0   0,0   0,0   00.00   ---
 9  22,5  28,4   16.53  16,4   00.53   0,2   4,3   4,5   0,0   0,0   00.23   ---
10  25,0  31,7   18.53  18,2   05.53   0,0   6,7   0,0   0,0   0,0   00.23   ---
11  25,5  32,7   18.23  17,9   06.23   0,0   7,2   0,0   0,0   0,0   00.23   ---
12  24,4  29,2   11.53  19,1   05.23   0,0   6,2   0,0   0,0   0,0   00.23   ---
13  27,2  33,9   17.23  22,9   22.07   0,0   8,9   0,0   0,0   0,0   00.23   ---
14  23,7  29,1   17.07  20,3   23.59   0,0   5,4   0,9   0,0   0,0   00.00   ---
15  22,3  26,6   14.57  18,3   23.48   0,0   4,0   1,8   0,0   0,0   00.00   ---
16  22,4  27,1   19.14  17,1   05.20   0,1   4,2   0,0   0,0   0,0   00.00   ---
17  23,2  30,3   17.36  17,3   05.17   0,0   5,0   0,0   0,0   0,0   00.00   ---
18  23,1  28,8   11.02  18,2   05.56   0,0   4,8   0,0   0,0   0,0   00.00   ---
19  22,9  28,0   15.05  18,1   03.54   0,0   4,6   0,0   0,0   0,0   00.00   ---
20  23,3  28,0   10.36  17,3   05.26   0,0   5,1   0,0   0,0   0,0   00.00   ---
21  22,9  28,6   11.22  16,8   05.47   0,1   4,8   0,0   0,0   0,0   00.00   ---
22  23,8  29,8   15.00  17,7   05.16   0,0   5,5   0,0   0,0   0,0   00.00   ---
23  24,9  30,4   14.24  20,9   05.35   0,0   6,6   0,0   0,0   0,0   00.00   ---
24  23,3  30,0   19.06  16,2   05.53   0,3   5,2   0,3   0,1  80,6   16.53     N
25  22,9  29,9   17.18  15,1   04.18   0,6   5,2   0,0   0,0   0,0   00.00   ---
26  24,2  30,4   10.40  16,8   05.06   0,2   6,1   0,0   0,0   0,0   00.00   ---
27  24,0  29,1   10.33  17,4   04.53   0,0   5,7   0,0   0,0   0,0   00.00   ---
28  25,6  32,6   18.28  18,2   05.27   0,0   7,3   0,0   0,0   0,0   00.00   ---
29  26,4  32,9   16.16  19,4   05.45   0,0   8,1   0,0   0,0   0,0   00.00   ---
30  26,2  32,0   17.56  20,0   05.44   0,0   7,9   0,0   0,0   0,0   00.00   ---
----------------------------------------------------------------------------------
    24,2  34,4     6    14,7     1     3,5 180,9   7,5   0,0  80,6    24       N

Max >=  27,0: 27
Max <=   0,0:  0
Min <=   0,0:  0
Min <= -18,0:  0
Max Rain: 4,5 on day 9
Days of Rain: 4 (>= 0,2 mm)  1 (>= 2,0 mm)  0 (>= 20,0 mm)
Heat Base: 18,3  Cool Base: 18,3  Method: Integration