Selezionare Mese o Anno per visualizzare Report
2018: Gen Feb Mar Apr Mag Giu Lug Ago Set Ott Nov Dic
2017: Gen Feb Mar Apr Mag Giu Lug Ago Set Ott Nov Dic
2016: Gen Feb Mar Apr Mag Giu Lug Ago Set Ott Nov Dic
2015: Gen Feb Mar Apr Mag Giu Lug Ago Set Ott Nov Dic
2014: Gen Feb Mar Apr Mag Giu Lug Ago Set Ott Nov Dic
2013: Gen Feb Mar Apr Mag Giu Lug Ago Set Ott Nov Dic
2012: Gen Feb Mar Apr Mag Giu Lug Ago Set Ott Nov Dic
2011: Gen Feb Mar Apr Mag Giu Lug Ago Set Ott Nov Dic

Report per 2015 Luglio
                   Monthly Climatological Summary for lug 2015

Name: MeteoPietrasanta   City: Pietrasanta   State: Italia
Elevation: 14 m  Lat: N 44 36' 37"   Lon: E 010 23' 20"

                  Temperature (C), Rain (mm), Wind Speed (km/h)

                                      Heat  Cool        Avg
    Mean                              Deg   Deg         Wind                 Dom
Day Temp  High   Time   Low    Time   Days  Days  Rain  Speed High   Time    Dir
----------------------------------------------------------------------------------
 1  27,8  34,0   18.17  21,2   04.12   0,0   9,5   0,0   0,0   0,0   00.00   ---
 2  27,5  34,1   18.55  21,2   05.35   0,0   9,2   0,0   0,0   0,0   00.00   ---
 3  27,2  32,5   10.26  21,9   06.00   0,0   8,9   0,6   0,0   0,0   00.00   ---
 4  28,8  35,5   11.54  22,2   04.33   0,0  10,5   0,0   0,0   0,0   00.00   ---
 5  28,3  33,5   16.17  22,8   04.29   0,0  10,0   0,0   0,0   0,0   00.00   ---
 6  28,1  33,1   19.09  23,2   03.54   0,0   9,8   0,0   0,0   0,0   00.00   ---
 7  28,2  34,9   15.32  21,8   05.48   0,0   9,2   0,0   0,0   0,0   00.00   ---
 8  28,4  35,9   17.16  22,6   04.20   0,0  10,0   0,0   0,0   0,0   00.00   ---
 9  28,7  33,2   17.42  23,1   06.20   0,0  10,4   0,0   0,0   0,0   00.00   ---
10  28,1  33,7   13.53  21,2   04.40   0,0   9,8   0,0   0,0   0,0   00.00   ---
11  27,9  33,4   16.41  20,9   05.57   0,0   9,6   0,0   0,0   0,0   00.00   ---
12  27,3  32,5   17.33  21,2   05.18   0,0   9,0   0,0   0,0   0,0   00.00   ---
13  26,7  32,1   12.30  21,5   05.19   0,0   8,4   0,0   0,0   0,0   00.00   ---
14  27,6  33,5   17.02  21,3   05.33   0,0   9,3   0,0   0,0   0,0   00.00   ---
15  29,0  36,3   16.03  21,6   03.18   0,0  10,7   0,0   0,0   0,0   00.00   ---
16  29,2  35,6   13.58  22,7   06.04   0,0  10,9   0,0   0,0   0,0   00.00   ---
17  28,9  35,5   16.40  21,2   06.06   0,0  10,6   0,0   0,0   0,0   00.00   ---
18  28,4  36,5   12.04  22,6   05.48   0,0  10,1   0,0   0,0   0,0   00.00   ---
19  28,4  34,7   16.30  21,0   06.01   0,0  10,1   0,0   0,0   0,0   00.00   ---
20  28,5  34,6   17.09  21,7   06.51   0,0  10,2   0,0   0,0   0,0   00.00   ---
21  29,0  35,1   18.30  22,7   06.17   0,0  10,7   0,0   0,0   0,0   00.00   ---
22  29,0  34,1   16.57  22,9   06.01   0,0  10,7   0,0   0,0   0,0   00.00   ---
23  28,7  33,1   16.57  23,6   05.55   0,0  10,4   0,0   0,0   0,0   00.00   ---
24  28,4  34,1   17.14  22,5   05.07   0,0  10,1   0,0   0,0   0,0   00.00   ---
25  25,4  32,3   18.10  20,8   04.06   0,0   7,2  21,0   0,0   0,0   00.00   ---
26  26,9  32,0   08.40  22,6   06.10   0,0   8,6   0,0   0,0   0,0   00.10   ---
27  26,4  32,5   18.40  22,8   08.10   0,0   8,1   0,3   0,0   0,0   00.10   ---
28  26,3  30,0   19.25  22,0   23.57   0,0   8,0   0,0   0,0   0,0   00.10   ---
29  25,8  31,2   19.30  21,2   01.35   0,0   7,5   0,0   0,0   0,0   00.00   ---
30  26,6  30,8   09.50  21,6   23.07   0,0   8,3   0,0   0,0   0,0   00.00   ---
31  27,5  34,2   18.01  20,6   05.36   0,0   9,3   0,0   0,0   0,0   00.00   ---
----------------------------------------------------------------------------------
    27,8  36,5    18    20,6    31     0,0 295,1  21,9   0,0   0,0     0     ---

Max >=  27,0: 31
Max <=   0,0:  0
Min <=   0,0:  0
Min <= -18,0:  0
Max Rain: 21,0 on day 25
Days of Rain: 3 (>= 0,2 mm)  1 (>= 2,0 mm)  1 (>= 20,0 mm)
Heat Base: 18,3  Cool Base: 18,3  Method: Integration