Selezionare Mese o Anno per visualizzare Report
2018: Gen Feb Mar Apr Mag Giu Lug Ago Set Ott Nov Dic
2017: Gen Feb Mar Apr Mag Giu Lug Ago Set Ott Nov Dic
2016: Gen Feb Mar Apr Mag Giu Lug Ago Set Ott Nov Dic
2015: Gen Feb Mar Apr Mag Giu Lug Ago Set Ott Nov Dic
2014: Gen Feb Mar Apr Mag Giu Lug Ago Set Ott Nov Dic
2013: Gen Feb Mar Apr Mag Giu Lug Ago Set Ott Nov Dic
2012: Gen Feb Mar Apr Mag Giu Lug Ago Set Ott Nov Dic
2011: Gen Feb Mar Apr Mag Giu Lug Ago Set Ott Nov Dic

Report per 2015 Agosto
                   Monthly Climatological Summary for ago 2015

Name: MeteoPietrasanta   City: Pietrasanta   State: Italia
Elevation: 14 m  Lat: N 44 36' 37"   Lon: E 010 23' 20"

                  Temperature (C), Rain (mm), Wind Speed (km/h)

                                      Heat  Cool        Avg
    Mean                              Deg   Deg         Wind                 Dom
Day Temp  High   Time   Low    Time   Days  Days  Rain  Speed High   Time    Dir
----------------------------------------------------------------------------------
 1  25,8  33,4   12.26  19,9   23.58   0,0   7,5   3,3   0,0   0,0   00.00   ---
 2  25,2  31,5   16.37  19,1   06.22   0,0   6,9   0,0   0,0   0,0   00.00   ---
 3  26,8  32,9   18.17  20,1   04.32   0,0   8,5   0,0   0,0   0,0   00.00   ---
 4  27,0  35,0   12.12  21,5   05.42   0,0   8,7   0,0   0,0   0,0   00.00   ---
 5  27,8  34,8   17.13  21,8   06.26   0,0   9,5   0,0   0,0   0,0   00.00   ---
 6  29,3  36,5   16.57  22,4   05.52   0,0  11,0   0,0   0,0   0,0   00.00   ---
 7  30,3  38,1   17.11  22,5   05.28   0,0  12,0   0,0   0,0   0,0   00.00   ---
 8  30,8  37,3   17.23  23,6   07.00   0,0  12,5   0,0   0,0   0,0   00.00   ---
 9  29,1  35,4   11.29  23,3   22.37   0,0  10,8   5,7   0,0   0,0   00.00   ---
10  23,5  28,2   17.54  20,1   12.54   0,0   5,2  15,6   0,0   0,0   00.00   ---
11  25,7  32,4   17.42  19,3   05.53   0,0   7,4   0,0   0,0   0,0   00.00   ---
12  28,0  35,9   16.56  20,2   05.49   0,0   9,7   0,0   0,0   0,0   00.00   ---
13  28,5  37,4   14.36  20,8   06.28   0,0  10,2   0,0   0,0   0,0   00.00   ---
14  26,1  31,8   11.35  21,6   04.33   0,0   7,8   0,0   0,0   0,0   00.00   ---
15  24,9  29,8   12.02  21,4   04.03   0,0   6,6   0,0   0,0   0,0   00.00   ---
16  22,5  29,2   17.22  16,6   05.18   0,1   4,3  63,6   0,0   0,0   00.00   ---
17  21,6  24,1   08.07  16,5   06.31   0,2   3,5   0,0   0,0   0,0   00.00   ---
18  23,4  23,4   00.00  23,4   00.00   0,0   5,1   0,0   0,0   0,0   00.00   ---
19  23,4  23,4   00.00  23,4   00.00   0,0   5,1   0,0   0,0   0,0   00.00   ---
20  23,4  23,4   00.00  23,4   00.00   0,0   5,1   0,0   0,0   0,0   00.00   ---
21  23,4  23,4   00.00  23,4   00.00   0,0   5,1   0,0   0,0   0,0   00.00   ---
22  23,4  23,4   00.00  23,4   00.00   0,0   5,1   0,0   0,0   0,0   00.00   ---
23  23,4  23,4   00.00  23,4   00.00   0,0   5,1   0,0   0,0   0,0   00.00   ---
24  23,4  23,4   00.00  23,4   00.00   0,0   5,1   0,0   0,0   0,0   00.00   ---
25  23,4  23,4   00.00  23,4   00.00   0,0   5,1   0,0   0,0   0,0   00.00   ---
26  23,4  23,4   00.00  23,4   00.00   0,0   5,1   0,0   0,0   0,0   00.00   ---
27  23,4  23,4   00.00  23,4   00.00   0,0   5,1   0,0   0,0   0,0   00.00   ---
28  23,4  23,4   00.00  23,4   00.00   0,0   5,1   0,0   0,0   0,0   00.00   ---
29  23,4  23,4   00.00  23,4   00.00   0,0   5,1   0,0   0,0   0,0   00.00   ---
30  23,4  23,4   00.00  23,4   00.00   0,0   5,1   0,0   0,0   0,0   00.00   ---
31  23,4  23,4   00.00  23,4   00.00   0,0   5,1   0,0   0,0   0,0   00.00   ---
----------------------------------------------------------------------------------
    25,2  38,1     7    16,5    17     0,3 213,5  88,2   0,0   0,0     0     ---

Max >=  27,0: 16
Max <=   0,0:  0
Min <=   0,0:  0
Min <= -18,0:  0
Max Rain: 63,6 on day 16
Days of Rain: 4 (>= 0,2 mm)  4 (>= 2,0 mm)  1 (>= 20,0 mm)
Heat Base: 18,3  Cool Base: 18,3  Method: Integration