Selezionare Mese o Anno per visualizzare Report
2018: Gen Feb Mar Apr Mag Giu Lug Ago Set Ott Nov Dic
2017: Gen Feb Mar Apr Mag Giu Lug Ago Set Ott Nov Dic
2016: Gen Feb Mar Apr Mag Giu Lug Ago Set Ott Nov Dic
2015: Gen Feb Mar Apr Mag Giu Lug Ago Set Ott Nov Dic
2014: Gen Feb Mar Apr Mag Giu Lug Ago Set Ott Nov Dic
2013: Gen Feb Mar Apr Mag Giu Lug Ago Set Ott Nov Dic
2012: Gen Feb Mar Apr Mag Giu Lug Ago Set Ott Nov Dic
2011: Gen Feb Mar Apr Mag Giu Lug Ago Set Ott Nov Dic

Report per 2015 Settembre
                   Monthly Climatological Summary for set 2015

Name: MeteoPietrasanta   City: Pietrasanta   State: Italia
Elevation: 14 m  Lat: N 44 36' 37"   Lon: E 010 23' 20"

                  Temperature (C), Rain (mm), Wind Speed (km/h)

                                      Heat  Cool        Avg
    Mean                              Deg   Deg         Wind                 Dom
Day Temp  High   Time   Low    Time   Days  Days  Rain  Speed High   Time    Dir
----------------------------------------------------------------------------------
 1  23,4  23,4   00.00  23,4   00.00   0,0   5,1   0,0   0,0   0,0   00.00   ---
 2  23,4  23,4   00.00  23,4   00.00   0,0   5,1   0,0   0,0   0,0   00.00   ---
 3  23,4  23,4   00.00  23,4   00.00   0,0   5,1   0,0   0,0   0,0   00.00   ---
 4  23,4  23,4   00.00  23,4   00.00   0,0   5,1   0,0   0,0   0,0   00.00   ---
 5  23,4  23,4   00.00  23,4   00.00   0,0   5,1   0,0   0,0   0,0   00.00   ---
 6  23,4  23,4   00.00  23,4   00.00   0,0   5,1   0,0   0,0   0,0   00.00   ---
 7  23,4  23,4   00.00  23,4   00.00   0,0   5,1   0,0   0,0   0,0   00.00   ---
 8  23,4  23,4   00.00  23,4   00.00   0,0   5,1   0,0   0,0   0,0   00.00   ---
 9  23,4  23,4   00.00  23,4   00.00   0,0   5,1   0,0   0,0   0,0   00.00   ---
10  23,4  23,4   00.00  23,4   00.00   0,0   5,1   0,0   0,0   0,0   00.00   ---
11  23,4  23,4   00.00  23,4   00.00   0,0   5,1   0,0   0,0   0,0   00.00   ---
12  22,9  23,4   00.00  19,6   23.40   0,0   4,5   0,0   0,0   0,0   00.00   ---
13  18,0  23,4   15.40  12,4   10.10   1,9   1,6   0,0   0,0   0,0   00.10   ---
14  18,5  24,5   15.40  14,2   07.10   1,3   1,5   0,0   0,0   0,0   00.10   ---
15  19,0  25,5   23.10  15,9   12.10   0,9   1,7   0,0   0,0   0,0   00.10   ---
16  19,3  24,7   00.10  13,3   11.40   1,3   2,3   0,0   0,0   0,0   00.10   ---
17  18,6  23,9   14.40  12,5   10.40   1,9   2,3 133,8   0,0   0,0   00.10   ---
18  23,6  27,7   09.41  17,7   23.49   0,0   5,3   0,0   0,0   0,0   00.11   ---
19  20,8  27,9   14.01  15,5   06.27   0,6   3,0   0,0   0,0   0,0   00.00   ---
20  21,5  31,3   16.29  14,7   06.29   0,7   3,9   0,0   0,0   0,0   00.00   ---
21  21,4  27,9   11.34  15,0   03.11   0,7   3,8   0,0   0,0   0,0   00.00   ---
22  20,9  27,3   15.08  16,0   06.35   0,5   3,1   0,0   0,0   0,0   00.00   ---
23  20,6  25,3   15.28  16,1   23.10   0,2   2,5   0,3   0,0   0,0   00.00   ---
24  19,4  26,2   16.41  12,7   06.10   1,2   2,3   0,0   0,0   0,0   00.10   ---
25  20,1  28,8   17.13  13,6   06.10   1,2   3,0   0,0   0,0   0,0   00.00   ---
26  20,7  28,3   17.13  14,8   06.35   0,9   3,3   0,0   0,0   0,0   00.00   ---
27  20,3  28,3   14.39  14,9   23.57   0,6   2,6   0,0   0,0   0,0   00.00   ---
28  18,7  24,3   14.25  14,2   03.43   1,2   1,6   0,0   0,0   0,0   00.00   ---
29  19,7  19,7   00.00  19,7   00.00   0,0   1,4   0,0   0,0   0,0   00.00   ---
30  19,7  19,7   00.00  19,7   00.00   0,0   1,4   0,0   0,0   0,0   00.00   ---
----------------------------------------------------------------------------------
    21,4  31,3    20    12,4    13    15,1 107,2 134,1   0,0   0,0     0     ---

Max >=  27,0:  8
Max <=   0,0:  0
Min <=   0,0:  0
Min <= -18,0:  0
Max Rain: 133,8 on day 17
Days of Rain: 2 (>= 0,2 mm)  1 (>= 2,0 mm)  1 (>= 20,0 mm)
Heat Base: 18,3  Cool Base: 18,3  Method: Integration