Selezionare Mese o Anno per visualizzare Report
2018: Gen Feb Mar Apr Mag Giu Lug Ago Set Ott Nov Dic
2017: Gen Feb Mar Apr Mag Giu Lug Ago Set Ott Nov Dic
2016: Gen Feb Mar Apr Mag Giu Lug Ago Set Ott Nov Dic
2015: Gen Feb Mar Apr Mag Giu Lug Ago Set Ott Nov Dic
2014: Gen Feb Mar Apr Mag Giu Lug Ago Set Ott Nov Dic
2013: Gen Feb Mar Apr Mag Giu Lug Ago Set Ott Nov Dic
2012: Gen Feb Mar Apr Mag Giu Lug Ago Set Ott Nov Dic
2011: Gen Feb Mar Apr Mag Giu Lug Ago Set Ott Nov Dic

Report per 2015 Ottobre
                   Monthly Climatological Summary for ott 2015

Name: MeteoPietrasanta   City: Pietrasanta   State: Italia
Elevation: 14 m  Lat: N 44 36' 37"   Lon: E 010 23' 20"

                  Temperature (C), Rain (mm), Wind Speed (km/h)

                                      Heat  Cool        Avg
    Mean                              Deg   Deg         Wind                 Dom
Day Temp  High   Time   Low    Time   Days  Days  Rain  Speed High   Time    Dir
----------------------------------------------------------------------------------
 1  19,7  19,7   00.00  19,7   00.00   0,0   1,4   0,0   0,0   0,0   00.00   ---
 2  19,7  19,7   00.00  19,7   00.00   0,0   1,4   0,0   0,0   0,0   00.00   ---
 3  19,7  19,7   00.00  19,7   00.00   0,0   1,4   0,0   0,0   0,0   00.00   ---
 4  19,7  19,7   00.00  19,7   00.00   0,0   1,4   0,0   0,0   0,0   00.00   ---
 5  19,7  19,7   00.00  19,7   00.00   0,0   1,4   0,0   0,0   0,0   00.00   ---
 6  19,7  19,7   00.00  19,7   00.00   0,0   1,4   0,0   0,0   0,0   00.00   ---
 7  19,7  19,7   00.00  19,7   00.00   0,0   1,4   0,0   0,0   0,0   00.00   ---
 8  19,7  19,7   00.00  19,7   00.00   0,0   1,4   0,0   0,0   0,0   00.00   ---
 9  19,7  19,7   00.00  19,7   00.00   0,0   1,4   0,0   0,0   0,0   00.00   ---
10  19,7  19,7   00.00  19,7   00.00   0,0   1,4   0,0   0,0   0,0   00.00   ---
11  19,7  19,7   00.00  19,7   00.00   0,0   1,4   0,0   0,0   0,0   00.00   ---
12  19,7  19,7   00.00  19,7   00.00   0,0   1,4   0,0   0,0   0,0   00.00   ---
13  19,7  19,7   00.00  19,7   00.00   0,0   1,4   0,0   0,0   0,0   00.00   ---
14  19,7  19,7   00.00  19,7   00.00   0,0   1,4   0,0   0,0   0,0   00.00   ---
15  19,7  19,7   00.00  19,7   00.00   0,0   1,4   0,0   0,0   0,0   00.00   ---
16  19,7  19,7   00.00  19,7   00.00   0,0   1,4   0,0   0,0   0,0   00.00   ---
17  19,7  19,7   00.00  19,7   00.00   0,0   1,4   0,0   0,0   0,0   00.00   ---
18  19,7  19,7   00.00  19,7   00.00   0,0   1,4   0,0   0,0   0,0   00.00   ---
19  19,7  19,7   00.00  19,7   00.00   0,0   1,4   0,0   0,0   0,0   00.00   ---
20  19,7  19,7   00.00  19,7   00.00   0,0   1,4   0,0   0,0   0,0   00.00   ---
21  19,7  19,7   00.00  19,7   00.00   0,0   1,4   0,0   0,0   0,0   00.00   ---
22  19,7  19,7   00.00  19,7   00.00   0,0   1,4   0,0   0,0   0,0   00.00   ---
23  19,7  19,7   00.00  19,7   00.00   0,0   1,4   0,0   0,0   0,0   00.00   ---
24  19,7  19,7   00.00  19,7   00.00   0,0   1,4   0,0   0,0   0,0   00.00   ---
25  19,7  19,7   00.00  19,7   00.00   0,0   1,5   0,0   0,0   0,0   00.00   ---
26  19,7  19,7   00.00  19,7   00.00   0,0   1,4   0,0   0,0   0,0   00.00   ---
27  19,7  19,7   00.00  19,7   00.00   0,0   1,4   0,0   0,0   0,0   00.00   ---
28  17,7  23,9   12.27  12,5   08.27   2,3   1,6   9,3   0,0   0,0   00.00   ---
29  15,2  23,7   15.23  11,2   23.33   3,4   0,3   0,0   0,0   0,0   00.00   ---
30  15,4  25,2   14.59   9,2   04.33   4,1   1,2   0,0   0,0   0,0   00.00   ---
31  15,2  24,7   15.30   9,1   06.01   4,2   1,2   0,0   0,0   0,0   00.00   ---
----------------------------------------------------------------------------------
    19,2  25,2    30     9,1    31    14,0  42,2   9,3   0,0   0,0     0     ---

Max >=  27,0:  0
Max <=   0,0:  0
Min <=   0,0:  0
Min <= -18,0:  0
Max Rain: 9,3 on day 28
Days of Rain: 1 (>= 0,2 mm)  1 (>= 2,0 mm)  0 (>= 20,0 mm)
Heat Base: 18,3  Cool Base: 18,3  Method: Integration