Selezionare Mese o Anno per visualizzare Report
2018: Gen Feb Mar Apr Mag Giu Lug Ago Set Ott Nov Dic
2017: Gen Feb Mar Apr Mag Giu Lug Ago Set Ott Nov Dic
2016: Gen Feb Mar Apr Mag Giu Lug Ago Set Ott Nov Dic
2015: Gen Feb Mar Apr Mag Giu Lug Ago Set Ott Nov Dic
2014: Gen Feb Mar Apr Mag Giu Lug Ago Set Ott Nov Dic
2013: Gen Feb Mar Apr Mag Giu Lug Ago Set Ott Nov Dic
2012: Gen Feb Mar Apr Mag Giu Lug Ago Set Ott Nov Dic
2011: Gen Feb Mar Apr Mag Giu Lug Ago Set Ott Nov Dic

Report per 2015 Novembre
                   Monthly Climatological Summary for nov 2015

Name: MeteoPietrasanta   City: Pietrasanta   State: Italia
Elevation: 14 m  Lat: N 44 36' 37"   Lon: E 010 23' 20"

                  Temperature (C), Rain (mm), Wind Speed (km/h)

                                      Heat  Cool        Avg
    Mean                              Deg   Deg         Wind                 Dom
Day Temp  High   Time   Low    Time   Days  Days  Rain  Speed High   Time    Dir
----------------------------------------------------------------------------------
 1  14,0  22,1   14.45   7,8   05.19   5,0   0,7   0,0   0,0   0,0   00.00   ---
 2  13,7  22,3   15.37   6,9   05.07   5,3   0,7   0,0   0,0   0,0   00.00   ---
 3  15,5  22,8   14.55   9,1   07.31   3,5   0,7   0,0   0,0   0,0   00.00   ---
 4  17,3  24,3   15.54  14,8   20.53   1,7   0,7   0,0   0,0   0,0   00.00   ---
 5  16,8  22,4   12.53  13,6   22.47   2,3   0,8   0,0   0,0   0,0   00.00   ---
 6  16,1  21,4   12.43  12,3   06.33   2,8   0,5   0,0   0,0   0,0   00.00   ---
 7  14,9  21,8   12.07   9,6   07.47   4,0   0,6   0,0   0,0   0,0   00.00   ---
 8  15,7  22,6   10.12  10,5   07.08   3,3   0,7   0,0   0,0   0,0   00.00   ---
 9  16,9  21,7   12.58  14,8   05.15   1,7   0,3   0,0   0,0   0,0   00.00   ---
10  17,0  21,7   13.48  14,8   06.55   1,6   0,3   0,0   0,0   0,0   00.00   ---
11  16,3  19,6   11.59  14,5   23.59   2,1   0,1   0,0   0,0   0,0   00.00   ---
12  15,2  21,8   10.10  11,0   06.07   3,6   0,6   0,0   0,0   0,0   00.00   ---
13  14,7  19,4   09.53  10,5   03.17   3,6   0,0   0,0   0,0   0,0   00.00   ---
----------------------------------------------------------------------------------
    15,7  24,3     4     6,9     2    40,5   6,7   0,0   0,0   0,0     0     ---

Max >=  27,0:  0
Max <=   0,0:  0
Min <=   0,0:  0
Min <= -18,0:  0
Max Rain: 0,0 on day 0
Days of Rain: 0 (>= 0,2 mm)  0 (>= 2,0 mm)  0 (>= 20,0 mm)
Heat Base: 18,3  Cool Base: 18,3  Method: Integration