Selezionare Mese o Anno per visualizzare Report
2018: Gen Feb Mar Apr Mag Giu Lug Ago Set Ott Nov Dic
2017: Gen Feb Mar Apr Mag Giu Lug Ago Set Ott Nov Dic
2016: Gen Feb Mar Apr Mag Giu Lug Ago Set Ott Nov Dic
2015: Gen Feb Mar Apr Mag Giu Lug Ago Set Ott Nov Dic
2014: Gen Feb Mar Apr Mag Giu Lug Ago Set Ott Nov Dic
2013: Gen Feb Mar Apr Mag Giu Lug Ago Set Ott Nov Dic
2012: Gen Feb Mar Apr Mag Giu Lug Ago Set Ott Nov Dic
2011: Gen Feb Mar Apr Mag Giu Lug Ago Set Ott Nov Dic

Report per 2018
                   Annual Climatological Summary for 2018

Name: MeteoPietrasanta   City: Pietrasanta   State: Italia
Elevation: 14 m  Lat: N 44 36' 37"   Lon: E 010 23' 20"

                  Temperature (C), Heat Base: 18,3  Cool Base: 18,3
                          Dep.  Heat  Cool                       Max  Max  Min  Min
        Mean  Mean        From  Deg   Deg                        >=   <=   <=   <=
 YR MO  Max   Min   Mean  Norm  Days  Days  Hi  Date  Low  Date 27,0  0,0  0,0 -18,0
------------------------------------------------------------------------------------
 18  1  14,3   7,3  11,5   0.0   173     4  21,7   8   0,0    8    0    0    1    0
 18  2  10,3   4,1   7,2   0.0   302     0  16,8  24  -4,8   27    0    0    4    0
 18  3  14,5   6,7  10,6   0.0   240     0  20,4  30   0,3    1    0    0    0    0
 18  4  22,8  10,4  16,9   0.0    81    43  29,4  20 -31,0   23    5    0    1    1
 18  5  24,7  15,0  19,4   0.0    37    72  31,6  27  10,0   15    8    0    0    0
 18  6  28,5  17,0  23,0   0.0     3   145  33,1  20   0,0   28   21    0    1    0
 18  7  30,8  21,1  25,9   0.0     0   236  34,5  14  17,7    1   31    0    0    0
 18  8  28,1  28,1  28,1   0.0     0   235  28,1   1  28,1    1   24    0    0    0
 18  9
 18 10
 18 11
 18 12
------------------------------------------------------------------------------------
        21,7  13,7  17,8   0.0   839   736  34,5 lug -31,0  apr   89    0    7    1

                                Precipitation (mm)

              Dep.   Max        Days of Rain
              From   Obs.           >=
 YR MO Total  Norm   Day Date  0,2  2,0 20,0
---------------------------------------------
 18  1  57,9   0.0  25,8  16    13    6    1
 18  2  70,2   0.0  19,2   2    14    8    0
 18  3 139,4   0.0  44,6  14    12    9    2
 18  4   0,0   0.0   0,0   0     0    0    0
 18  5   0,0   0.0   0,0   0     0    0    0
 18  6   0,6   0.0   0,3   8     2    0    0
 18  7   0,0   0.0   0,0   0     0    0    0
 18  8   0,0   0.0   0,0   0     0    0    0
 18  9
 18 10
 18 11
 18 12
---------------------------------------------
       268,1   0.0  44,6  mar   41   23    3

                                Wind Speed (km/h)
                          Dom
 YR MO   Avg.  Hi   Date  Dir
------------------------------
 18  1   5,6  56,2   17    NE
 18  2   8,0  52,6    3    NE
 18  3   7,1  72,0   12     E
 18  4   5,9  39,2    8   ENE
 18  5   5,1  43,9    3   ONO
 18  6   5,7  39,2   25     O
 18  7   5,8  54,0   16    SO
 18  8   7,1   6,1   24    SO
 18  9
 18 10
 18 11
 18 12
------------------------------
         6,3  72,0  mar   NNE