Selezionare Mese o Anno per visualizzare Report
2018: Gen Feb Mar Apr Mag Giu Lug Ago Set Ott Nov Dic
2017: Gen Feb Mar Apr Mag Giu Lug Ago Set Ott Nov Dic
2016: Gen Feb Mar Apr Mag Giu Lug Ago Set Ott Nov Dic
2015: Gen Feb Mar Apr Mag Giu Lug Ago Set Ott Nov Dic
2014: Gen Feb Mar Apr Mag Giu Lug Ago Set Ott Nov Dic
2013: Gen Feb Mar Apr Mag Giu Lug Ago Set Ott Nov Dic
2012: Gen Feb Mar Apr Mag Giu Lug Ago Set Ott Nov Dic
2011: Gen Feb Mar Apr Mag Giu Lug Ago Set Ott Nov Dic

Report per 2018 Gennaio
                   Monthly Climatological Summary for gen 2018

Name: MeteoPietrasanta   City: Pietrasanta   State: Italia
Elevation: 14 m  Lat: N 44 36' 37"   Lon: E 010 23' 20"

                  Temperature (C), Rain (mm), Wind Speed (km/h)

                                      Heat  Cool        Avg
    Mean                              Deg   Deg         Wind                 Dom
Day Temp  High   Time   Low    Time   Days  Days  Rain  Speed High   Time    Dir
----------------------------------------------------------------------------------
 8  21,3  21,7   18.47   0,0   00.00   3,2   1,0   0,9   2,2  40,3   18.47    SO
 9  20,4  21,2   00.17  14,0   17.47   0,1   2,2   0,3   0,1   8,6   18.17    SE
10  16,8  20,3   15.17   9,0   20.17   2,4   1,0  15,6   2,2  17,3   17.17   ENE
11  10,1  12,3   13.17   7,9   08.47   8,4   0,0   0,9   3,3  13,3   18.36   NNE
12   9,2  14,1   14.43   5,6   23.59   9,1   0,0   0,0   4,5  17,3   18.44    NE
13   7,9  12,5   12.49   3,8   07.11  10,5   0,0   0,0   4,8  11,2   13.33    NE
14   7,7   7,7   00.00   7,7   00.00  10,6   0,0   0,0   6,3   8,6   00.00    NE
15   8,1  10,5   18.10   7,7   00.00  10,3   0,0   2,7   6,3  18,4   20.04    NE
16  11,8  13,9   23.13   8,9   00.44   6,5   0,0  25,8   7,8  33,1   05.33     O
17  12,4  16,1   12.27   5,1   22.18   5,9   0,0   0,3  13,4  56,2   13.12   ONO
18   8,7  12,7   12.26   2,0   03.22   9,6   0,0   1,8   6,0  27,0   20.09    SE
19  11,7  14,1   12.14   7,9   23.44   6,6   0,0   2,1   7,5  25,6   14.58     E
20   8,8  12,3   12.50   4,5   05.48   9,5   0,0   3,0   4,8  22,0   21.59   ENE
21  10,7  15,2   15.45   7,5   22.27   7,6   0,0   0,6   3,6  14,8   23.00   NNE
22   8,6  11,4   14.16   5,5   07.29   9,7   0,0   0,3   3,2  13,3   19.27    NE
23  10,0  15,4   12.34   6,9   04.35   8,3   0,0   0,0   3,8  13,3   14.15     N
24  10,3  15,6   13.18   5,0   07.13   8,0   0,0   0,0   4,0  17,3   13.36   ENE
25  12,2  13,6   15.08  10,0   08.13   6,1   0,0   0,0   5,8  28,1   21.19     E
26  12,8  14,0   23.22  11,6   02.57   5,5   0,0   0,0  11,7  27,0   09.44     E
27  13,2  16,0   12.44   9,3   23.57   5,1   0,0   0,0   7,0  23,4   01.10     E
28  10,0  14,6   13.29   6,8   04.04   8,3   0,0   0,0   4,6  17,3   14.23   NNO
29  10,8  14,2   15.09   8,1   02.07   7,5   0,0   0,0   4,7  23,4   15.11    NO
30  11,4  12,8   14.18   9,5   03.31   6,9   0,0   0,0   2,4  12,2   23.08   NNO
31  10,8  11,8   10.44  10,1   02.32   7,5   0,0   3,6   3,7  13,3   08.04    NE
----------------------------------------------------------------------------------
    11,5  21,7     8     0,0     8   173,2   4,2  57,9   5,6  56,2    17      NE

Max >=  27,0:  0
Max <=   0,0:  0
Min <=   0,0:  1
Min <= -18,0:  0
Max Rain: 25,8 on day 16
Days of Rain: 13 (>= 0,2 mm)  6 (>= 2,0 mm)  1 (>= 20,0 mm)
Heat Base: 18,3  Cool Base: 18,3  Method: Integration