Selezionare Mese o Anno per visualizzare Report
2018: Gen Feb Mar Apr Mag Giu Lug Ago Set Ott Nov Dic
2017: Gen Feb Mar Apr Mag Giu Lug Ago Set Ott Nov Dic
2016: Gen Feb Mar Apr Mag Giu Lug Ago Set Ott Nov Dic
2015: Gen Feb Mar Apr Mag Giu Lug Ago Set Ott Nov Dic
2014: Gen Feb Mar Apr Mag Giu Lug Ago Set Ott Nov Dic
2013: Gen Feb Mar Apr Mag Giu Lug Ago Set Ott Nov Dic
2012: Gen Feb Mar Apr Mag Giu Lug Ago Set Ott Nov Dic
2011: Gen Feb Mar Apr Mag Giu Lug Ago Set Ott Nov Dic

Report per 2018 Marzo
                   Monthly Climatological Summary for mar 2018

Name: MeteoPietrasanta   City: Pietrasanta   State: Italia
Elevation: 14 m  Lat: N 44 36' 37"   Lon: E 010 23' 20"

                  Temperature (C), Rain (mm), Wind Speed (km/h)

                                      Heat  Cool        Avg
    Mean                              Deg   Deg         Wind                 Dom
Day Temp  High   Time   Low    Time   Days  Days  Rain  Speed High   Time    Dir
----------------------------------------------------------------------------------
 1   2,0   4,0   22.50   0,3   01.57  16,3   0,0  12,3   1,0   8,6   21.12    NO
 2   7,9  13,6   12.56   3,9   00.00  10,4   0,0   5,1   6,7  33,1   09.39     E
 3   9,2  11,1   10.18   5,8   01.51   9,1   0,0  11,4  13,5  33,1   10.44   ENE
 4   9,6  14,5   15.49   4,1   05.04   8,7   0,0   8,1   5,7  27,0   09.15   ENE
 5   9,8  13,4   12.42   7,6   05.25   8,5   0,0   0,3   3,1  12,2   11.13   NNE
 6   9,7  13,2   13.43   7,5   05.44   8,6   0,0  16,2   4,8  20,9   12.01   NNO
 7  10,9  11,5   01.26   7,8   23.50  10,6   0,0   3,6   6,7  25,6   02.08   SSE
 8  10,1  15,1   14.56   4,8   06.46   8,2   0,0   0,3   6,2  29,5   14.10   OSO
 9  11,4  15,4   15.15   7,0   04.15   7,0   0,0   0,0   6,2  22,0   11.15    SE
10  12,2  14,5   23.14   8,4   03.38   6,1   0,0   0,0   8,9  29,5   09.30   ENE
11  13,4  14,8   10.24  12,3   20.52   4,9   0,0  33,6   9,6  31,7   11.04     E
12  13,3  14,9   15.51  11,6   07.24   5,0   0,0   3,6   6,9  72,0   08.34     E
13  13,3  15,8   14.51  11,9   07.08   5,0   0,0   0,3  12,1  31,7   15.41     S
14  13,1  14,1   17.41   9,9   23.40   5,2   0,0  44,6  12,7  25,6   00.00    SO
15  11,4  13,8   21.56   7,4   04.47   6,8   0,0   0,0  11,6  40,3   19.30   ENE
16  13,1  18,8   13.04   9,2   04.20   5,2   0,0   0,0   4,1  19,4   13.16     N
17  11,5  14,1   14.20   9,3   06.37   6,8   0,0   0,0   5,3  36,7   19.07     S
18   9,4  12,4   00.02   7,3   22.21   9,0   0,0   0,0   6,5  33,1   00.03    NE
19   8,3  11,6   17.21   6,1   23.51  10,0   0,0   0,0   3,3  13,3   19.21   ENE
20   9,2  15,2   14.51   3,6   06.21   8,4   0,0   0,0  10,2  45,4   21.30   NNE
21   8,9  13,0   12.18   3,4   23.19   9,4   0,0   0,0   9,8  62,3   07.33   NNE
22   7,5  14,2   16.55   1,7   06.22  10,9   0,0   0,0   6,6  31,7   14.27   SSE
23   8,0  13,8   14.21   1,9   03.21  10,3   0,0   0,0   4,8  18,4   13.21    NO
24   9,6  15,3   14.21   2,7   03.51   8,6   0,0   0,0   5,3  19,4   11.51   NNO
25  10,2  17,0   17.26   3,2   06.58   7,9   0,0   0,0   6,0  29,5   17.35   ONO
26   9,8  15,9   17.57   2,8   06.35   8,5   0,0   0,0   5,9  24,5   15.19     O
27  11,4  17,4   17.06   4,6   06.29   6,9   0,0   0,0   5,3  27,0   14.54   OSO
28  13,2  17,3   16.23   9,6   07.11   5,1   0,0   0,0   4,1  15,8   14.42   NNE
29  14,2  16,2   17.24  12,6   07.13   4,1   0,0   0,0   6,3  31,7   16.44     E
30  15,5  20,4   12.16  12,8   04.24   2,9   0,0   0,0   7,6  39,2   13.57   ESE
31  12,3  16,5   17.36   7,7   21.51   6,0   0,0   0,0   7,8  41,8   20.48   ESE
----------------------------------------------------------------------------------
    10,6  20,4    30     0,3     1   240,4   0,0 139,4   7,1  72,0    12       E

Max >=  27,0:  0
Max <=   0,0:  0
Min <=   0,0:  0
Min <= -18,0:  0
Max Rain: 44,6 on day 14
Days of Rain: 12 (>= 0,2 mm)  9 (>= 2,0 mm)  2 (>= 20,0 mm)
Heat Base: 18,3  Cool Base: 18,3  Method: Integration