Selezionare Mese o Anno per visualizzare Report
2018: Gen Feb Mar Apr Mag Giu Lug Ago Set Ott Nov Dic
2017: Gen Feb Mar Apr Mag Giu Lug Ago Set Ott Nov Dic
2016: Gen Feb Mar Apr Mag Giu Lug Ago Set Ott Nov Dic
2015: Gen Feb Mar Apr Mag Giu Lug Ago Set Ott Nov Dic
2014: Gen Feb Mar Apr Mag Giu Lug Ago Set Ott Nov Dic
2013: Gen Feb Mar Apr Mag Giu Lug Ago Set Ott Nov Dic
2012: Gen Feb Mar Apr Mag Giu Lug Ago Set Ott Nov Dic
2011: Gen Feb Mar Apr Mag Giu Lug Ago Set Ott Nov Dic

Report per 2018 Aprile
                   Monthly Climatological Summary for apr 2018

Name: MeteoPietrasanta   City: Pietrasanta   State: Italia
Elevation: 14 m  Lat: N 44 36' 37"   Lon: E 010 23' 20"

                  Temperature (C), Rain (mm), Wind Speed (km/h)

                                      Heat  Cool        Avg
    Mean                              Deg   Deg         Wind                 Dom
Day Temp  High   Time   Low    Time   Days  Days  Rain  Speed High   Time    Dir
----------------------------------------------------------------------------------
 1  12,5  17,3   14.45   8,4   07.31   5,8   0,0   0,0   6,8  33,1   15.19     O
 2  14,1  19,0   15.01  10,3   00.09   4,2   0,0   0,0   5,7  23,4   15.12   SSO
 3  14,3  18,6   14.37  11,0   01.52   4,0   0,0   0,0   8,7  35,6   14.53   ENE
 4  13,8  15,6   18.20  11,4   02.44   4,5   0,0   0,0  11,0  33,1   00.44   ENE
 5  14,9  18,8   16.58  11,0   23.59   3,4   0,0   0,0   6,7  27,0   00.08   ESE
 6  14,5  20,9   18.19   8,7   06.18   4,1   0,3   0,0   5,0  20,9   12.41   OSO
 7  16,1  23,5   15.45  10,3   03.10   3,4   1,3   0,0   4,8  23,4   14.14   ONO
 8  16,5  24,4   14.33   9,2   05.58   3,1   1,3   0,0   6,5  39,2   12.23   ENE
 9  13,7  17,4   00.04  12,1   21.16   4,6   0,0   0,0   3,3  22,0   08.36    NE
10  13,1  17,1   18.56   9,2   23.59   5,2   0,0   0,0   6,7  36,7   13.48    NE
11  13,2  17,1   22.37   8,8   00.29   5,1   0,0   0,0   5,0  36,7   20.15    NE
12  15,7  20,4   15.02  11,7   23.22   2,8   0,1   0,0   9,0  29,5   00.23     E
13  14,2  20,1   17.22   8,6   06.22   4,3   0,3   0,0   5,7  15,8   14.22   ONO
14  15,3  25,8   15.22   9,2   06.52   3,2   3,2   0,0   3,3  14,8   14.22   NNO
15  17,5  22,2   18.22  14,1   06.22   1,6   0,8   0,0   4,1  18,4   22.52   ENE
16  17,5  21,9   14.22  13,0   06.52   1,8   1,0   0,0   4,9  18,4   00.22   OSO
17  17,2  25,0   17.12  12,4   04.05   2,3   1,2   0,0   4,5  20,9   14.56     O
18  19,4  26,5   12.47  12,5   05.54   1,7   2,8   0,0   5,2  20,9   16.08    NO
19  20,0  26,7   16.10  12,7   04.33   1,4   3,1   0,0   5,9  22,0   15.10    NO
20  21,5  29,4   18.02  13,3   07.06   1,0   4,2   0,0   5,7  23,4   15.56    NO
21  21,1  28,2   14.12  13,8   06.11   1,1   3,8   0,0   5,1  24,5   15.47     O
22  18,9  26,1   16.44  13,2   05.18   1,6   2,2   0,0   5,5  19,4   11.38    SO
23  17,7  23,9   14.44 -31,0   21.21   1,9   1,3   0,0   5,5  22,0   15.35    SE
24  19,9  26,8   16.09  14,2   00.22   1,5   3,1   0,0   4,8  15,8   13.42    NO
25  18,4  23,9   09.45  13,5   04.21   1,7   1,8   0,0   5,7  19,4   11.19   SSE
26  19,0  24,1   18.37  13,8   06.56   1,3   2,0   0,0   4,9  20,9   15.48     S
27  19,8  27,4   16.33  12,8   06.05   1,6   3,1   0,0   5,5  20,9   13.32     O
28  20,3  27,1   15.37  13,9   06.29   1,1   3,1   0,0   5,7  19,4   14.12     O
29  20,5  28,4   13.55  14,3   06.03   0,9   3,1   0,0   5,1  33,1   23.58   ESE
30  17,4  20,9   15.46  14,9   03.47   1,3   0,3   0,0   7,8  33,1   13.50   OSO
----------------------------------------------------------------------------------
    16,9  29,4    20   -31,0    23    81,5  43,4   0,0   5,9  39,2     8     ONO

Max >=  27,0:  5
Max <=   0,0:  0
Min <=   0,0:  1
Min <= -18,0:  1
Max Rain: 0,0 on day 0
Days of Rain: 0 (>= 0,2 mm)  0 (>= 2,0 mm)  0 (>= 20,0 mm)
Heat Base: 18,3  Cool Base: 18,3  Method: Integration