Selezionare Mese o Anno per visualizzare Report
2018: Gen Feb Mar Apr Mag Giu Lug Ago Set Ott Nov Dic
2017: Gen Feb Mar Apr Mag Giu Lug Ago Set Ott Nov Dic
2016: Gen Feb Mar Apr Mag Giu Lug Ago Set Ott Nov Dic
2015: Gen Feb Mar Apr Mag Giu Lug Ago Set Ott Nov Dic
2014: Gen Feb Mar Apr Mag Giu Lug Ago Set Ott Nov Dic
2013: Gen Feb Mar Apr Mag Giu Lug Ago Set Ott Nov Dic
2012: Gen Feb Mar Apr Mag Giu Lug Ago Set Ott Nov Dic
2011: Gen Feb Mar Apr Mag Giu Lug Ago Set Ott Nov Dic

Report per 2018 Maggio
                   Monthly Climatological Summary for mag 2018

Name: MeteoPietrasanta   City: Pietrasanta   State: Italia
Elevation: 14 m  Lat: N 44 36' 37"   Lon: E 010 23' 20"

                  Temperature (C), Rain (mm), Wind Speed (km/h)

                                      Heat  Cool        Avg
    Mean                              Deg   Deg         Wind                 Dom
Day Temp  High   Time   Low    Time   Days  Days  Rain  Speed High   Time    Dir
----------------------------------------------------------------------------------
 1  15,1  17,7   10.17  13,0   23.50   3,2   0,0   0,0   4,1  22,0   12.09   ENE
 2  14,8  18,1   14.34  12,9   00.09   3,5   0,0   0,0   2,4  15,8   22.51     N
 3  18,2  24,7   15.31  12,6   05.36   1,8   1,7   0,0   6,0  43,9   11.36    NE
 4  20,4  25,4   12.54  14,3   05.54   0,7   2,7   0,0   5,3  28,1   17.24     N
 5  19,7  24,5   16.54  14,3   05.24   0,8   2,2   0,0   5,6  20,9   17.54   ONO
 6  18,6  22,1   17.54  15,8   23.24   0,9   1,2   0,0   4,3  13,3   13.54    SO
 7  19,9  25,5   16.24  15,4   01.24   0,8   2,4   0,0   4,6  15,8   14.24   OSO
 8  19,5  23,9   10.54  16,0   02.24   0,6   1,8   0,0   3,8  12,2   13.24   SSO
 9  19,6  23,9   15.24  16,6   05.24   0,4   1,7   0,0   3,9  17,3   15.24    SO
10  19,4  24,4   15.54  15,9   23.54   0,6   1,8   0,0   5,0  18,4   15.24    SO
11  19,5  23,6   11.54  15,8   01.54   0,6   1,8   0,0   6,3  22,0   17.54   OSO
12  18,7  22,2   16.24  15,5   03.24   0,8   1,2   0,0   5,0  15,8   17.24   OSO
13  18,0  23,1   09.54  13,5   23.56   1,6   1,3   0,0   5,4  24,5   23.27   SSE
14  14,0  18,3   15.28  10,5   05.48   4,3   0,0   0,0   6,0  28,1   00.11     O
15  14,2  18,9   12.14  10,0   04.04   4,1   0,0   0,0   4,5  22,0   14.11   OSO
16  15,8  21,9   16.20  10,8   03.24   3,0   0,5   0,0   5,1  19,4   11.37   ESE
17  17,1  23,4   15.54  11,1   05.42   2,4   1,2   0,0   6,5  25,6   15.01   SSE
18  18,5  25,7   17.18  13,0   07.00   2,0   2,2   0,0   6,1  27,0   16.52   ONO
19  20,7  27,6   19.19  14,7   05.04   1,0   3,5   0,0   5,6  24,5   15.48     O
20  21,7  28,2   17.41  14,5   05.33   0,8   4,1   0,0   6,6  34,2   18.31   ONO
21  19,9  30,0   13.30  15,5   04.53   1,1   2,7   0,0   5,3  37,8   15.58   NNE
22  18,2  22,5   15.03  15,6   04.16   1,2   1,1   0,0   4,3  24,5   16.34   ENE
23  19,6  24,9   15.54  14,3   05.44   0,9   2,3   0,0   5,7  24,5   11.06   OSO
24  19,8  23,4   17.30  17,5   00.00   0,0   1,6   0,0   4,2  19,4   16.39    SO
25  21,0  26,1   16.53  17,1   05.23   0,2   2,9   0,0   4,9  18,4   12.23   OSO
26  23,6  30,4   17.23  16,6   05.53   0,3   5,6   0,0   5,2  17,3   12.53   OSO
27  24,5  31,6   17.28  18,9   05.23   0,0   6,1   0,0   5,0  19,4   13.33    SE
28  23,6  28,5   10.48  19,8   06.04   0,0   5,3   0,0   4,6  30,6   04.21   OSO
29  23,4  28,5   16.38  17,5   05.14   0,0   5,2   0,0   5,0  19,4   14.13   OSO
30  23,3  30,7   11.02  18,6   05.42   0,0   5,0   0,0   4,4  30,6   17.15    NE
31  21,9  26,2   13.25  18,5   23.52   0,0   3,6   0,0   6,1  28,1   15.45   OSO
----------------------------------------------------------------------------------
    19,4  31,6    27    10,0    15    37,6  72,7   0,0   5,1  43,9     3     OSO

Max >=  27,0:  8
Max <=   0,0:  0
Min <=   0,0:  0
Min <= -18,0:  0
Max Rain: 0,0 on day 0
Days of Rain: 0 (>= 0,2 mm)  0 (>= 2,0 mm)  0 (>= 20,0 mm)
Heat Base: 18,3  Cool Base: 18,3  Method: Integration