Selezionare Mese o Anno per visualizzare Report
2018: Gen Feb Mar Apr Mag Giu Lug Ago Set Ott Nov Dic
2017: Gen Feb Mar Apr Mag Giu Lug Ago Set Ott Nov Dic
2016: Gen Feb Mar Apr Mag Giu Lug Ago Set Ott Nov Dic
2015: Gen Feb Mar Apr Mag Giu Lug Ago Set Ott Nov Dic
2014: Gen Feb Mar Apr Mag Giu Lug Ago Set Ott Nov Dic
2013: Gen Feb Mar Apr Mag Giu Lug Ago Set Ott Nov Dic
2012: Gen Feb Mar Apr Mag Giu Lug Ago Set Ott Nov Dic
2011: Gen Feb Mar Apr Mag Giu Lug Ago Set Ott Nov Dic

Report per 2018 Febbraio
                   Monthly Climatological Summary for feb 2018

Name: MeteoPietrasanta   City: Pietrasanta   State: Italia
Elevation: 14 m  Lat: N 44 36' 37"   Lon: E 010 23' 20"

                  Temperature (C), Rain (mm), Wind Speed (km/h)

                                      Heat  Cool        Avg
    Mean                              Deg   Deg         Wind                 Dom
Day Temp  High   Time   Low    Time   Days  Days  Rain  Speed High   Time    Dir
----------------------------------------------------------------------------------
 1  11,5  13,1   12.04  10,0   18.01   6,8   0,0   9,6   8,4  31,7   04.24     S
 2   9,4  10,9   12.07   7,5   23.21   8,9   0,0  19,2   2,3  22,0   01.22     E
 3   7,4   9,3   02.59   7,3   04.29  10,9   0,0   4,8  20,9  52,6   03.11    NE
 4   7,3   7,3   00.00   7,3   00.00  11,0   0,0   0,0  23,4  29,5   00.00    NE
 5   7,3   7,3   00.00   7,3   00.00  11,0   0,0   0,0  23,4  29,5   00.00    NE
 6   7,3   7,3   00.00   7,3   00.00   7,6   0,0   0,0  23,4  29,5   00.00    NE
 7   7,2  10,4   17.24   0,0   00.00   6,3   0,0   0,0   3,3   9,7   19.57    NE
 8   8,5  11,5   13.57   6,1   00.00   9,8   0,0   5,1   5,3  23,4   03.47    NE
 9   8,4  12,4   13.53   5,6   23.10   9,9   0,0   0,0   5,7  24,5   05.31     E
10   7,0  12,7   14.46   2,2   07.42  11,7   0,0   0,0   4,2  13,3   13.04    NE
11   6,5  11,2   14.15   1,4   05.39  11,8   0,0   0,0   4,3  15,8   11.45   NNE
12   7,4  10,1   14.02   3,3   23.22  11,2   0,0   9,0   7,6  34,2   06.30   ENE
13   6,1  10,5   15.03   2,1   04.41  12,2   0,0   0,0   6,9  29,5   16.23    NE
14   6,9  10,6   14.10   3,4   23.53  11,4   0,0   0,3   6,3  25,6   12.53    NO
15   5,8   9,5   11.44   1,6   05.47  12,5   0,0   0,0   3,5  12,2   13.15     N
16   8,9  11,7   13.01   7,0   01.22   9,4   0,0   0,3   2,0  12,2   13.43    SE
17  10,0  11,0   19.54   9,1   05.52   8,3   0,0  11,7   6,7  22,0   10.29   ENE
18  10,5  13,9   11.01   7,0   23.09   7,8   0,0   4,8   4,0  20,9   11.25     N
19   8,0  11,6   14.54   3,6   23.36  10,3   0,0   0,3   5,2  20,9   15.09    SE
20   6,3  10,8   14.51   1,6   06.12  12,0   0,0   0,0   5,1  27,0   19.00   NNE
21   7,8  11,1   14.52   5,1   07.23  10,5   0,0   0,0   5,3  31,7   12.21     E
----------------------------------------------------------------------------------
     7,9  13,9    18     0,0     7   211,3   0,0  65,1   8,4  52,6     3      NE

Max >=  27,0:  0
Max <=   0,0:  0
Min <=   0,0:  1
Min <= -18,0:  0
Max Rain: 19,2 on day 2
Days of Rain: 10 (>= 0,2 mm)  7 (>= 2,0 mm)  0 (>= 20,0 mm)
Heat Base: 18,3  Cool Base: 18,3  Method: Integration